{"id":32250,"date":"2025-12-09T12:02:05","date_gmt":"2025-12-09T11:02:05","guid":{"rendered":"https:\/\/www.kaspar-spirituosen.de\/shop\/?post_type=product&#038;p=32250"},"modified":"2026-05-04T16:20:59","modified_gmt":"2026-05-04T14:20:59","slug":"whisky-schiff-14-11-2026","status":"publish","type":"product","link":"https:\/\/www.kaspar-spirituosen.de\/shop\/produkt\/whisky-schiff-14-11-2026\/","title":{"rendered":"Whisky-Schiff, 14.11.2026 &#8222;The Night Boat&#8220;"},"content":{"rendered":"<p>Das <strong>Whiskyschiff &#8222;<a href=\"https:\/\/www.muelheim-tourismus.de\/ruhr-aktiv\/weisse-flotte\/charterfahrten\/\" data-link-type=\"external\" data-type=\"linkpicker\">MS Heinrich Th\u00f6ne<\/a>&#8220; <\/strong>hei\u00dft Sie herzlich willkommen und w\u00fcnscht Ihnen viel Vergn\u00fcgen bei unserer Tour auf der Ruhr. W\u00e4hrend unserer Fahrt dorthin und wieder zur\u00fcck werden Sie tolle Whiskies probieren und ein paar unbeschwerte Stunden verleben.<\/p>\n<p>************<\/p>\n<p>Wann : Sa., 14.11.2026 von 16-20 Uhr !<\/p>\n<p>Falls Ihnen der eine oder andere Whisk(e)y besonders gut gefallen hat, k\u00f6nnen Sie noch w\u00e4hrend der Fahrt einige der zuvor verkosteten Tr\u00f6pfchen zu Sonderpreisen kaufen. Dieses Angebot ist nur am Tag des T\u00f6rns g\u00fcltig!<\/p>\n<p>**************<\/p>\n<p>In der Bordkarte von 69,00 \u20ac\u00a0p.P. enthalten sind:<\/p>\n<p>&#8211; alle 12 Whisk(e)ys &#8211; Sorten folgen !<\/p>\n<p>&#8211; Live-Musik mit <a href=\"https:\/\/www.michaelvoelkel.de\/\" data-link-type=\"external\" data-type=\"linkpicker\">Michael V\u00f6lkel<\/a> !<\/p>\n<p>&#8211; Portion Gulasch auf dem Schiff !<\/p>\n<p>&#8211; der optionale Bustransfer ab Essen Hbf zum Wasserbahnhof M\u00fclheim und zur\u00fcck.<\/p>\n<p><strong>Achtung<\/strong>:<br \/>\nDie Busse\u00a0(JABO-REISEN)\u00a0fahren um 15:15 Uhr (ab Essen-HBF) zum Anleger, bitte kommen Sie rechtzeitig zu der Haltestelle ! Die Haltestelle ist am Essen HBF, am Reisebusbahnhof zwischen Hauptbahnhof und A40 an der Freiheit. Dies ist NICHT der Busbahnhof f\u00fcr die Linienbusse !<\/p>\n<p>Das Whiskyschiff f\u00e4hrt um 16 Uhr los und legt wieder um 20 Uhr an ! Der Bus wird unmittelbar danach wieder zur\u00fcckfahren &#8211; 20:15 Uhr !<\/p>\n<p><strong>WICHTIG <\/strong>: Bitte geben Sie bei der Buchung an, ob Sie den Bus-Shuttle nutzen wollen oder nicht !!!<\/p>\n<ul>\n<li>Sollten Sie selbst anreisen wollen, finden Sie hier den <a href=\"https:\/\/www.mein-muelheim.de\/poi\/anleger-wasserbahnhof\" data-link-type=\"external\" data-type=\"linkpicker\">Schiffsanleger<\/a> !<\/li>\n<\/ul>\n<p>Auf dem Schiff &#8222;MS Heinrich Th\u00f6ne&#8220; bietet die Crew gegen Entgelt alkoholfreie Getr\u00e4nke und Bier an.<\/p>\n<p>Wichtige Hinweise:<br \/>\nBitte geben Sie au\u00dferdem im Kommentarfeld unterhalb des Warenkorbes an, ob Sie den Bustransfer nutzen m\u00f6chten und wenn ja, ob Sie diesen ab HBf Essen oder dem Bahnhof Wattenscheid nutzen m\u00f6chten.<br \/>\nWenn Sie im Bestellprozess als Versandmethode &#8222;Briefpost&#8220; ausw\u00e4hlen, senden wir Ihnen die Eintrittskarten\u00a0per Post zu.<\/p>\n","protected":false},"excerpt":{"rendered":"<p>Hallo Matrosen ! Am 14.November\u00a02026 hei\u00dft wieder es &#8222;Leinen los&#8220;, denn wir laden ein zum fr\u00f6hlichen Ankerlichten !<\/p>\n<p>&nbsp;<\/p>\n","protected":false},"featured_media":31871,"comment_status":"closed","ping_status":"closed","template":"","meta":{"_acf_changed":false},"product_brand":[],"product_cat":[1595,1596],"product_tag":[943],"class_list":{"0":"post-32250","1":"product","2":"type-product","3":"status-publish","4":"has-post-thumbnail","6":"product_cat-veranstaltungen-dies-das","7":"product_cat-veranstaltungen","8":"product_tag-whiskytasting-whisky-probe-verkostung-seminar-rolf-kaspar-gmbh-spirituosen-essen-nrw-whiskyschiff-whiskytour-ruhr-tour-hafen-voelkel-michael","10":"first","11":"instock","12":"taxable","13":"shipping-taxable","14":"purchasable","15":"product-type-simple"},"acf":[],"_links":{"self":[{"href":"https:\/\/www.kaspar-spirituosen.de\/shop\/wp-json\/wp\/v2\/product\/32250","targetHints":{"allow":["GET"]}}],"collection":[{"href":"https:\/\/www.kaspar-spirituosen.de\/shop\/wp-json\/wp\/v2\/product"}],"about":[{"href":"https:\/\/www.kaspar-spirituosen.de\/shop\/wp-json\/wp\/v2\/types\/product"}],"replies":[{"embeddable":true,"href":"https:\/\/www.kaspar-spirituosen.de\/shop\/wp-json\/wp\/v2\/comments?post=32250"}],"wp:featuredmedia":[{"embeddable":true,"href":"https:\/\/www.kaspar-spirituosen.de\/shop\/wp-json\/wp\/v2\/media\/31871"}],"wp:attachment":[{"href":"https:\/\/www.kaspar-spirituosen.de\/shop\/wp-json\/wp\/v2\/media?parent=32250"}],"wp:term":[{"taxonomy":"product_brand","embeddable":true,"href":"https:\/\/www.kaspar-spirituosen.de\/shop\/wp-json\/wp\/v2\/product_brand?post=32250"},{"taxonomy":"product_cat","embeddable":true,"href":"https:\/\/www.kaspar-spirituosen.de\/shop\/wp-json\/wp\/v2\/product_cat?post=32250"},{"taxonomy":"product_tag","embeddable":true,"href":"https:\/\/www.kaspar-spirituosen.de\/shop\/wp-json\/wp\/v2\/product_tag?post=32250"}],"curies":[{"name":"wp","href":"https:\/\/api.w.org\/{rel}","templated":true}]}}