{"id":6190,"date":"2025-05-05T16:43:54","date_gmt":"2025-05-05T14:43:54","guid":{"rendered":"https:\/\/www.kaspar-spirituosen.de\/shop\/produkt\/boonekamp-schmittmann-07-lt\/"},"modified":"2026-04-30T11:06:14","modified_gmt":"2026-04-30T09:06:14","slug":"boonekamp-schmittmann-07-lt","status":"publish","type":"product","link":"https:\/\/www.kaspar-spirituosen.de\/shop\/produkt\/boonekamp-schmittmann-07-lt\/","title":{"rendered":"Boonekamp Schmittmann 0,7 lt."},"content":{"rendered":"","protected":false},"excerpt":{"rendered":"<p>Schmittmann Boonekamp 48 % vol. ist ein Bitter, der aus \u00fcber 40 Kr\u00e4utern seit Generationen in stets gleichbleibender G\u00fcte zubereitet wird.<\/p>\n<p><u><strong>100% Samtkragen-geeignet!!!<\/strong><\/u><\/p>\n<p><span style=\"color: #cc0000\"><span style=\"font-size: 10px\"><strong>mit Farbstoff<\/strong><\/span><\/span><\/p>\n<p>Schmittmann GmbH<br \/>\nNiederkasseler Str. 106, 40547 D\u00fcsseldorf<br \/>\nTelefon:0211 555565<\/p>\n","protected":false},"featured_media":8143,"comment_status":"closed","ping_status":"closed","template":"","meta":{"_acf_changed":false},"product_brand":[],"product_cat":[1563,1571],"product_tag":[290],"class_list":{"0":"post-6190","1":"product","2":"type-product","3":"status-publish","4":"has-post-thumbnail","6":"product_cat-gin-rum-weitere-spirituosen-likoere","7":"product_cat-kraeuterlikoere","8":"product_tag-boonekamp-schmittmann-samtkragen-kraeuterlikoer-likoer-bitter-digestif-rolf-kaspar-essen-nrw-fachhandel","10":"first","11":"instock","12":"taxable","13":"shipping-taxable","14":"purchasable","15":"product-type-simple"},"acf":[],"_links":{"self":[{"href":"https:\/\/www.kaspar-spirituosen.de\/shop\/wp-json\/wp\/v2\/product\/6190","targetHints":{"allow":["GET"]}}],"collection":[{"href":"https:\/\/www.kaspar-spirituosen.de\/shop\/wp-json\/wp\/v2\/product"}],"about":[{"href":"https:\/\/www.kaspar-spirituosen.de\/shop\/wp-json\/wp\/v2\/types\/product"}],"replies":[{"embeddable":true,"href":"https:\/\/www.kaspar-spirituosen.de\/shop\/wp-json\/wp\/v2\/comments?post=6190"}],"wp:featuredmedia":[{"embeddable":true,"href":"https:\/\/www.kaspar-spirituosen.de\/shop\/wp-json\/wp\/v2\/media\/8143"}],"wp:attachment":[{"href":"https:\/\/www.kaspar-spirituosen.de\/shop\/wp-json\/wp\/v2\/media?parent=6190"}],"wp:term":[{"taxonomy":"product_brand","embeddable":true,"href":"https:\/\/www.kaspar-spirituosen.de\/shop\/wp-json\/wp\/v2\/product_brand?post=6190"},{"taxonomy":"product_cat","embeddable":true,"href":"https:\/\/www.kaspar-spirituosen.de\/shop\/wp-json\/wp\/v2\/product_cat?post=6190"},{"taxonomy":"product_tag","embeddable":true,"href":"https:\/\/www.kaspar-spirituosen.de\/shop\/wp-json\/wp\/v2\/product_tag?post=6190"}],"curies":[{"name":"wp","href":"https:\/\/api.w.org\/{rel}","templated":true}]}}