{"id":6205,"date":"2025-05-05T16:44:06","date_gmt":"2025-05-05T14:44:06","guid":{"rendered":"https:\/\/www.kaspar-spirituosen.de\/shop\/produkt\/chartreuse-verte-gruen-07-lt\/"},"modified":"2026-05-06T11:53:32","modified_gmt":"2026-05-06T09:53:32","slug":"chartreuse-verte-gruen-07-lt","status":"publish","type":"product","link":"https:\/\/www.kaspar-spirituosen.de\/shop\/produkt\/chartreuse-verte-gruen-07-lt\/","title":{"rendered":"Chartreuse Verte Gr\u00fcn 0,7 lt."},"content":{"rendered":"","protected":false},"excerpt":{"rendered":"<p>Der Chartreuse Verte (Gr\u00fcn) ist der weltweit einzige Lik\u00f6r, dessen intensive gr\u00fcne Farbe ohne Farbstoff, nur durch die nat\u00fcrlichen Ingredienzien entsteht. Er ist ein kraftvoller, intensiv-m\u00e4chtiger Kr\u00e4uterlik\u00f6r, und man sagt von ihm, das nur zwei M\u00f6nche des Chartreuse-Klosters die 130 Pflanzen &amp; Kr\u00e4uter sowie die Verfahren kennen, die zu seiner Erzeugung verwendet werden.<\/p>\n<p>Alkoholgehalt: 55% vol.<\/p>\n<p>Importeur<br \/>\nVeritable Negociant GmbH &amp; Co. KG<br \/>\nHauptstr. 7<br \/>\n65347 Eltville<\/p>\n","protected":false},"featured_media":31832,"comment_status":"closed","ping_status":"closed","template":"","meta":{"_acf_changed":false},"product_brand":[],"product_cat":[1563,1571],"product_tag":[302],"class_list":{"0":"post-6205","1":"product","2":"type-product","3":"status-publish","4":"has-post-thumbnail","6":"product_cat-gin-rum-weitere-spirituosen-likoere","7":"product_cat-kraeuterlikoere","8":"product_tag-frankreich-kloster-abtei-chartreuse-moench-kraeuterlikoer-likoer-bitter-digestif-rolf-kaspar-essen-franzoesisch-verte","10":"first","11":"outofstock","12":"taxable","13":"shipping-taxable","14":"purchasable","15":"product-type-simple"},"acf":[],"_links":{"self":[{"href":"https:\/\/www.kaspar-spirituosen.de\/shop\/wp-json\/wp\/v2\/product\/6205","targetHints":{"allow":["GET"]}}],"collection":[{"href":"https:\/\/www.kaspar-spirituosen.de\/shop\/wp-json\/wp\/v2\/product"}],"about":[{"href":"https:\/\/www.kaspar-spirituosen.de\/shop\/wp-json\/wp\/v2\/types\/product"}],"replies":[{"embeddable":true,"href":"https:\/\/www.kaspar-spirituosen.de\/shop\/wp-json\/wp\/v2\/comments?post=6205"}],"wp:featuredmedia":[{"embeddable":true,"href":"https:\/\/www.kaspar-spirituosen.de\/shop\/wp-json\/wp\/v2\/media\/31832"}],"wp:attachment":[{"href":"https:\/\/www.kaspar-spirituosen.de\/shop\/wp-json\/wp\/v2\/media?parent=6205"}],"wp:term":[{"taxonomy":"product_brand","embeddable":true,"href":"https:\/\/www.kaspar-spirituosen.de\/shop\/wp-json\/wp\/v2\/product_brand?post=6205"},{"taxonomy":"product_cat","embeddable":true,"href":"https:\/\/www.kaspar-spirituosen.de\/shop\/wp-json\/wp\/v2\/product_cat?post=6205"},{"taxonomy":"product_tag","embeddable":true,"href":"https:\/\/www.kaspar-spirituosen.de\/shop\/wp-json\/wp\/v2\/product_tag?post=6205"}],"curies":[{"name":"wp","href":"https:\/\/api.w.org\/{rel}","templated":true}]}}