{"id":6284,"date":"2025-05-05T16:44:31","date_gmt":"2025-05-05T14:44:31","guid":{"rendered":"https:\/\/www.kaspar-spirituosen.de\/shop\/produkt\/prinz-alte-williams-christ-birne-im-holzfass-gereift-10-lt\/"},"modified":"2025-10-24T16:25:14","modified_gmt":"2025-10-24T14:25:14","slug":"prinz-alte-williams-christ-birne-im-holzfass-gereift-10-lt","status":"publish","type":"product","link":"https:\/\/www.kaspar-spirituosen.de\/shop\/produkt\/prinz-alte-williams-christ-birne-im-holzfass-gereift-10-lt\/","title":{"rendered":"Prinz &#8222;Alte Williams-Christ-Birne&#8220; im Holzfass gereift  1,0 lt."},"content":{"rendered":"<p>Prinz, &#8222;Alte Williams-Christ-Birne&#8220;, 1,0 L, 41 % im Holzfass gereift. Es werden unterschiedliche Holzsorten verwendet, wie zum Beispiel Eiche, Maulbeere, Kirsche oder Akazie. Das Produkt wurde im Vakuum-Brennverfahren destilliert, 24 &#8211; 36 Monate im Steingut, und anschlie\u00dfend 6 &#8211; 24 Monate im Prinz-Holfass gelagert. Eine Verfeinerung erfolgte durch nat\u00fcrliche Fruchtausz\u00fcge<\/p>\n<p>Alkoholgehalt: 41% vol.<\/p>\n<p>Fein-Brennerei Thomas Prinz GmbH<br \/>\nZiegelbachstr. 7<br \/>\n6912 H\u00f6rbranz<br \/>\nVoralberg\/\u00d6sterreich<br \/>\nTel.: 00435573\/82203<br \/>\nFax : 00435573\/82203-29<br \/>\nschnaps@prinz.cc<\/p>\n","protected":false},"excerpt":{"rendered":"<p>Prinz, &#8222;Alte Williams-Christ-Birne&#8220;, 1,0 L, 41 % im Holzfass gereift. Es werden unterschiedliche Holzsorten verwendet, wie zum Beispiel Eiche, Maulbeere, Kirsche oder Akazie. Das Produkt wurde im Vakuum-Brennverfahren destilliert, 24 &#8211; 36 Monate im Steingut, und anschlie\u00dfend 6 &#8211; 24 Monate im Prinz-Holfass gelagert. Eine Verfeinerung erfolgte durch nat\u00fcrliche Fruchtausz\u00fcge<\/p>\n<p>Alkoholgehalt: 41% vol.<\/p>\n<p>Fein-Brennerei Thomas Prinz GmbH<br \/>\nZiegelbachstr. 7<br \/>\n6912 H\u00f6rbranz<br \/>\nVoralberg\/\u00d6sterreich<br \/>\nTel.: 00435573\/82203<br \/>\nFax : 00435573\/82203-29<br \/>\nschnaps@prinz.cc<\/p>\n","protected":false},"featured_media":30922,"comment_status":"closed","ping_status":"closed","template":"","meta":{"_acf_changed":false},"product_brand":[],"product_cat":[1574,1579],"product_tag":[364],"class_list":{"0":"post-6284","1":"product","2":"type-product","3":"status-publish","4":"has-post-thumbnail","6":"product_cat-obstbraende","7":"product_cat-internationale-brennereien","8":"product_tag-williams-christ-birne-alte-prinz-hoerbranz-thomas-prinz-fein-brennerei-schnaps-destille-destillerie-geist-wasser-brenner-destillat-brand-obstbrand-obstler-bodensee-holzfass-essen","10":"first","11":"instock","12":"taxable","13":"shipping-taxable","14":"purchasable","15":"product-type-simple"},"acf":[],"_links":{"self":[{"href":"https:\/\/www.kaspar-spirituosen.de\/shop\/wp-json\/wp\/v2\/product\/6284","targetHints":{"allow":["GET"]}}],"collection":[{"href":"https:\/\/www.kaspar-spirituosen.de\/shop\/wp-json\/wp\/v2\/product"}],"about":[{"href":"https:\/\/www.kaspar-spirituosen.de\/shop\/wp-json\/wp\/v2\/types\/product"}],"replies":[{"embeddable":true,"href":"https:\/\/www.kaspar-spirituosen.de\/shop\/wp-json\/wp\/v2\/comments?post=6284"}],"wp:featuredmedia":[{"embeddable":true,"href":"https:\/\/www.kaspar-spirituosen.de\/shop\/wp-json\/wp\/v2\/media\/30922"}],"wp:attachment":[{"href":"https:\/\/www.kaspar-spirituosen.de\/shop\/wp-json\/wp\/v2\/media?parent=6284"}],"wp:term":[{"taxonomy":"product_brand","embeddable":true,"href":"https:\/\/www.kaspar-spirituosen.de\/shop\/wp-json\/wp\/v2\/product_brand?post=6284"},{"taxonomy":"product_cat","embeddable":true,"href":"https:\/\/www.kaspar-spirituosen.de\/shop\/wp-json\/wp\/v2\/product_cat?post=6284"},{"taxonomy":"product_tag","embeddable":true,"href":"https:\/\/www.kaspar-spirituosen.de\/shop\/wp-json\/wp\/v2\/product_tag?post=6284"}],"curies":[{"name":"wp","href":"https:\/\/api.w.org\/{rel}","templated":true}]}}