{"id":6326,"date":"2025-05-05T16:44:43","date_gmt":"2025-05-05T14:44:43","guid":{"rendered":"https:\/\/www.kaspar-spirituosen.de\/shop\/produkt\/dirker-mandel-02-lt\/"},"modified":"2025-10-24T16:24:31","modified_gmt":"2025-10-24T14:24:31","slug":"dirker-mandel-02-lt","status":"publish","type":"product","link":"https:\/\/www.kaspar-spirituosen.de\/shop\/produkt\/dirker-mandel-02-lt\/","title":{"rendered":"Dirker Mandel 0,2 lt."},"content":{"rendered":"<p>F\u00fcr alle die es verf\u00fchrerisch m\u00f6gen&#8230; die Quintessenz einer Mandel. Unheimlich duftig, schmackhaft und au\u00dfergew\u00f6hnlich. Er ist auch besonders vielseitig einsetzbar. Zum Dessert, zum Teegeb\u00e4ck oder f\u00fcr die Zubereitung von Desserts. Immer eine Versuchung wert&#8230;.!<\/p>\n<p>Alkoholgehalt 40% vol.<\/p>\n<p>Spirituose<\/p>\n<p>Edelbrennerei Dirker<br \/>\nAlzenauer Str. 108<br \/>\n63776 M\u00f6mbris-Niedersteinbach<\/p>\n","protected":false},"excerpt":{"rendered":"<p>F\u00fcr alle die es verf\u00fchrerisch m\u00f6gen&#8230; die Quintessenz einer Mandel. Unheimlich duftig, schmackhaft und au\u00dfergew\u00f6hnlich. Er ist auch besonders vielseitig einsetzbar. Zum Dessert, zum Teegeb\u00e4ck oder f\u00fcr die Zubereitung von Desserts. Immer eine Versuchung wert&#8230;.!<\/p>\n<p>Alkoholgehalt 40% vol.<\/p>\n<p>Spirituose<\/p>\n<p><strong>Edelbrennerei Dirker<\/strong><br \/>\nAlzenauer Str. 108<br \/>\n63776 M\u00f6mbris-Niedersteinbach<\/p>\n","protected":false},"featured_media":30938,"comment_status":"closed","ping_status":"closed","template":"","meta":{"_acf_changed":false},"product_brand":[],"product_cat":[1574,1575],"product_tag":[],"class_list":{"0":"post-6326","1":"product","2":"type-product","3":"status-publish","4":"has-post-thumbnail","6":"product_cat-obstbraende","7":"product_cat-arno-dirker","9":"first","10":"instock","11":"taxable","12":"shipping-taxable","13":"purchasable","14":"product-type-simple"},"acf":[],"_links":{"self":[{"href":"https:\/\/www.kaspar-spirituosen.de\/shop\/wp-json\/wp\/v2\/product\/6326","targetHints":{"allow":["GET"]}}],"collection":[{"href":"https:\/\/www.kaspar-spirituosen.de\/shop\/wp-json\/wp\/v2\/product"}],"about":[{"href":"https:\/\/www.kaspar-spirituosen.de\/shop\/wp-json\/wp\/v2\/types\/product"}],"replies":[{"embeddable":true,"href":"https:\/\/www.kaspar-spirituosen.de\/shop\/wp-json\/wp\/v2\/comments?post=6326"}],"wp:featuredmedia":[{"embeddable":true,"href":"https:\/\/www.kaspar-spirituosen.de\/shop\/wp-json\/wp\/v2\/media\/30938"}],"wp:attachment":[{"href":"https:\/\/www.kaspar-spirituosen.de\/shop\/wp-json\/wp\/v2\/media?parent=6326"}],"wp:term":[{"taxonomy":"product_brand","embeddable":true,"href":"https:\/\/www.kaspar-spirituosen.de\/shop\/wp-json\/wp\/v2\/product_brand?post=6326"},{"taxonomy":"product_cat","embeddable":true,"href":"https:\/\/www.kaspar-spirituosen.de\/shop\/wp-json\/wp\/v2\/product_cat?post=6326"},{"taxonomy":"product_tag","embeddable":true,"href":"https:\/\/www.kaspar-spirituosen.de\/shop\/wp-json\/wp\/v2\/product_tag?post=6326"}],"curies":[{"name":"wp","href":"https:\/\/api.w.org\/{rel}","templated":true}]}}