{"id":6406,"date":"2025-05-05T16:45:07","date_gmt":"2025-05-05T14:45:07","guid":{"rendered":"https:\/\/www.kaspar-spirituosen.de\/shop\/produkt\/grappa-di-prosecco-andrea-da-ponte-07-lt\/"},"modified":"2025-10-24T16:24:17","modified_gmt":"2025-10-24T14:24:17","slug":"grappa-di-prosecco-andrea-da-ponte-07-lt","status":"publish","type":"product","link":"https:\/\/www.kaspar-spirituosen.de\/shop\/produkt\/grappa-di-prosecco-andrea-da-ponte-07-lt\/","title":{"rendered":"Grappa di Prosecco Andrea da Ponte 0,7 lt."},"content":{"rendered":"","protected":false},"excerpt":{"rendered":"<p>Der Klassiker! Sein Erfolgsrezept: Ein feingliedriger Grappa aus der Prosecco-Traube im Barrique ausgebaut in einer Schaumweinflasche ausgebaut&#8230;.Noch Fragen?<\/p>\n<p>Die Destillerie Andrea da Ponte ist eine der \u00e4ltesten Destillerien Italiens. Sie wurde im Jahre 1892 von den Br\u00fcdern Andrea und Matteo Matteo da Ponte gegr\u00fcndet. Ihr Markenzeichen ist ein einmaliges Verfahren, welches das Destillieren von besonders aromatischen und weichen Br\u00e4nden zul\u00e4sst. Ber\u00fchmt und gesucht!<\/p>\n<p>42 % Alkohol<\/p>\n<p>Distilleria Andrea Da Ponte Spa<br \/>\nVia Primo Maggio, 1 &#8211; 31020 Corbanese di Tarzo (TV), Italien<br \/>\nTel. +39 0438 933011<\/p>\n<p>&nbsp;<\/p>\n","protected":false},"featured_media":30973,"comment_status":"closed","ping_status":"closed","template":"","meta":{"_acf_changed":false},"product_brand":[],"product_cat":[1580,1584],"product_tag":[415],"class_list":{"0":"post-6406","1":"product","2":"type-product","3":"status-publish","4":"has-post-thumbnail","6":"product_cat-grappa","7":"product_cat-destillate-anderer-brenner","8":"product_tag-vecchia-grappa-di-prosecco-andrea-da-ponte-distilleria-rolf-kaspar-essen-nrw-italien","10":"first","11":"instock","12":"taxable","13":"shipping-taxable","14":"purchasable","15":"product-type-simple"},"acf":[],"_links":{"self":[{"href":"https:\/\/www.kaspar-spirituosen.de\/shop\/wp-json\/wp\/v2\/product\/6406","targetHints":{"allow":["GET"]}}],"collection":[{"href":"https:\/\/www.kaspar-spirituosen.de\/shop\/wp-json\/wp\/v2\/product"}],"about":[{"href":"https:\/\/www.kaspar-spirituosen.de\/shop\/wp-json\/wp\/v2\/types\/product"}],"replies":[{"embeddable":true,"href":"https:\/\/www.kaspar-spirituosen.de\/shop\/wp-json\/wp\/v2\/comments?post=6406"}],"wp:featuredmedia":[{"embeddable":true,"href":"https:\/\/www.kaspar-spirituosen.de\/shop\/wp-json\/wp\/v2\/media\/30973"}],"wp:attachment":[{"href":"https:\/\/www.kaspar-spirituosen.de\/shop\/wp-json\/wp\/v2\/media?parent=6406"}],"wp:term":[{"taxonomy":"product_brand","embeddable":true,"href":"https:\/\/www.kaspar-spirituosen.de\/shop\/wp-json\/wp\/v2\/product_brand?post=6406"},{"taxonomy":"product_cat","embeddable":true,"href":"https:\/\/www.kaspar-spirituosen.de\/shop\/wp-json\/wp\/v2\/product_cat?post=6406"},{"taxonomy":"product_tag","embeddable":true,"href":"https:\/\/www.kaspar-spirituosen.de\/shop\/wp-json\/wp\/v2\/product_tag?post=6406"}],"curies":[{"name":"wp","href":"https:\/\/api.w.org\/{rel}","templated":true}]}}