{"id":6467,"date":"2025-05-05T16:45:18","date_gmt":"2025-05-05T14:45:18","guid":{"rendered":"https:\/\/www.kaspar-spirituosen.de\/shop\/produkt\/hh-verdelho-madeira-10y-075-lt\/"},"modified":"2025-10-24T16:24:12","modified_gmt":"2025-10-24T14:24:12","slug":"hh-verdelho-madeira-10y-075-lt","status":"publish","type":"product","link":"https:\/\/www.kaspar-spirituosen.de\/shop\/produkt\/hh-verdelho-madeira-10y-075-lt\/","title":{"rendered":"H&#038;H Verdelho Madeira 10y. 0,75 lt."},"content":{"rendered":"","protected":false},"excerpt":{"rendered":"<p>Der intensive Duft von reifen Pflaumen, Zimt und Gew\u00fcrznelken begeistert spontan. Am Gaumen macht sich eine pikante Fruchtf\u00fclle bemerkbar, die von der sp\u00fcrbaren, doch gut eingebundene S\u00fc\u00dfe ausbalanciert wird. Der Verdelho hat eine lebhafte Art mit zartherbem Nachhall. Empfehlung: Bei 16\u00b0 Celsius serviert, schmeckt dieser Madeira als Aperitif zu N\u00fcssen oder W\u00fcrzgeb\u00e4ck, s\u00fc\u00df-pikanten Gerichten der chinesischen K\u00fcche, w\u00fcrzigen K\u00e4sen oder cremigen Desserts.<\/p>\n<p>Enth\u00e4lt Sulfite, 0,75 L, 20 % vol.<\/p>\n<p>HENRIQUES &amp; HENRIQUES \u2013 VINHOS, S.A.<br \/>\nE-Mail: HeH@henriquesehenriques.pt<br \/>\nSales Department<br \/>\nInternational Division<br \/>\nM.\u00aa da Luz Aguiar \u00a0\u00a0 \u00a0maria.aguiar@henriquesehenriques.pt<br \/>\nLocal Division<br \/>\nGra\u00e7a Gouveia \u00a0\u00a0 \u00a0graca.gouveia.cvm@henriquesehenriques.pt<br \/>\nMorada | Address<br \/>\nS\u00edtio de Bel\u00e9m<br \/>\n9300-138<br \/>\nC\u00e2mara de Lobos<br \/>\nMadeira &#8211; Portugal<br \/>\nTel.: (+351) 291 941 551\/2<br \/>\nFax.: (+351) 291 941 590<\/p>\n<p>&nbsp;<\/p>\n","protected":false},"featured_media":30997,"comment_status":"closed","ping_status":"closed","template":"","meta":{"_acf_changed":false},"product_brand":[],"product_cat":[1544,1547],"product_tag":[451],"class_list":{"0":"post-6467","1":"product","2":"type-product","3":"status-publish","4":"has-post-thumbnail","6":"product_cat-sherry-port-co","7":"product_cat-besonderheiten","8":"product_tag-madeira-verdelho-henriques-rolf-kaspar-essen","10":"first","11":"outofstock","12":"taxable","13":"shipping-taxable","14":"purchasable","15":"product-type-simple"},"acf":[],"_links":{"self":[{"href":"https:\/\/www.kaspar-spirituosen.de\/shop\/wp-json\/wp\/v2\/product\/6467","targetHints":{"allow":["GET"]}}],"collection":[{"href":"https:\/\/www.kaspar-spirituosen.de\/shop\/wp-json\/wp\/v2\/product"}],"about":[{"href":"https:\/\/www.kaspar-spirituosen.de\/shop\/wp-json\/wp\/v2\/types\/product"}],"replies":[{"embeddable":true,"href":"https:\/\/www.kaspar-spirituosen.de\/shop\/wp-json\/wp\/v2\/comments?post=6467"}],"wp:featuredmedia":[{"embeddable":true,"href":"https:\/\/www.kaspar-spirituosen.de\/shop\/wp-json\/wp\/v2\/media\/30997"}],"wp:attachment":[{"href":"https:\/\/www.kaspar-spirituosen.de\/shop\/wp-json\/wp\/v2\/media?parent=6467"}],"wp:term":[{"taxonomy":"product_brand","embeddable":true,"href":"https:\/\/www.kaspar-spirituosen.de\/shop\/wp-json\/wp\/v2\/product_brand?post=6467"},{"taxonomy":"product_cat","embeddable":true,"href":"https:\/\/www.kaspar-spirituosen.de\/shop\/wp-json\/wp\/v2\/product_cat?post=6467"},{"taxonomy":"product_tag","embeddable":true,"href":"https:\/\/www.kaspar-spirituosen.de\/shop\/wp-json\/wp\/v2\/product_tag?post=6467"}],"curies":[{"name":"wp","href":"https:\/\/api.w.org\/{rel}","templated":true}]}}