{"id":6505,"date":"2025-05-05T16:45:30","date_gmt":"2025-05-05T14:45:30","guid":{"rendered":"https:\/\/www.kaspar-spirituosen.de\/shop\/produkt\/pierre-huet-calvados-tradition-07-lt\/"},"modified":"2025-10-24T16:24:03","modified_gmt":"2025-10-24T14:24:03","slug":"pierre-huet-calvados-tradition-07-lt","status":"publish","type":"product","link":"https:\/\/www.kaspar-spirituosen.de\/shop\/produkt\/pierre-huet-calvados-tradition-07-lt\/","title":{"rendered":"Pierre Huet Calvados Tradition 0,7 lt"},"content":{"rendered":"","protected":false},"excerpt":{"rendered":"<p>Eine gro\u00dfartige Verm\u00e4hlung aus der Kollektion des Pierre Huet. Sie vereint das Langlebige und die Kraft einer Hors d&#8217;Age mit der L\u00e4nge eines gut gereiften Destillats. 15 Jahre gereift.<\/p>\n<p>Kategorie: Geschmeidiger Calvados!<\/p>\n<p>Calvados<br \/>\nAppelation Calvados Contr\u00f4l\u00e9e<br \/>\nCalvados Pierre Huet SARL., Manoir La Bri\u00e8re des Fontaines, 14340 Cambremer<br \/>\nAlkoholgehalt 40%vol.<\/p>\n","protected":false},"featured_media":31013,"comment_status":"closed","ping_status":"closed","template":"","meta":{"_acf_changed":false},"product_brand":[],"product_cat":[1585],"product_tag":[471],"class_list":{"0":"post-6505","1":"product","2":"type-product","3":"status-publish","4":"has-post-thumbnail","6":"product_cat-cognac-calvados-armagnac","7":"product_tag-huet-pierre-calvados-cambremer-apfelbrand-apfelschnaps-apfeldestillat-frankreich-vieux-vieille-reserve-tradition-cordon-argent-digestif-apfelmost-spirituose","9":"first","10":"instock","11":"taxable","12":"shipping-taxable","13":"purchasable","14":"product-type-simple"},"acf":[],"_links":{"self":[{"href":"https:\/\/www.kaspar-spirituosen.de\/shop\/wp-json\/wp\/v2\/product\/6505","targetHints":{"allow":["GET"]}}],"collection":[{"href":"https:\/\/www.kaspar-spirituosen.de\/shop\/wp-json\/wp\/v2\/product"}],"about":[{"href":"https:\/\/www.kaspar-spirituosen.de\/shop\/wp-json\/wp\/v2\/types\/product"}],"replies":[{"embeddable":true,"href":"https:\/\/www.kaspar-spirituosen.de\/shop\/wp-json\/wp\/v2\/comments?post=6505"}],"wp:featuredmedia":[{"embeddable":true,"href":"https:\/\/www.kaspar-spirituosen.de\/shop\/wp-json\/wp\/v2\/media\/31013"}],"wp:attachment":[{"href":"https:\/\/www.kaspar-spirituosen.de\/shop\/wp-json\/wp\/v2\/media?parent=6505"}],"wp:term":[{"taxonomy":"product_brand","embeddable":true,"href":"https:\/\/www.kaspar-spirituosen.de\/shop\/wp-json\/wp\/v2\/product_brand?post=6505"},{"taxonomy":"product_cat","embeddable":true,"href":"https:\/\/www.kaspar-spirituosen.de\/shop\/wp-json\/wp\/v2\/product_cat?post=6505"},{"taxonomy":"product_tag","embeddable":true,"href":"https:\/\/www.kaspar-spirituosen.de\/shop\/wp-json\/wp\/v2\/product_tag?post=6505"}],"curies":[{"name":"wp","href":"https:\/\/api.w.org\/{rel}","templated":true}]}}