{"id":6523,"date":"2025-05-05T16:45:43","date_gmt":"2025-05-05T14:45:43","guid":{"rendered":"https:\/\/www.kaspar-spirituosen.de\/shop\/produkt\/anis-la-castellana-dulce-07-lt\/"},"modified":"2025-10-24T16:23:26","modified_gmt":"2025-10-24T14:23:26","slug":"anis-la-castellana-dulce-07-lt","status":"publish","type":"product","link":"https:\/\/www.kaspar-spirituosen.de\/shop\/produkt\/anis-la-castellana-dulce-07-lt\/","title":{"rendered":"Anis la Castellana Dulce 0,7 lt."},"content":{"rendered":"","protected":false},"excerpt":{"rendered":"<p>Anis la Castellana Dulce ist eine s\u00fcsse, spanische K\u00f6stlichkeit aus Alkohol und einer raffinierten Mischung verschiedenster Kr\u00e4uter sowie Anis.<\/p>\n<p>Alkoholgehalt: 35% vol.<\/p>\n<p>Inhalt 0,7l,Abbildung \u00e4hnlich<\/p>\n<p>Beam Spain SL<br \/>\nC\/ Mahonia, 2<br \/>\n28043 Madrid<br \/>\nSpanien<\/p>\n","protected":false},"featured_media":31022,"comment_status":"closed","ping_status":"closed","template":"","meta":{"_acf_changed":false},"product_brand":[],"product_cat":[1563,1572],"product_tag":[487],"class_list":{"0":"post-6523","1":"product","2":"type-product","3":"status-publish","4":"has-post-thumbnail","6":"product_cat-gin-rum-weitere-spirituosen-likoere","7":"product_cat-pastis-anis-ouzo","8":"product_tag-spanien-spanisch-anis-la-castellada-garcia-gomez-segovia-anis-rolf-kaspar-essen","10":"first","11":"outofstock","12":"taxable","13":"shipping-taxable","14":"purchasable","15":"product-type-simple"},"acf":[],"_links":{"self":[{"href":"https:\/\/www.kaspar-spirituosen.de\/shop\/wp-json\/wp\/v2\/product\/6523","targetHints":{"allow":["GET"]}}],"collection":[{"href":"https:\/\/www.kaspar-spirituosen.de\/shop\/wp-json\/wp\/v2\/product"}],"about":[{"href":"https:\/\/www.kaspar-spirituosen.de\/shop\/wp-json\/wp\/v2\/types\/product"}],"replies":[{"embeddable":true,"href":"https:\/\/www.kaspar-spirituosen.de\/shop\/wp-json\/wp\/v2\/comments?post=6523"}],"wp:featuredmedia":[{"embeddable":true,"href":"https:\/\/www.kaspar-spirituosen.de\/shop\/wp-json\/wp\/v2\/media\/31022"}],"wp:attachment":[{"href":"https:\/\/www.kaspar-spirituosen.de\/shop\/wp-json\/wp\/v2\/media?parent=6523"}],"wp:term":[{"taxonomy":"product_brand","embeddable":true,"href":"https:\/\/www.kaspar-spirituosen.de\/shop\/wp-json\/wp\/v2\/product_brand?post=6523"},{"taxonomy":"product_cat","embeddable":true,"href":"https:\/\/www.kaspar-spirituosen.de\/shop\/wp-json\/wp\/v2\/product_cat?post=6523"},{"taxonomy":"product_tag","embeddable":true,"href":"https:\/\/www.kaspar-spirituosen.de\/shop\/wp-json\/wp\/v2\/product_tag?post=6523"}],"curies":[{"name":"wp","href":"https:\/\/api.w.org\/{rel}","templated":true}]}}