{"id":6527,"date":"2025-05-05T16:45:43","date_gmt":"2025-05-05T14:45:43","guid":{"rendered":"https:\/\/www.kaspar-spirituosen.de\/shop\/produkt\/friesengeist-56vol-05l\/"},"modified":"2025-10-24T16:23:27","modified_gmt":"2025-10-24T14:23:27","slug":"friesengeist-56vol-05l","status":"publish","type":"product","link":"https:\/\/www.kaspar-spirituosen.de\/shop\/produkt\/friesengeist-56vol-05l\/","title":{"rendered":"Friesengeist, 56%vol. 0,5l"},"content":{"rendered":"<p style=\"font-size: 16px; font-family: Arial, Verdana, Helvetica;\">Erlesene <strong>Fr\u00fcchte- und Kr\u00e4uterausz\u00fcge<\/strong>, nach einem alten ostfriesischen <strong>Familienrezept <\/strong>zusammengestellt, geben dem <strong>Friesengeist <\/strong>seine typische und aromatische Note. Feuer &amp; K\u00fchle in einem Schluck getrunken, bietet so ein einzigartiges <strong>Geschmackserlebnis<\/strong>. <strong>Brennend servieren!<\/strong><\/p>\n<p style=\"font-size: 16px; font-family: Arial, Verdana, Helvetica;\">Alkoholgehalt 56% vol.<\/p>\n<p style=\"font-size: 16px; font-family: Arial, Verdana, Helvetica;\">Waldemar Behn GmbH<br \/>\nKadekerweg 2<br \/>\n24340 Eckernf\u00f6rde<br \/>\nTel.: +49 4351 479 0<br \/>\nE-Mail: info@behn.de<\/p>\n","protected":false},"excerpt":{"rendered":"<p><span style=\"font-family: Arial, Verdana, Helvetica; font-size: 16px;\">Erlesene Fr\u00fcchte- und Kr\u00e4uterausz\u00fcge, nach einem alten ostfriesischen Familienrezept zusammengestellt<\/span><\/p>\n","protected":false},"featured_media":31024,"comment_status":"closed","ping_status":"closed","template":"","meta":{"_acf_changed":false},"product_brand":[],"product_cat":[1563,1564],"product_tag":[490],"class_list":{"0":"post-6527","1":"product","2":"type-product","3":"status-publish","4":"has-post-thumbnail","6":"product_cat-gin-rum-weitere-spirituosen-likoere","7":"product_cat-gin-vodka-klare","8":"product_tag-friesengeist-friesland-behn-friesisch-nordfriesland-schleswig-holstein-friesen-rolf-kaspar-essen-braende-brand-edle-schnapsbrenner-brenner","10":"first","11":"instock","12":"taxable","13":"shipping-taxable","14":"purchasable","15":"product-type-simple"},"acf":[],"_links":{"self":[{"href":"https:\/\/www.kaspar-spirituosen.de\/shop\/wp-json\/wp\/v2\/product\/6527","targetHints":{"allow":["GET"]}}],"collection":[{"href":"https:\/\/www.kaspar-spirituosen.de\/shop\/wp-json\/wp\/v2\/product"}],"about":[{"href":"https:\/\/www.kaspar-spirituosen.de\/shop\/wp-json\/wp\/v2\/types\/product"}],"replies":[{"embeddable":true,"href":"https:\/\/www.kaspar-spirituosen.de\/shop\/wp-json\/wp\/v2\/comments?post=6527"}],"wp:featuredmedia":[{"embeddable":true,"href":"https:\/\/www.kaspar-spirituosen.de\/shop\/wp-json\/wp\/v2\/media\/31024"}],"wp:attachment":[{"href":"https:\/\/www.kaspar-spirituosen.de\/shop\/wp-json\/wp\/v2\/media?parent=6527"}],"wp:term":[{"taxonomy":"product_brand","embeddable":true,"href":"https:\/\/www.kaspar-spirituosen.de\/shop\/wp-json\/wp\/v2\/product_brand?post=6527"},{"taxonomy":"product_cat","embeddable":true,"href":"https:\/\/www.kaspar-spirituosen.de\/shop\/wp-json\/wp\/v2\/product_cat?post=6527"},{"taxonomy":"product_tag","embeddable":true,"href":"https:\/\/www.kaspar-spirituosen.de\/shop\/wp-json\/wp\/v2\/product_tag?post=6527"}],"curies":[{"name":"wp","href":"https:\/\/api.w.org\/{rel}","templated":true}]}}