{"id":6533,"date":"2025-05-05T16:45:43","date_gmt":"2025-05-05T14:45:43","guid":{"rendered":"https:\/\/www.kaspar-spirituosen.de\/shop\/produkt\/haas-quittenbrand-05-lt\/"},"modified":"2025-10-24T16:23:27","modified_gmt":"2025-10-24T14:23:27","slug":"haas-quittenbrand-05-lt","status":"publish","type":"product","link":"https:\/\/www.kaspar-spirituosen.de\/shop\/produkt\/haas-quittenbrand-05-lt\/","title":{"rendered":"Haas Quittenbrand 0,5 lt."},"content":{"rendered":"","protected":false},"excerpt":{"rendered":"<p>Grundlage der Haas\u00b4schen Erzeugnisse ist das in eigenen Anlagen erzeugte Obst. Diese Anlagen unterliegen den Richtlinien des integrierten, kontrollierten Anbaues. Hier werden Obstsorten nicht nach den Gesichtspunkten einer sicheren und eintr\u00e4glichen Vermarktung gezogen, sondern Fr\u00fcchte mit hohem Aroma- und \u00d6chslewerten erzeugt. Sie sind besonders geeignet f\u00fcr gute Destillate. Auch die heimischen Streuobstwiesen und die artenreichen Hecken liefern die Rohstoffe f\u00fcr \u201cgeistreiche Spezialit\u00e4ten\u201d.<\/p>\n<p>Alkoholgehalt 40% vol.<\/p>\n<p>Edeldestillation Haas<br \/>\nAdresse: Schmiedsgasse 2, 91362 Pretzfeld<br \/>\nTelefon:09194 1256<\/p>\n","protected":false},"featured_media":31025,"comment_status":"closed","ping_status":"closed","template":"","meta":{"_acf_changed":false},"product_brand":[],"product_cat":[1574,1576],"product_tag":[495],"class_list":{"0":"post-6533","1":"product","2":"type-product","3":"status-publish","4":"has-post-thumbnail","6":"product_cat-obstbraende","7":"product_cat-johannes-haas","8":"product_tag-quitte-quitten-johannes-franken-rosenhut-rolf-kaspar-essen-nrw-brand-edelbraende-braende-obstbrand-obstler","10":"first","11":"instock","12":"taxable","13":"shipping-taxable","14":"purchasable","15":"product-type-simple"},"acf":[],"_links":{"self":[{"href":"https:\/\/www.kaspar-spirituosen.de\/shop\/wp-json\/wp\/v2\/product\/6533","targetHints":{"allow":["GET"]}}],"collection":[{"href":"https:\/\/www.kaspar-spirituosen.de\/shop\/wp-json\/wp\/v2\/product"}],"about":[{"href":"https:\/\/www.kaspar-spirituosen.de\/shop\/wp-json\/wp\/v2\/types\/product"}],"replies":[{"embeddable":true,"href":"https:\/\/www.kaspar-spirituosen.de\/shop\/wp-json\/wp\/v2\/comments?post=6533"}],"wp:featuredmedia":[{"embeddable":true,"href":"https:\/\/www.kaspar-spirituosen.de\/shop\/wp-json\/wp\/v2\/media\/31025"}],"wp:attachment":[{"href":"https:\/\/www.kaspar-spirituosen.de\/shop\/wp-json\/wp\/v2\/media?parent=6533"}],"wp:term":[{"taxonomy":"product_brand","embeddable":true,"href":"https:\/\/www.kaspar-spirituosen.de\/shop\/wp-json\/wp\/v2\/product_brand?post=6533"},{"taxonomy":"product_cat","embeddable":true,"href":"https:\/\/www.kaspar-spirituosen.de\/shop\/wp-json\/wp\/v2\/product_cat?post=6533"},{"taxonomy":"product_tag","embeddable":true,"href":"https:\/\/www.kaspar-spirituosen.de\/shop\/wp-json\/wp\/v2\/product_tag?post=6533"}],"curies":[{"name":"wp","href":"https:\/\/api.w.org\/{rel}","templated":true}]}}