{"id":6595,"date":"2025-05-05T16:45:55","date_gmt":"2025-05-05T14:45:55","guid":{"rendered":"https:\/\/www.kaspar-spirituosen.de\/shop\/produkt\/sherry-lustau-almacenista-oloroso-05-lt\/"},"modified":"2025-10-24T16:23:23","modified_gmt":"2025-10-24T14:23:23","slug":"sherry-lustau-almacenista-oloroso-05-lt","status":"publish","type":"product","link":"https:\/\/www.kaspar-spirituosen.de\/shop\/produkt\/sherry-lustau-almacenista-oloroso-05-lt\/","title":{"rendered":"Sherry Lustau Almacenista Oloroso 0,5 lt."},"content":{"rendered":"","protected":false},"excerpt":{"rendered":"<p>Von einem besonders kleine, aber feinen Almacenista aus El Puerto de Santa Maria stammt dieser besondere Sherry-Charakter. Von r\u00f6tlichem Goldbraun in der farbe, duftet er im Glas w\u00fcrzig nach D\u00f6rrdatteln, Honig und Mokka. Im Mund kommt eine pikante F\u00fclle zum Ausdruck. Er besitzt eine reife Fruchtkonzentration und eine zarte S\u00fc\u00dfe.<\/p>\n<p>Enth\u00e4lt Sulfite, 0,5 L, 20 % vol.<\/p>\n<p>Emilio Lustau<br \/>\nAdresse: Calle Arcos, 53, 11402 Jerez de la Frontera, C\u00e1diz, Spanien<br \/>\nTelefon:+34 956 34 15 97<\/p>\n","protected":false},"featured_media":31054,"comment_status":"closed","ping_status":"closed","template":"","meta":{"_acf_changed":false},"product_brand":[],"product_cat":[1544,1545],"product_tag":[526],"class_list":{"0":"post-6595","1":"product","2":"type-product","3":"status-publish","4":"has-post-thumbnail","6":"product_cat-sherry-port-co","7":"product_cat-sherry","8":"product_tag-oloroso-del-puerto-lustau-emilio-sherry-jerez-solera-reserve-rolf-kaspar-nrw-essen-fachhandel","10":"first","11":"instock","12":"taxable","13":"shipping-taxable","14":"purchasable","15":"product-type-simple"},"acf":[],"_links":{"self":[{"href":"https:\/\/www.kaspar-spirituosen.de\/shop\/wp-json\/wp\/v2\/product\/6595","targetHints":{"allow":["GET"]}}],"collection":[{"href":"https:\/\/www.kaspar-spirituosen.de\/shop\/wp-json\/wp\/v2\/product"}],"about":[{"href":"https:\/\/www.kaspar-spirituosen.de\/shop\/wp-json\/wp\/v2\/types\/product"}],"replies":[{"embeddable":true,"href":"https:\/\/www.kaspar-spirituosen.de\/shop\/wp-json\/wp\/v2\/comments?post=6595"}],"wp:featuredmedia":[{"embeddable":true,"href":"https:\/\/www.kaspar-spirituosen.de\/shop\/wp-json\/wp\/v2\/media\/31054"}],"wp:attachment":[{"href":"https:\/\/www.kaspar-spirituosen.de\/shop\/wp-json\/wp\/v2\/media?parent=6595"}],"wp:term":[{"taxonomy":"product_brand","embeddable":true,"href":"https:\/\/www.kaspar-spirituosen.de\/shop\/wp-json\/wp\/v2\/product_brand?post=6595"},{"taxonomy":"product_cat","embeddable":true,"href":"https:\/\/www.kaspar-spirituosen.de\/shop\/wp-json\/wp\/v2\/product_cat?post=6595"},{"taxonomy":"product_tag","embeddable":true,"href":"https:\/\/www.kaspar-spirituosen.de\/shop\/wp-json\/wp\/v2\/product_tag?post=6595"}],"curies":[{"name":"wp","href":"https:\/\/api.w.org\/{rel}","templated":true}]}}