{"id":6707,"date":"2025-05-05T16:46:33","date_gmt":"2025-05-05T14:46:33","guid":{"rendered":"https:\/\/www.kaspar-spirituosen.de\/shop\/produkt\/raasay-distillery-isle-of-raasay-lightly-peated-07-lt\/"},"modified":"2025-10-24T16:22:57","modified_gmt":"2025-10-24T14:22:57","slug":"raasay-distillery-isle-of-raasay-lightly-peated-07-lt","status":"publish","type":"product","link":"https:\/\/www.kaspar-spirituosen.de\/shop\/produkt\/raasay-distillery-isle-of-raasay-lightly-peated-07-lt\/","title":{"rendered":"Raasay Distillery, Isle of Raasay, lightly peated, 0,7 lt."},"content":{"rendered":"<p style=\"font-size: 18px; font-family: Arial, Verdana, Helvetica;\">Die\u00a0<strong style=\"font-size: 18px;\"><a href=\"https:\/\/raasaydistillery.com\/\" data-link-type=\"external\" data-type=\"linkpicker\">Distillery<\/a><\/strong>\u00a0tr\u00e4gt den gleichen Namen, wie die sehr kleine\u00a0<strong style=\"font-size: 18px;\"><a href=\"https:\/\/www.google.com\/maps\/place\/Raasay\/@57.4174426,-6.1733015,11z\/data=!3m1!4b1!4m5!3m4!1s0x488c2c18ff50e4e9:0xb44839ca25bcf4a1!8m2!3d57.3969588!4d-6.0480784\" data-link-type=\"external\" data-type=\"linkpicker\">Hebriden-Insel<\/a><\/strong>\u00a0\u00f6stlich der Insel Skye ! Die <strong>Raasay Distillery<\/strong> bringt nun ihren ersten Whisky (Batch), bestehend aus ungetorften und getorften F\u00e4ssern, ausgebaut in folgenden Fass-Sorten : First Fill Bordeaux-Rotweinf\u00e4sser, First Fill Rye Whiskey-F\u00e4sser und Virgin Oak F\u00e4sser &#8211; gelagert vor Ort !<\/p>\n<p style=\"font-size: 18px; font-family: Arial, Verdana, Helvetica;\">&#8211; <strong>Hebridean <\/strong>Single Malt Scotch Whisky, lightly peated, natural colour, non-chill-filtered, 46,4%vol. Alkohol, 0,7l<\/p>\n<p style=\"font-size: 18px; font-family: Arial, Verdana, Helvetica;\">\n<p style=\"font-size: 18px; font-family: Arial, Verdana, Helvetica;\">Importeur : Kirsch Import e.K., Mackensteder Str. 7, 28816 Stuhr, Tel.: 04206305360,\u00a0<a href=\"http:\/\/www.kirschwhisky.de\" data-link-type=\"external\" data-type=\"linkpicker\">www.kirschwhisky.de<\/a><\/p>\n","protected":false},"excerpt":{"rendered":"<p style=\"font-size: 18px; font-family: Arial, Verdana, Helvetica;\">Die\u00a0<strong style=\"font-size: 18px;\"><a href=\"https:\/\/raasaydistillery.com\/\" data-link-type=\"external\" data-type=\"linkpicker\">Distillery<\/a><\/strong>\u00a0tr\u00e4gt den gleichen Namen, wie die sehr kleine\u00a0<strong style=\"font-size: 18px;\"><a href=\"https:\/\/www.google.com\/maps\/place\/Raasay\/@57.4174426,-6.1733015,11z\/data=!3m1!4b1!4m5!3m4!1s0x488c2c18ff50e4e9:0xb44839ca25bcf4a1!8m2!3d57.3969588!4d-6.0480784\" data-link-type=\"external\" data-type=\"linkpicker\">Hebriden-Insel<\/a><\/strong>\u00a0\u00f6stlich der Insel Skye !<\/p>\n","protected":false},"featured_media":31077,"comment_status":"closed","ping_status":"closed","template":"","meta":{"_acf_changed":false},"product_brand":[],"product_cat":[1549,1551,1552],"product_tag":[605],"class_list":{"0":"post-6707","1":"product","2":"type-product","3":"status-publish","4":"has-post-thumbnail","6":"product_cat-whisky","7":"product_cat-schottischer-whisky","8":"product_cat-single-malt-whisky","9":"product_tag-essen-rolf-kaspar-nrw-whisky-maltwhisky-whiskey-schottland-scotland-fassstaerke-single-malt-unchill-filtered-non-coloured-unfiltriert-nicht-gefaerbt-raasay-hebridean","11":"first","12":"instock","13":"taxable","14":"shipping-taxable","15":"purchasable","16":"product-type-simple"},"acf":[],"_links":{"self":[{"href":"https:\/\/www.kaspar-spirituosen.de\/shop\/wp-json\/wp\/v2\/product\/6707","targetHints":{"allow":["GET"]}}],"collection":[{"href":"https:\/\/www.kaspar-spirituosen.de\/shop\/wp-json\/wp\/v2\/product"}],"about":[{"href":"https:\/\/www.kaspar-spirituosen.de\/shop\/wp-json\/wp\/v2\/types\/product"}],"replies":[{"embeddable":true,"href":"https:\/\/www.kaspar-spirituosen.de\/shop\/wp-json\/wp\/v2\/comments?post=6707"}],"wp:featuredmedia":[{"embeddable":true,"href":"https:\/\/www.kaspar-spirituosen.de\/shop\/wp-json\/wp\/v2\/media\/31077"}],"wp:attachment":[{"href":"https:\/\/www.kaspar-spirituosen.de\/shop\/wp-json\/wp\/v2\/media?parent=6707"}],"wp:term":[{"taxonomy":"product_brand","embeddable":true,"href":"https:\/\/www.kaspar-spirituosen.de\/shop\/wp-json\/wp\/v2\/product_brand?post=6707"},{"taxonomy":"product_cat","embeddable":true,"href":"https:\/\/www.kaspar-spirituosen.de\/shop\/wp-json\/wp\/v2\/product_cat?post=6707"},{"taxonomy":"product_tag","embeddable":true,"href":"https:\/\/www.kaspar-spirituosen.de\/shop\/wp-json\/wp\/v2\/product_tag?post=6707"}],"curies":[{"name":"wp","href":"https:\/\/api.w.org\/{rel}","templated":true}]}}