{"id":6713,"date":"2025-05-05T16:46:33","date_gmt":"2025-05-05T14:46:33","guid":{"rendered":"https:\/\/www.kaspar-spirituosen.de\/shop\/produkt\/lichtburg-6-21y-asb-peated-single-malt-irish-whiskey-07l\/"},"modified":"2025-10-24T16:22:58","modified_gmt":"2025-10-24T14:22:58","slug":"lichtburg-6-21y-asb-peated-single-malt-irish-whiskey-07l","status":"publish","type":"product","link":"https:\/\/www.kaspar-spirituosen.de\/shop\/produkt\/lichtburg-6-21y-asb-peated-single-malt-irish-whiskey-07l\/","title":{"rendered":"Lichtburg #6, 21y asb peated Single Malt Irish Whiskey, 0,7l"},"content":{"rendered":"<p><strong>Lichtburg #5\u00a0<\/strong><\/p>\n<p style=\"margin-bottom: 0cm;\">Dieser Whiskey wurde am 13. April 2001 destilliert und im Dezember 2022 aus dem ex bourbon cask #22 ohne Kaltfiltrierung oder F\u00e4rbung und in Fassst\u00e4rke abgef\u00fcllt.<\/p>\n<p style=\"margin-bottom: 0cm;\">Aromen von getrockneten Kr\u00e4utern, Leder, Zitronenschale, Vanille und cremig-s\u00fc\u00dfem Lavendelhonig, die in einem rauchig-s\u00fc\u00dfem Nachklang enden, pr\u00e4gen den ausgewogenen Charakter dieser runden Abf\u00fcllung aus den Best\u00e4nden von <strong>Jack Teeling<\/strong>.<\/p>\n<p>53,4%vol.,\u00a0<span style=\"font-size: 12pt;\">0,7l, Single Malt Irish Whiskey, Irland<\/span><\/p>\n<p><span style=\"font-family: Arial, Verdana, Helvetica; font-size: 16px;\">Abf\u00fcller: Rolf Kaspar GmbH, Ruhrallee 59, 45138 Essen<\/span><\/p>\n<p>&nbsp;<\/p>\n","protected":false},"excerpt":{"rendered":"<p><span style=\"font-family: Arial, Verdana, Helvetica; font-size: 16px;\">Aromen von getrockneten Kr\u00e4utern, Leder, Zitronenschale, Vanille und cremig-s\u00fc\u00dfem Lavendelhonig, die in einem rauchig-s\u00fc\u00dfem Nachklang<\/span><\/p>\n","protected":false},"featured_media":31078,"comment_status":"closed","ping_status":"closed","template":"","meta":{"_acf_changed":false},"product_brand":[],"product_cat":[1549,1559],"product_tag":[603],"class_list":{"0":"post-6713","1":"product","2":"type-product","3":"status-publish","4":"has-post-thumbnail","6":"product_cat-whisky","7":"product_cat-irischer-whiskey","8":"product_tag-teeling-irish-whiskey-essen-rolf-kaspar-jack-teeling-nrw-whisky-maltwhisky-whiskey-schottland-scotland-fassstaerke-single-malt-unchill-filtered-non-coloured-unfiltriert-nicht-gefaerbt-lichtburg","10":"first","11":"outofstock","12":"taxable","13":"shipping-taxable","14":"purchasable","15":"product-type-simple"},"acf":[],"_links":{"self":[{"href":"https:\/\/www.kaspar-spirituosen.de\/shop\/wp-json\/wp\/v2\/product\/6713","targetHints":{"allow":["GET"]}}],"collection":[{"href":"https:\/\/www.kaspar-spirituosen.de\/shop\/wp-json\/wp\/v2\/product"}],"about":[{"href":"https:\/\/www.kaspar-spirituosen.de\/shop\/wp-json\/wp\/v2\/types\/product"}],"replies":[{"embeddable":true,"href":"https:\/\/www.kaspar-spirituosen.de\/shop\/wp-json\/wp\/v2\/comments?post=6713"}],"wp:featuredmedia":[{"embeddable":true,"href":"https:\/\/www.kaspar-spirituosen.de\/shop\/wp-json\/wp\/v2\/media\/31078"}],"wp:attachment":[{"href":"https:\/\/www.kaspar-spirituosen.de\/shop\/wp-json\/wp\/v2\/media?parent=6713"}],"wp:term":[{"taxonomy":"product_brand","embeddable":true,"href":"https:\/\/www.kaspar-spirituosen.de\/shop\/wp-json\/wp\/v2\/product_brand?post=6713"},{"taxonomy":"product_cat","embeddable":true,"href":"https:\/\/www.kaspar-spirituosen.de\/shop\/wp-json\/wp\/v2\/product_cat?post=6713"},{"taxonomy":"product_tag","embeddable":true,"href":"https:\/\/www.kaspar-spirituosen.de\/shop\/wp-json\/wp\/v2\/product_tag?post=6713"}],"curies":[{"name":"wp","href":"https:\/\/api.w.org\/{rel}","templated":true}]}}