{"id":6732,"date":"2025-05-05T16:46:48","date_gmt":"2025-05-05T14:46:48","guid":{"rendered":"https:\/\/www.kaspar-spirituosen.de\/shop\/produkt\/olo-ardmore-21-y-1st-fill-sherry-finish-07-l\/"},"modified":"2025-10-24T16:22:20","modified_gmt":"2025-10-24T14:22:20","slug":"olo-ardmore-21-y-1st-fill-sherry-finish-07-l","status":"publish","type":"product","link":"https:\/\/www.kaspar-spirituosen.de\/shop\/produkt\/olo-ardmore-21-y-1st-fill-sherry-finish-07-l\/","title":{"rendered":"OLO Ardmore 21 y. , 1st fill sherry finish 0,7 L"},"content":{"rendered":"<p><strong>OLO ARDMORE 21 y.<\/strong><br \/>\nFassstarker Single Malt Scotch Whisky, Highlands<br \/>\nDetails: 53,0%vol., Anzahl Flaschen: 206, Fass #288, 0,7 L<br \/>\nNat\u00fcrliche Farbe, nicht k\u00e4ltegefiltert<br \/>\nTasting Notes<br \/>\nNase: Ausgepr\u00e4gtes Steinobst \u2013 insbesondere Aprikosen. Gew\u00fcrz aus wei\u00dfem Pfeffer und Aroman von Butter auf ger\u00f6stetem Toast. Eine sanfte Note von Highlandtorf &#8211; aromatisch aber ohne salzige Noten<br \/>\nGeschmack: \u00dcppige, w\u00fcrzige Frucht, abgerundet durch Bitterorange und Rauch mit Cappuccino und Fudge am Lagerfeuer<br \/>\nNachklang: Der Torf beginnt kr\u00e4ftig und geht zu fruchtigem gr\u00fcnem Gras \u00fcber.<br \/>\nFazit: Torf und Frucht in fantastischer Balance<\/p>\n<p>Global Whisky Limited, 11 Somerset Pl, Glasgow G3 7JT, Vereinigtes K\u00f6nigreich<\/p>\n<p><strong>&#8211; Versandkostenfrei &#8211;<\/strong><\/p>\n<p>Rolf Kaspar GmbH, Ruhrallee 59, 45138 Essen<\/p>\n","protected":false},"excerpt":{"rendered":"<p>OLO ARDMORE 21 y. Fassstarker Single Malt Scotch Whisky, Highlands Details: 53,0%vol., Anzahl Flaschen: 206, Fass #288, 0,7 L Nat\u00fcrliche Farbe, nicht k\u00e4ltegefiltert Tasting Notes Nase: Ausgepr\u00e4gtes Steinobst \u2013 insbesondere Aprikosen. Gew\u00fcrz aus wei\u00dfem Pfeffer und Aroman von Butter auf ger\u00f6stetem Toast. Eine sanfte Note von Highlandtorf &#8211; aromatisch aber ohne salzige Noten Geschmack: \u00dcppige, [&hellip;]<\/p>\n","protected":false},"featured_media":31082,"comment_status":"closed","ping_status":"closed","template":"","meta":{"_acf_changed":false},"product_brand":[],"product_cat":[1549,1550],"product_tag":[609],"class_list":{"0":"post-6732","1":"product","2":"type-product","3":"status-publish","4":"has-post-thumbnail","6":"product_cat-whisky","7":"product_cat-unabhaengige-abfueller","8":"product_tag-red-cask-company-global-nrw-whisky-maltwhisky-whiskey-schottland-scotland-fassstaerke-single-malt-unchill-filtered-non-coloured-unfiltriert-single-cask-strength-ardmore-olo","10":"first","11":"instock","12":"taxable","13":"shipping-taxable","14":"purchasable","15":"product-type-simple"},"acf":[],"_links":{"self":[{"href":"https:\/\/www.kaspar-spirituosen.de\/shop\/wp-json\/wp\/v2\/product\/6732","targetHints":{"allow":["GET"]}}],"collection":[{"href":"https:\/\/www.kaspar-spirituosen.de\/shop\/wp-json\/wp\/v2\/product"}],"about":[{"href":"https:\/\/www.kaspar-spirituosen.de\/shop\/wp-json\/wp\/v2\/types\/product"}],"replies":[{"embeddable":true,"href":"https:\/\/www.kaspar-spirituosen.de\/shop\/wp-json\/wp\/v2\/comments?post=6732"}],"wp:featuredmedia":[{"embeddable":true,"href":"https:\/\/www.kaspar-spirituosen.de\/shop\/wp-json\/wp\/v2\/media\/31082"}],"wp:attachment":[{"href":"https:\/\/www.kaspar-spirituosen.de\/shop\/wp-json\/wp\/v2\/media?parent=6732"}],"wp:term":[{"taxonomy":"product_brand","embeddable":true,"href":"https:\/\/www.kaspar-spirituosen.de\/shop\/wp-json\/wp\/v2\/product_brand?post=6732"},{"taxonomy":"product_cat","embeddable":true,"href":"https:\/\/www.kaspar-spirituosen.de\/shop\/wp-json\/wp\/v2\/product_cat?post=6732"},{"taxonomy":"product_tag","embeddable":true,"href":"https:\/\/www.kaspar-spirituosen.de\/shop\/wp-json\/wp\/v2\/product_tag?post=6732"}],"curies":[{"name":"wp","href":"https:\/\/api.w.org\/{rel}","templated":true}]}}