{"id":6839,"date":"2025-05-05T16:47:29","date_gmt":"2025-05-05T14:47:29","guid":{"rendered":"https:\/\/www.kaspar-spirituosen.de\/shop\/produkt\/lagavulin-islay-single-malt-12y-natural-cask-strength-07-lt\/"},"modified":"2025-10-24T16:21:55","modified_gmt":"2025-10-24T14:21:55","slug":"lagavulin-islay-single-malt-12y-natural-cask-strength-07-lt","status":"publish","type":"product","link":"https:\/\/www.kaspar-spirituosen.de\/shop\/produkt\/lagavulin-islay-single-malt-12y-natural-cask-strength-07-lt\/","title":{"rendered":"Lagavulin Islay Single Malt 12y natural cask strength 0,7 lt."},"content":{"rendered":"<p>Islay bedeutet vor allem Torf. Meilenweit erstrecken sich die Torfmoore im Westen der Insel und liefern den Rohstoff, der den Charakter der s\u00fcd\u00f6stlichen Islay Malts so stark beeinflusst. Und Lagavulin ist wohl der Bekannteste unter ihnen.<br \/>\nDie Gerste, aus der Lagavulin destilliert wird, hat einen starken &#8222;Torfgeruch&#8220; &#8211; sie ist ungef\u00e4hr zwanzigmal st\u00e4rker dem Torfrauch ausgesetzt als \u00fcblich.<\/p>\n<p>Laut Whisky Autor Michael Jackson is dies Islay&#8217;s komplexester Malt Whisky. Er vereint die typische Rauchigkeit mit vielschichtigen Aromen und einer subtilen S\u00fc\u00dfe. Unter Zugabe von viel Wasser, bis zu einem Teil Wasser und einem Teil Whisky, entfalten sich \u00f6lige und kr\u00e4ftige Noten von Anis bis zu s\u00fc\u00dflich-ver<\/p>\n<p>54,5% vol.<\/p>\n<p>Single Malt Scotch Whisky<\/p>\n<p>Lagavulin Distillery, Port Ellen, Isle of Islay, Scotland, PA42 7DZ<\/p>\n<p>&nbsp;<\/p>\n<p>&nbsp;<\/p>\n","protected":false},"excerpt":{"rendered":"<p>Islay bedeutet vor allem Torf. Meilenweit erstrecken sich die Torfmoore im Westen der Insel und liefern den Rohstoff, der den Charakter der s\u00fcd\u00f6stlichen Islay Malts so stark beeinflusst. Und Lagavulin ist wohl der Bekannteste unter ihnen.<br \/>\nDie Gerste, aus der Lagavulin destilliert wird, hat einen starken &#8222;Torfgeruch&#8220; &#8211; sie ist ungef\u00e4hr zwanzigmal st\u00e4rker dem Torfrauch ausgesetzt als \u00fcblich.<\/p>\n<p>Laut Whisky Autor Michael Jackson is dies Islay&#8217;s komplexester Malt Whisky. Er vereint die typische Rauchigkeit mit vielschichtigen Aromen und einer subtilen S\u00fc\u00dfe. Unter Zugabe von viel Wasser, bis zu einem Teil Wasser und einem Teil Whisky, entfalten sich \u00f6lige und kr\u00e4ftige Noten von Anis bis zu s\u00fc\u00dflich-ver<\/p>\n<p>54,5% vol.<\/p>\n<p>Single Malt Scotch Whisky<\/p>\n<p>Lagavulin Distillery, Port Ellen, Isle of Islay, Scotland, PA42 7DZ<\/p>\n<p>&nbsp;<\/p>\n<p>&nbsp;<\/p>\n","protected":false},"featured_media":31112,"comment_status":"closed","ping_status":"open","template":"","meta":{"_acf_changed":false},"product_brand":[],"product_cat":[1549,1551,1552,1556],"product_tag":[635],"class_list":{"0":"post-6839","1":"product","2":"type-product","3":"status-publish","4":"has-post-thumbnail","6":"product_cat-whisky","7":"product_cat-schottischer-whisky","8":"product_cat-single-malt-whisky","9":"product_cat-islay","10":"product_tag-lagavulin-16-years-islay-whisky-kaspar-classic-malt-maltwhisky-schottland-scotland-single-scotch","12":"first","13":"outofstock","14":"taxable","15":"shipping-taxable","16":"purchasable","17":"product-type-simple"},"acf":[],"_links":{"self":[{"href":"https:\/\/www.kaspar-spirituosen.de\/shop\/wp-json\/wp\/v2\/product\/6839","targetHints":{"allow":["GET"]}}],"collection":[{"href":"https:\/\/www.kaspar-spirituosen.de\/shop\/wp-json\/wp\/v2\/product"}],"about":[{"href":"https:\/\/www.kaspar-spirituosen.de\/shop\/wp-json\/wp\/v2\/types\/product"}],"replies":[{"embeddable":true,"href":"https:\/\/www.kaspar-spirituosen.de\/shop\/wp-json\/wp\/v2\/comments?post=6839"}],"wp:featuredmedia":[{"embeddable":true,"href":"https:\/\/www.kaspar-spirituosen.de\/shop\/wp-json\/wp\/v2\/media\/31112"}],"wp:attachment":[{"href":"https:\/\/www.kaspar-spirituosen.de\/shop\/wp-json\/wp\/v2\/media?parent=6839"}],"wp:term":[{"taxonomy":"product_brand","embeddable":true,"href":"https:\/\/www.kaspar-spirituosen.de\/shop\/wp-json\/wp\/v2\/product_brand?post=6839"},{"taxonomy":"product_cat","embeddable":true,"href":"https:\/\/www.kaspar-spirituosen.de\/shop\/wp-json\/wp\/v2\/product_cat?post=6839"},{"taxonomy":"product_tag","embeddable":true,"href":"https:\/\/www.kaspar-spirituosen.de\/shop\/wp-json\/wp\/v2\/product_tag?post=6839"}],"curies":[{"name":"wp","href":"https:\/\/api.w.org\/{rel}","templated":true}]}}