{"id":6997,"date":"2025-05-05T16:48:20","date_gmt":"2025-05-05T14:48:20","guid":{"rendered":"https:\/\/www.kaspar-spirituosen.de\/shop\/produkt\/teeling-small-batch-07-lt\/"},"modified":"2025-10-24T16:20:07","modified_gmt":"2025-10-24T14:20:07","slug":"teeling-small-batch-07-lt","status":"publish","type":"product","link":"https:\/\/www.kaspar-spirituosen.de\/shop\/produkt\/teeling-small-batch-07-lt\/","title":{"rendered":"Teeling Small Batch 0,7 lt."},"content":{"rendered":"<p><strong>Small Batch<\/strong><br \/>\nDer Flagschiff Whiskey und der Versuch, den interessantesten Blended Irish Whiskey zu erstellen. Diese Kleinserienabf\u00fcllung besteht aus handverlesenen F\u00e4ssern, die zur weiteren <strong>Reifung in ehemaligen Rum Barrel <\/strong>gef\u00fcllt wurden, um ihnen neben dem weichen, runden Geschmack Irish Whiskeys weitere, interessante Nuancen zu geben. Durch die <strong>Abf\u00fcllung mit 46%<\/strong> ohne K\u00fchlfiltration zeigt sich der wahre Charakter echten irischen Whiskeys.<\/p>\n<p><strong>Tasting Notes<\/strong><\/p>\n<p>Nase: Einladender Duft von w\u00fcrzigen Aromen, Vanille und helle, fruchtige Rum-Noten<br \/>\nGeschmack: Rum-Finih und gehobene Trinkst\u00e4rke von 46%vol. machen diesen Whiskey sehr zug\u00e4nglich und schaffen eine einzigartige glatte, s\u00fc\u00df Kombination mit dezentem Holz auf der Zunge.<br \/>\nAbgang: s\u00fc\u00dfer, w\u00fcrziger Abgang erg\u00e4nzt mit feinen, vanilligen Holznoten<\/p>\n<p>Alkoholgehalt: 46% vol.<\/p>\n<p>Teeling Whiskey Company, 12 Newmarket, Dublin 8, Dublin, Ireland<\/p>\n","protected":false},"excerpt":{"rendered":"<p>Kleinserie ausgesuchter F\u00e4sser mit Rum-Finish ohne Kaltfiltrierung<\/p>\n<p>Alkoholgehalt: 46% vol.<\/p>\n<p><strong>Small Batch<\/strong><br \/>\nDer Flagschiff Whiskey und der Versuch, den interessantesten Blended Irish Whiskey zu erstellen. Diese Kleinserienabf\u00fcllung besteht aus handverlesenen F\u00e4ssern, die zur weiteren <strong>Reifung in ehemaligen Rum Barrel <\/strong>gef\u00fcllt wurden, um ihnen neben dem weichen, runden Geschmack Irish Whiskeys weitere, interessante Nuancen zu geben. Durch die <strong>Abf\u00fcllung mit 46%<\/strong> ohne K\u00fchlfiltration zeigt sich der wahre Charakter echten irischen Whiskeys.<\/p>\n<p><strong>Tasting Notes<\/strong><\/p>\n<p>Nase: Einladender Duft von w\u00fcrzigen Aromen, Vanille und helle, fruchtige Rum-Noten<br \/>\nGeschmack: Rum-Finih und gehobene Trinkst\u00e4rke von 46%vol. machen diesen Whiskey sehr zug\u00e4nglich und schaffen eine einzigartige glatte, s\u00fc\u00df Kombination mit dezentem Holz auf der Zunge.<br \/>\nAbgang: s\u00fc\u00dfer, w\u00fcrziger Abgang erg\u00e4nzt mit feinen, vanilligen Holznoten<\/p>\n<p>Alkoholgehalt: 46% vol.<\/p>\n<p>Teeling Whiskey Company, 12 Newmarket, Dublin 8, Dublin, Ireland<\/p>\n","protected":false},"featured_media":31162,"comment_status":"closed","ping_status":"closed","template":"","meta":{"_acf_changed":false},"product_brand":[],"product_cat":[1549,1559],"product_tag":[740,739,738,359,734,732,731,729,737,578,735,733,577,736,730],"class_list":{"0":"post-6997","1":"product","2":"type-product","3":"status-publish","4":"has-post-thumbnail","6":"product_cat-whisky","7":"product_cat-irischer-whiskey","8":"product_tag-bushmills","9":"product_tag-cooley","10":"product_tag-dublin","11":"product_tag-essen","12":"product_tag-fachhaendler","13":"product_tag-irisch","14":"product_tag-irischer","15":"product_tag-irish","16":"product_tag-jack-teeling","17":"product_tag-nrw","18":"product_tag-pure-pot-still","19":"product_tag-redbreast","20":"product_tag-rolf-kaspar","21":"product_tag-teeling","22":"product_tag-whiskey","24":"first","25":"instock","26":"taxable","27":"shipping-taxable","28":"purchasable","29":"product-type-simple"},"acf":[],"_links":{"self":[{"href":"https:\/\/www.kaspar-spirituosen.de\/shop\/wp-json\/wp\/v2\/product\/6997","targetHints":{"allow":["GET"]}}],"collection":[{"href":"https:\/\/www.kaspar-spirituosen.de\/shop\/wp-json\/wp\/v2\/product"}],"about":[{"href":"https:\/\/www.kaspar-spirituosen.de\/shop\/wp-json\/wp\/v2\/types\/product"}],"replies":[{"embeddable":true,"href":"https:\/\/www.kaspar-spirituosen.de\/shop\/wp-json\/wp\/v2\/comments?post=6997"}],"wp:featuredmedia":[{"embeddable":true,"href":"https:\/\/www.kaspar-spirituosen.de\/shop\/wp-json\/wp\/v2\/media\/31162"}],"wp:attachment":[{"href":"https:\/\/www.kaspar-spirituosen.de\/shop\/wp-json\/wp\/v2\/media?parent=6997"}],"wp:term":[{"taxonomy":"product_brand","embeddable":true,"href":"https:\/\/www.kaspar-spirituosen.de\/shop\/wp-json\/wp\/v2\/product_brand?post=6997"},{"taxonomy":"product_cat","embeddable":true,"href":"https:\/\/www.kaspar-spirituosen.de\/shop\/wp-json\/wp\/v2\/product_cat?post=6997"},{"taxonomy":"product_tag","embeddable":true,"href":"https:\/\/www.kaspar-spirituosen.de\/shop\/wp-json\/wp\/v2\/product_tag?post=6997"}],"curies":[{"name":"wp","href":"https:\/\/api.w.org\/{rel}","templated":true}]}}