{"id":7003,"date":"2025-05-05T16:48:20","date_gmt":"2025-05-05T14:48:20","guid":{"rendered":"https:\/\/www.kaspar-spirituosen.de\/shop\/produkt\/teeling-single-malt-07lt\/"},"modified":"2025-10-24T16:20:08","modified_gmt":"2025-10-24T14:20:08","slug":"teeling-single-malt-07lt","status":"publish","type":"product","link":"https:\/\/www.kaspar-spirituosen.de\/shop\/produkt\/teeling-single-malt-07lt\/","title":{"rendered":"Teeling Single Malt 0,7lt."},"content":{"rendered":"<p><strong>Single Malt<\/strong><br \/>\nDritte Abf\u00fcllung im Premium-Bereich von Teeling &#8211; 100% Malted Barley aus einer Reihe von F\u00e4ssern mit unterschiedlichem Alter, einschlie\u00dflich Malt Whisky im Jahr 1991 destilliert, um eine komplexen, hochwertigen Irish Single Malt ohne Alterasangabe abzuf\u00fcllen, auf der Basis einer innovativen Reife \/ Veredelungstechniken unter Beibehaltung der unverwechselbaren Irish Weinhheit. Verwendet wurden 5 verschiedenen Weinfassarten (Sherry, Port, Madeira, Wei\u00dfburgunder, Cabernet Sauvignon) zur finalen Reifung. Wie alle Teeling Whiskys ist er mit 46% ohne K\u00fchlfiltration abgef\u00fcllt. Dies erm\u00f6glicht alle nat\u00fcrlichen Aromen des Whiskys beizubehalten.<\/p>\n<p><strong>Tastin Notes<\/strong><br \/>\nNase: Noten von Melone, Feigen, Toffee und Zitrone<br \/>\nGeschmack: Ein ausbalancierte Kombination von getrockneten Fr\u00fcchten, Zitrus, Vanille, Gew\u00fcrzen und Nelke<br \/>\nAbgang: Lang mit feiner S\u00fc\u00dfe im Einklang mit trockenen Tanninen des Holzes<\/p>\n<p>Alkoholgehalt: 46% vol.<\/p>\n<p>Teeling Whiskey Company, 12 Newmarket, Dublin 8, Dublin, Ireland<\/p>\n","protected":false},"excerpt":{"rendered":"<p>Dritte Abf\u00fcllung im Premium-Bereich von Teeling &#8211; 100% Malted Barley aus einer Reihe von F\u00e4ssern mit unterschiedlichem Alter !<\/p>\n<p><strong>Single Malt<\/strong><br \/>\nDritte Abf\u00fcllung im Premium-Bereich von Teeling &#8211; 100% Malted Barley aus einer Reihe von F\u00e4ssern mit unterschiedlichem Alter, einschlie\u00dflich Malt Whisky im Jahr 1991 destilliert, um eine komplexen, hochwertigen Irish Single Malt ohne Alterasangabe abzuf\u00fcllen, auf der Basis einer innovativen Reife \/ Veredelungstechniken unter Beibehaltung der unverwechselbaren Irish Weinhheit. Verwendet wurden 5 verschiedenen Weinfassarten (Sherry, Port, Madeira, Wei\u00dfburgunder, Cabernet Sauvignon) zur finalen Reifung. Wie alle Teeling Whiskys ist er mit 46% ohne K\u00fchlfiltration abgef\u00fcllt. Dies erm\u00f6glicht alle nat\u00fcrlichen Aromen des Whiskys beizubehalten.<\/p>\n<p><strong>Tastin Notes<\/strong><br \/>\nNase: Noten von Melone, Feigen, Toffee und Zitrone<br \/>\nGeschmack: Ein ausbalancierte Kombination von getrockneten Fr\u00fcchten, Zitrus, Vanille, Gew\u00fcrzen und Nelke<br \/>\nAbgang: Lang mit feiner S\u00fc\u00dfe im Einklang mit trockenen Tanninen des Holzes<\/p>\n<p>Alkoholgehalt: 46% vol.<\/p>\n<p>Teeling Whiskey Company, 12 Newmarket, Dublin 8, Dublin, Ireland<\/p>\n","protected":false},"featured_media":31165,"comment_status":"closed","ping_status":"closed","template":"","meta":{"_acf_changed":false},"product_brand":[],"product_cat":[1549,1559],"product_tag":[740,739,738,359,734,732,731,729,737,578,735,733,577,736,730],"class_list":{"0":"post-7003","1":"product","2":"type-product","3":"status-publish","4":"has-post-thumbnail","6":"product_cat-whisky","7":"product_cat-irischer-whiskey","8":"product_tag-bushmills","9":"product_tag-cooley","10":"product_tag-dublin","11":"product_tag-essen","12":"product_tag-fachhaendler","13":"product_tag-irisch","14":"product_tag-irischer","15":"product_tag-irish","16":"product_tag-jack-teeling","17":"product_tag-nrw","18":"product_tag-pure-pot-still","19":"product_tag-redbreast","20":"product_tag-rolf-kaspar","21":"product_tag-teeling","22":"product_tag-whiskey","24":"first","25":"instock","26":"taxable","27":"shipping-taxable","28":"purchasable","29":"product-type-simple"},"acf":[],"_links":{"self":[{"href":"https:\/\/www.kaspar-spirituosen.de\/shop\/wp-json\/wp\/v2\/product\/7003","targetHints":{"allow":["GET"]}}],"collection":[{"href":"https:\/\/www.kaspar-spirituosen.de\/shop\/wp-json\/wp\/v2\/product"}],"about":[{"href":"https:\/\/www.kaspar-spirituosen.de\/shop\/wp-json\/wp\/v2\/types\/product"}],"replies":[{"embeddable":true,"href":"https:\/\/www.kaspar-spirituosen.de\/shop\/wp-json\/wp\/v2\/comments?post=7003"}],"wp:featuredmedia":[{"embeddable":true,"href":"https:\/\/www.kaspar-spirituosen.de\/shop\/wp-json\/wp\/v2\/media\/31165"}],"wp:attachment":[{"href":"https:\/\/www.kaspar-spirituosen.de\/shop\/wp-json\/wp\/v2\/media?parent=7003"}],"wp:term":[{"taxonomy":"product_brand","embeddable":true,"href":"https:\/\/www.kaspar-spirituosen.de\/shop\/wp-json\/wp\/v2\/product_brand?post=7003"},{"taxonomy":"product_cat","embeddable":true,"href":"https:\/\/www.kaspar-spirituosen.de\/shop\/wp-json\/wp\/v2\/product_cat?post=7003"},{"taxonomy":"product_tag","embeddable":true,"href":"https:\/\/www.kaspar-spirituosen.de\/shop\/wp-json\/wp\/v2\/product_tag?post=7003"}],"curies":[{"name":"wp","href":"https:\/\/api.w.org\/{rel}","templated":true}]}}