{"id":7021,"date":"2025-05-05T16:48:20","date_gmt":"2025-05-05T14:48:20","guid":{"rendered":"https:\/\/www.kaspar-spirituosen.de\/shop\/produkt\/paddy-irish-whiskey-07-lt\/"},"modified":"2025-10-24T16:20:11","modified_gmt":"2025-10-24T14:20:11","slug":"paddy-irish-whiskey-07-lt","status":"publish","type":"product","link":"https:\/\/www.kaspar-spirituosen.de\/shop\/produkt\/paddy-irish-whiskey-07-lt\/","title":{"rendered":"Paddy Irish Whiskey 0,7 lt."},"content":{"rendered":"","protected":false},"excerpt":{"rendered":"<p>Paddy Whisky wird dreifach destilliert aus feinster Gerste und reinstem Wasser. Dies garantiert seinen leichten, ausgewogenen Geschmack und macht zu &#8222;einem der weichesten aller Whiskeys aus Irland&#8220; (Jim Murray)<\/p>\n<p>Nase: frisch, lebendig, aromatisch &#8211; ein komplexes Zusammenspiel nussigen Malzes, Waldkr\u00e4utern und Gew\u00fcrzen und Spuren von Honig und Vanille<br \/>\nGaumen: mild, sanft, samtige M\u00e4lze, s\u00fcsse \u00d6ligkeit, feine Sch\u00e4rfe &#8211; unterlegt von Nuancen von Honig, Vanille und getoastetem Holz<br \/>\nFinish: die S\u00fcsse verklingt langsam, feine Holznoten verbleiben angenehm<br \/>\nAlkoholgehalt: 40% vol.<\/p>\n<p><strong><span style=\"font-size: 10px;\"><span style=\"color: #cc0000;\">mit Farbstoff<\/span><\/span><\/strong><\/p>\n<p>Paddy Irish Distillers Ltd.<br \/>\nSimmonscourt Road<br \/>\nDublin 4<br \/>\nIrland<\/p>\n","protected":false},"featured_media":31169,"comment_status":"closed","ping_status":"closed","template":"","meta":{"_acf_changed":false},"product_brand":[],"product_cat":[1549,1559],"product_tag":[749],"class_list":{"0":"post-7021","1":"product","2":"type-product","3":"status-publish","4":"has-post-thumbnail","6":"product_cat-whisky","7":"product_cat-irischer-whiskey","8":"product_tag-paddy-flaherty-triple-distilled-old-pure-pot-still-whiskey-irisch-rolf-kaspar-essen-nrw-fachhaendler","10":"first","11":"instock","12":"taxable","13":"shipping-taxable","14":"purchasable","15":"product-type-simple"},"acf":[],"_links":{"self":[{"href":"https:\/\/www.kaspar-spirituosen.de\/shop\/wp-json\/wp\/v2\/product\/7021","targetHints":{"allow":["GET"]}}],"collection":[{"href":"https:\/\/www.kaspar-spirituosen.de\/shop\/wp-json\/wp\/v2\/product"}],"about":[{"href":"https:\/\/www.kaspar-spirituosen.de\/shop\/wp-json\/wp\/v2\/types\/product"}],"replies":[{"embeddable":true,"href":"https:\/\/www.kaspar-spirituosen.de\/shop\/wp-json\/wp\/v2\/comments?post=7021"}],"wp:featuredmedia":[{"embeddable":true,"href":"https:\/\/www.kaspar-spirituosen.de\/shop\/wp-json\/wp\/v2\/media\/31169"}],"wp:attachment":[{"href":"https:\/\/www.kaspar-spirituosen.de\/shop\/wp-json\/wp\/v2\/media?parent=7021"}],"wp:term":[{"taxonomy":"product_brand","embeddable":true,"href":"https:\/\/www.kaspar-spirituosen.de\/shop\/wp-json\/wp\/v2\/product_brand?post=7021"},{"taxonomy":"product_cat","embeddable":true,"href":"https:\/\/www.kaspar-spirituosen.de\/shop\/wp-json\/wp\/v2\/product_cat?post=7021"},{"taxonomy":"product_tag","embeddable":true,"href":"https:\/\/www.kaspar-spirituosen.de\/shop\/wp-json\/wp\/v2\/product_tag?post=7021"}],"curies":[{"name":"wp","href":"https:\/\/api.w.org\/{rel}","templated":true}]}}