{"id":7053,"date":"2025-05-05T16:48:32","date_gmt":"2025-05-05T14:48:32","guid":{"rendered":"https:\/\/www.kaspar-spirituosen.de\/shop\/produkt\/st-kilian-distillers-bud-spencer-rauchig-49-07l\/"},"modified":"2025-10-24T16:19:58","modified_gmt":"2025-10-24T14:19:58","slug":"st-kilian-distillers-bud-spencer-rauchig-49-07l","status":"publish","type":"product","link":"https:\/\/www.kaspar-spirituosen.de\/shop\/produkt\/st-kilian-distillers-bud-spencer-rauchig-49-07l\/","title":{"rendered":"St. Kilian Distillers Bud Spencer rauchig, 49 %, 0,7l"},"content":{"rendered":"<p>BUD SPENCER WHISKY \u2013 THE LEGEND \u2013 RAUCHIG<br \/>\nUnser Bud Spencer \u2013 Single Malt Whisky geht in die zweite Runde. F\u00fcr alle harten Jungs und noch h\u00e4rteren M\u00e4dels gibt es jetzt den Bud Spencer Whisky rauchig.<\/p>\n<p>Die beliebte Komposition aus italienischen Amarone-Rotweinf\u00e4ssern und Bourbon-F\u00e4ssern aus den USA ist auch hier wieder Programm. Unser Gerstenmalz stammt dieses Mal aus den Schottischen Highlands und ist ganz im Sinne von Bud Spencer kr\u00e4ftig getorft.<\/p>\n<p>Cheers \u2013 da rauchen die F\u00e4uste!<br \/>\nBud Spencer \u2013 die Legende \u2013 rauchig!<\/p>\n<p>Quelle : St. Kilian Distillers<\/p>\n<p>Whisky, 49%vol.<\/p>\n<p>St. Kilian Distillers GmbH<br \/>\nHauptstr. 1-5,\u00a063924 R\u00fcdenau,\u00a0Deutschland<\/p>\n","protected":false},"excerpt":{"rendered":"<p><span style=\"font-family: Arial, Verdana, Helvetica; font-size: 16px;\">BUD SPENCER WHISKY \u2013 THE LEGEND \u2013 RAUCHIG\u00a0<\/span><\/p>\n<p><span style=\"font-family: Arial, Verdana, Helvetica; font-size: 16px;\">St. Kilian Distillers, Single Malt Whisky<\/span><\/p>\n","protected":false},"featured_media":31177,"comment_status":"closed","ping_status":"closed","template":"","meta":{"_acf_changed":false},"product_brand":[],"product_cat":[1549,1562],"product_tag":[359,787,791,788,780,578,796,577,790,795,781,789],"class_list":{"0":"post-7053","1":"product","2":"type-product","3":"status-publish","4":"has-post-thumbnail","6":"product_cat-whisky","7":"product_cat-whisky-aus-japan-taiwan-deutschland-frankreich","8":"product_tag-essen","9":"product_tag-fachhande","10":"product_tag-franken","11":"product_tag-l-single-malt-whisky","12":"product_tag-malt","13":"product_tag-nrw","14":"product_tag-one-bud-spencer-amarone-cask-bourbon-cask-natural-colour","15":"product_tag-rolf-kaspar","16":"product_tag-ruedenau","17":"product_tag-signature-edition","18":"product_tag-single","19":"product_tag-st-kilian","21":"first","22":"instock","23":"taxable","24":"shipping-taxable","25":"purchasable","26":"product-type-simple"},"acf":[],"_links":{"self":[{"href":"https:\/\/www.kaspar-spirituosen.de\/shop\/wp-json\/wp\/v2\/product\/7053","targetHints":{"allow":["GET"]}}],"collection":[{"href":"https:\/\/www.kaspar-spirituosen.de\/shop\/wp-json\/wp\/v2\/product"}],"about":[{"href":"https:\/\/www.kaspar-spirituosen.de\/shop\/wp-json\/wp\/v2\/types\/product"}],"replies":[{"embeddable":true,"href":"https:\/\/www.kaspar-spirituosen.de\/shop\/wp-json\/wp\/v2\/comments?post=7053"}],"wp:featuredmedia":[{"embeddable":true,"href":"https:\/\/www.kaspar-spirituosen.de\/shop\/wp-json\/wp\/v2\/media\/31177"}],"wp:attachment":[{"href":"https:\/\/www.kaspar-spirituosen.de\/shop\/wp-json\/wp\/v2\/media?parent=7053"}],"wp:term":[{"taxonomy":"product_brand","embeddable":true,"href":"https:\/\/www.kaspar-spirituosen.de\/shop\/wp-json\/wp\/v2\/product_brand?post=7053"},{"taxonomy":"product_cat","embeddable":true,"href":"https:\/\/www.kaspar-spirituosen.de\/shop\/wp-json\/wp\/v2\/product_cat?post=7053"},{"taxonomy":"product_tag","embeddable":true,"href":"https:\/\/www.kaspar-spirituosen.de\/shop\/wp-json\/wp\/v2\/product_tag?post=7053"}],"curies":[{"name":"wp","href":"https:\/\/api.w.org\/{rel}","templated":true}]}}