{"id":7169,"date":"2025-05-05T16:49:09","date_gmt":"2025-05-05T14:49:09","guid":{"rendered":"https:\/\/www.kaspar-spirituosen.de\/shop\/produkt\/cognac-jean-fillioux-reserve-familiale-07-lt\/"},"modified":"2025-10-24T16:18:50","modified_gmt":"2025-10-24T14:18:50","slug":"cognac-jean-fillioux-reserve-familiale-07-lt","status":"publish","type":"product","link":"https:\/\/www.kaspar-spirituosen.de\/shop\/produkt\/cognac-jean-fillioux-reserve-familiale-07-lt\/","title":{"rendered":"Cognac Jean Fillioux R\u00e9serve Familiale 0,7 lt"},"content":{"rendered":"","protected":false},"excerpt":{"rendered":"<p>Dieser Traditionsbetrieb, im Herzen des \u201egoldenen Dreiecks\u201c gelegen, hat seinen Sitz auf der Domaine La Pouyade, zu dem 50 Hektar Rebfl\u00e4che geh\u00f6ren. Der Urgro\u00dfvater der heutigen \u201eSupernase\u201c Pascal J. Honor\u00e9 Fillioux ist nach wie vor Vorbild in Arbeitsweise und Engagement. Jeder einzelne Arbeitsablauf wird von der Ein-Mann-Show Pascal \u00fcberwacht, kontrolliert und erst f\u00fcr gut befunden, wenn sich wirklich alles zu einem Ganzen zusammenf\u00fcgt. Welche Akribie! Die ist aber auch der Grund f\u00fcr eine jahrzehntelange Spitzenposition unter den Cognac-Produzenten. Der Ausbau der heranreifenden Cognacs erfolgt ausschlie\u00dflich in Holzf\u00e4ssern aus Limousin-Eiche. Alle Cognacs weisen eine enorme Dichte und Struktur auf, die die floralen, reichen, komplexen und eleganten Aromen bestens transportieren, um im Glas als bronzene Fl\u00fcssigkeit zu schimmern. Qualit\u00e4ten, die ihresgleichen suchen!<\/p>\n<p>Ein weltgewandter Brand, dieser Cognac: In seiner geb\u00e4ndigten Kraft und seinem sehr runden Duft, zeigt er Aromen von Rosinen. Im Mund exotische Frucht und eine Spur Rancio. Die w\u00fcrzigen Waldt\u00f6ne erinnern an Farn, Feuchtigkeit, Holz und Moos. Warmer, stabiler K\u00f6rper. Der gro\u00dfe Charmeur!<\/p>\n<p>&nbsp;<\/p>\n<p><strong><span style=\"color: #cc0000;\">&#8212; Versandkostenfrei &#8212;<\/span><\/strong><\/p>\n<p>&nbsp;<\/p>\n<p>Cognac<br \/>\nAlkoholgehalt 40%vol.<br \/>\nCognac Jean Fillioux, La Pouyade F.16130 Juillace-Le-Coq<\/p>\n<p>&nbsp;<\/p>\n","protected":false},"featured_media":31223,"comment_status":"closed","ping_status":"closed","template":"","meta":{"_acf_changed":false},"product_brand":[],"product_cat":[1585,1586,1591],"product_tag":[859],"class_list":{"0":"post-7169","1":"product","2":"type-product","3":"status-publish","4":"has-post-thumbnail","6":"product_cat-cognac-calvados-armagnac","7":"product_cat-cognac","8":"product_cat-jean-fillioux","9":"product_tag-reserve-familiale-cognac-jean-fillioux-domaine-pouyade-rolf-kaspar-essen-nrw","11":"first","12":"outofstock","13":"taxable","14":"shipping-taxable","15":"purchasable","16":"product-type-simple"},"acf":[],"_links":{"self":[{"href":"https:\/\/www.kaspar-spirituosen.de\/shop\/wp-json\/wp\/v2\/product\/7169","targetHints":{"allow":["GET"]}}],"collection":[{"href":"https:\/\/www.kaspar-spirituosen.de\/shop\/wp-json\/wp\/v2\/product"}],"about":[{"href":"https:\/\/www.kaspar-spirituosen.de\/shop\/wp-json\/wp\/v2\/types\/product"}],"replies":[{"embeddable":true,"href":"https:\/\/www.kaspar-spirituosen.de\/shop\/wp-json\/wp\/v2\/comments?post=7169"}],"wp:featuredmedia":[{"embeddable":true,"href":"https:\/\/www.kaspar-spirituosen.de\/shop\/wp-json\/wp\/v2\/media\/31223"}],"wp:attachment":[{"href":"https:\/\/www.kaspar-spirituosen.de\/shop\/wp-json\/wp\/v2\/media?parent=7169"}],"wp:term":[{"taxonomy":"product_brand","embeddable":true,"href":"https:\/\/www.kaspar-spirituosen.de\/shop\/wp-json\/wp\/v2\/product_brand?post=7169"},{"taxonomy":"product_cat","embeddable":true,"href":"https:\/\/www.kaspar-spirituosen.de\/shop\/wp-json\/wp\/v2\/product_cat?post=7169"},{"taxonomy":"product_tag","embeddable":true,"href":"https:\/\/www.kaspar-spirituosen.de\/shop\/wp-json\/wp\/v2\/product_tag?post=7169"}],"curies":[{"name":"wp","href":"https:\/\/api.w.org\/{rel}","templated":true}]}}