{"id":7193,"date":"2025-05-05T16:49:22","date_gmt":"2025-05-05T14:49:22","guid":{"rendered":"https:\/\/www.kaspar-spirituosen.de\/shop\/produkt\/cognac-normandin-mercier-grande-champagne-xo-07-lt\/"},"modified":"2026-03-22T17:50:04","modified_gmt":"2026-03-22T16:50:04","slug":"cognac-normandin-mercier-grande-champagne-xo-07-lt","status":"publish","type":"product","link":"https:\/\/www.kaspar-spirituosen.de\/shop\/produkt\/cognac-normandin-mercier-grande-champagne-xo-07-lt\/","title":{"rendered":"Cognac Normandin-Mercier Grande Champagne XO 0,7 lt"},"content":{"rendered":"<p style=\"font-size: 16px; font-family: Arial, Verdana, Helvetica;\">\u201eEs gib keinen anderen Cognac-Hersteller in unserem Sortiment, der das Zusammenspiel von Frucht, Holz, Eleganz und Rancio so \u00fcberzeugend und homogen hinbekommt wie Normandin-Mercier\u201c, betont Olaf Sch\u00f6nberg, einer der beiden Gesch\u00e4ftsf\u00fchrer von Rolf Kaspar. Im Jahre 1872 gegr\u00fcndet, wurde lange Zeit mit Fassware gehandelt, gefolgt von Jahrzehnten ohne Aktivit\u00e4t. 1979 wurden die Gesch\u00e4fte wieder aufgenommen mit der klaren Zielrichtung, sich in der gehobenen Gastronomie zu etablieren. Heute ist Normandin-Mercier in fast allen Spitzenrestaurants Frankreichs vertreten.<br \/>\nNoch tiefer, noch komplexer, noch sinnlicher. Perfekt!<\/p>\n<p style=\"font-size: 16px; font-family: Arial, Verdana, Helvetica;\"><strong style=\"font-size: 16px;\"><span style=\"font-size: 16px; color: #cc0000;\">&#8212; Versandkostenfrei &#8212;<\/span><\/strong><\/p>\n<p style=\"font-size: 16px; font-family: Arial, Verdana, Helvetica;\"><span style=\"font-size: 16px; color: black;\">Cognac<br \/>\nAlkoholgehalt 40%vol.<br \/>\nNormandin-Mercier, La P\u00e9raudi\u00e8re, 17139 Dompierre S.M., Frankreich<\/span><\/p>\n","protected":false},"excerpt":{"rendered":"<p>\u201eEs gib keinen anderen Cognac-Hersteller in unserem Sortiment, der das Zusammenspiel von Frucht, Holz, Eleganz und Rancio so \u00fcberzeugend und homogen hinbekommt wie Normandin-Mercier\u201c<\/p>\n","protected":false},"featured_media":31234,"comment_status":"closed","ping_status":"closed","template":"","meta":{"_acf_changed":false},"product_brand":[],"product_cat":[1585,1586,1590],"product_tag":[],"class_list":{"0":"post-7193","1":"product","2":"type-product","3":"status-publish","4":"has-post-thumbnail","6":"product_cat-cognac-calvados-armagnac","7":"product_cat-cognac","8":"product_cat-normandin-mercier","10":"first","11":"outofstock","12":"taxable","13":"shipping-taxable","14":"purchasable","15":"product-type-simple"},"acf":[],"_links":{"self":[{"href":"https:\/\/www.kaspar-spirituosen.de\/shop\/wp-json\/wp\/v2\/product\/7193","targetHints":{"allow":["GET"]}}],"collection":[{"href":"https:\/\/www.kaspar-spirituosen.de\/shop\/wp-json\/wp\/v2\/product"}],"about":[{"href":"https:\/\/www.kaspar-spirituosen.de\/shop\/wp-json\/wp\/v2\/types\/product"}],"replies":[{"embeddable":true,"href":"https:\/\/www.kaspar-spirituosen.de\/shop\/wp-json\/wp\/v2\/comments?post=7193"}],"wp:featuredmedia":[{"embeddable":true,"href":"https:\/\/www.kaspar-spirituosen.de\/shop\/wp-json\/wp\/v2\/media\/31234"}],"wp:attachment":[{"href":"https:\/\/www.kaspar-spirituosen.de\/shop\/wp-json\/wp\/v2\/media?parent=7193"}],"wp:term":[{"taxonomy":"product_brand","embeddable":true,"href":"https:\/\/www.kaspar-spirituosen.de\/shop\/wp-json\/wp\/v2\/product_brand?post=7193"},{"taxonomy":"product_cat","embeddable":true,"href":"https:\/\/www.kaspar-spirituosen.de\/shop\/wp-json\/wp\/v2\/product_cat?post=7193"},{"taxonomy":"product_tag","embeddable":true,"href":"https:\/\/www.kaspar-spirituosen.de\/shop\/wp-json\/wp\/v2\/product_tag?post=7193"}],"curies":[{"name":"wp","href":"https:\/\/api.w.org\/{rel}","templated":true}]}}