{"id":7226,"date":"2025-05-05T16:49:34","date_gmt":"2025-05-05T14:49:34","guid":{"rendered":"https:\/\/www.kaspar-spirituosen.de\/shop\/produkt\/rammstein-rum-40-07-lt\/"},"modified":"2025-10-24T16:18:30","modified_gmt":"2025-10-24T14:18:30","slug":"rammstein-rum-40-07-lt","status":"publish","type":"product","link":"https:\/\/www.kaspar-spirituosen.de\/shop\/produkt\/rammstein-rum-40-07-lt\/","title":{"rendered":"Rammstein Rum, 40 %, 0,7 lt"},"content":{"rendered":"<p>Dieser Rum ist mit 40 % in einer 0,7 L Flasche ein ausgewogener Blend aus jamaikanischen und guyanischen Potstill Rum und Kolonenstill Rum aus Trinidad. Sowohl guyanischer, als auch jamaikanischer Rum werden in Kreisen von Masterblendern und Experten f\u00fcr ihre kr\u00e4ftigen K\u00f6rper und tiefen Aromen hoch gesch\u00e4tzt. Die starken Charaktere der beiden Potstill Rums werden durch die elegante Natur des trinidadischen Gegenspielers gez\u00e4hmt, was zu einem ausbalanciertem Finish f\u00fchrt. Rammstein Rum reifte bis zu 12 Jahren in Ex-Bourbonf\u00e4ssern.<\/p>\n<p>Geschmack:<br \/>\nEin ausgewogener Rum mit w\u00fcrzigen Aromen, leichter Fruchtigkeit und einem Hauch h\u00f6lzernem Rauch.<\/p>\n<p>1423 Aps<br \/>\nSivlandv\u00e6nget 1<br \/>\n5260 Odense S<br \/>\nDenmark<\/p>\n<p>marketing@1423.dk<br \/>\n+45 42 16 79 75<br \/>\nCVR 33578857<br \/>\nVAT nr.: DE322633250<\/p>\n","protected":false},"excerpt":{"rendered":"<p>Dieser Rum ist mit 40 % in einer 0,7 L Flasche ein ausgewogener Blend aus jamaikanischen und guyanischen Potstill Rum und Kolonenstill Rum aus Trinidad. Sowohl guyanischer, als auch jamaikanischer Rum werden in Kreisen von Masterblendern und Experten f\u00fcr ihre kr\u00e4ftigen K\u00f6rper und tiefen Aromen hoch gesch\u00e4tzt. Die starken Charaktere der beiden Potstill Rums werden durch die elegante Natur des trinidadischen Gegenspielers gez\u00e4hmt, was zu einem ausbalanciertem Finish f\u00fchrt. Rammstein Rum reifte bis zu 12 Jahren in Ex-Bourbonf\u00e4ssern.<\/p>\n<p>Geschmack:<br \/>\nEin ausgewogener Rum mit w\u00fcrzigen Aromen, leichter Fruchtigkeit und einem Hauch h\u00f6lzernem Rauch.<\/p>\n<p>1423 Aps<br \/>\nSivlandv\u00e6nget 1<br \/>\n5260 Odense S<br \/>\nDenmark<\/p>\n<p>marketing@1423.dk<br \/>\n+45 42 16 79 75<br \/>\nCVR 33578857<br \/>\nVAT nr.: DE322633250<\/p>\n","protected":false},"featured_media":31245,"comment_status":"closed","ping_status":"closed","template":"","meta":{"_acf_changed":false},"product_brand":[],"product_cat":[1563,1565],"product_tag":[887],"class_list":{"0":"post-7226","1":"product","2":"type-product","3":"status-publish","4":"has-post-thumbnail","6":"product_cat-gin-rum-weitere-spirituosen-likoere","7":"product_cat-rum-cachaca","8":"product_tag-rammstein-rum-zuckerrohr-zuckerrohrsaft-rolf-kaspar-essen-nrw","10":"first","11":"instock","12":"taxable","13":"shipping-taxable","14":"purchasable","15":"product-type-simple"},"acf":[],"_links":{"self":[{"href":"https:\/\/www.kaspar-spirituosen.de\/shop\/wp-json\/wp\/v2\/product\/7226","targetHints":{"allow":["GET"]}}],"collection":[{"href":"https:\/\/www.kaspar-spirituosen.de\/shop\/wp-json\/wp\/v2\/product"}],"about":[{"href":"https:\/\/www.kaspar-spirituosen.de\/shop\/wp-json\/wp\/v2\/types\/product"}],"replies":[{"embeddable":true,"href":"https:\/\/www.kaspar-spirituosen.de\/shop\/wp-json\/wp\/v2\/comments?post=7226"}],"wp:featuredmedia":[{"embeddable":true,"href":"https:\/\/www.kaspar-spirituosen.de\/shop\/wp-json\/wp\/v2\/media\/31245"}],"wp:attachment":[{"href":"https:\/\/www.kaspar-spirituosen.de\/shop\/wp-json\/wp\/v2\/media?parent=7226"}],"wp:term":[{"taxonomy":"product_brand","embeddable":true,"href":"https:\/\/www.kaspar-spirituosen.de\/shop\/wp-json\/wp\/v2\/product_brand?post=7226"},{"taxonomy":"product_cat","embeddable":true,"href":"https:\/\/www.kaspar-spirituosen.de\/shop\/wp-json\/wp\/v2\/product_cat?post=7226"},{"taxonomy":"product_tag","embeddable":true,"href":"https:\/\/www.kaspar-spirituosen.de\/shop\/wp-json\/wp\/v2\/product_tag?post=7226"}],"curies":[{"name":"wp","href":"https:\/\/api.w.org\/{rel}","templated":true}]}}