{"id":7233,"date":"2025-05-05T16:49:34","date_gmt":"2025-05-05T14:49:34","guid":{"rendered":"https:\/\/www.kaspar-spirituosen.de\/shop\/produkt\/plantation-20th-anniversary-extra-old-rum-07-lt\/"},"modified":"2025-10-24T16:18:31","modified_gmt":"2025-10-24T14:18:31","slug":"plantation-20th-anniversary-extra-old-rum-07-lt","status":"publish","type":"product","link":"https:\/\/www.kaspar-spirituosen.de\/shop\/produkt\/plantation-20th-anniversary-extra-old-rum-07-lt\/","title":{"rendered":"Plantation 20th Anniversary Extra Old Rum 0,7 lt"},"content":{"rendered":"<h1 id=\"page_title\">Plantation 20th anniversary &#8211; Alc.40%<\/h1>\n<p>Column Still und Pot Still. Ein Cuv\u00e9e verschiedener sehr alter Barbados-Rums, die zun\u00e4chst viele Jahre in Bourbon-F\u00e4ssern in der Karibik reiften und dann 12 bis 18 Monate in kleinen F\u00e4ssern aus franz\u00f6sischer Eiche in den k\u00fchlen Kellern von Ch\u00e2teau de Bonbonnet, Ars\/Cognac. Dieser Alterungsprozess, auch \u201cdouble ageing\u201d genannt, bringt eine unvergleichliche Weichheit und F\u00fclle. Das Bouquet dieses mahagoni-farbenen Rums bietet exotische Noten von Zuckerrohr, Vanille, Toast, reifer Banane, kandierter Orange, Kakao, Tabak und ger\u00f6steter Kokosnuss, die am Gaumen sehr ausgewogen, weich, sanft und fast lieblich erscheinen. Der intensive Duft und Geschmack ist sehr pr\u00e4sent und bleibt langanhaltend im Nachhall.<\/p>\n<p>Dank einer ergiebigen Schatzsuche im Herzen der Karibik und Mittelamerikas bietet Plantation Ihnen gegenw\u00e4rtig verschiedenste Rumsorten an, die alle mit Genuss zu entdecken sind. Jede dieser Sorten zeichnet sich durch das volle Aroma ihres jeweiligen Anbaugebiets aus. Das Produktsortiment von Plantation wird so zu einer echten Entdeckungsreise dieser aus der Karibik stammenden Tradition.<br \/>\nPlantation Rum wird getreu lokaler Fabrikationstechniken und ohne industrielle Eingriffe hergestellt. Er wird in kleinen Brennereien produziert und anschlie\u00dfend im warmen Sonnenklima der Inseln in F\u00e4ssern zum Altern gelagert.<\/p>\n<p>Alkoholgehalt 40%vol.<br \/>\nRum<br \/>\nC. Ferrand, Chateau Bonbonnet, 16130 France<\/p>\n","protected":false},"excerpt":{"rendered":"<p>Das Bouquet dieses mahagoni-farbenen Rums bietet exotische Noten von Zuckerrohr, Vanille, Toast, reifer Banane, kandierter Orange, Kakao, Tabak und ger\u00f6steter Kokosnuss !<\/p>\n<h1 id=\"page_title\">Plantation 20th anniversary &#8211; Alc.40%<\/h1>\n<p>Column Still und Pot Still. Ein Cuv\u00e9e verschiedener sehr alter Barbados-Rums, die zun\u00e4chst viele Jahre in Bourbon-F\u00e4ssern in der Karibik reiften und dann 12 bis 18 Monate in kleinen F\u00e4ssern aus franz\u00f6sischer Eiche in den k\u00fchlen Kellern von Ch\u00e2teau de Bonbonnet, Ars\/Cognac. Dieser Alterungsprozess, auch \u201cdouble ageing\u201d genannt, bringt eine unvergleichliche Weichheit und F\u00fclle. Das Bouquet dieses mahagoni-farbenen Rums bietet exotische Noten von Zuckerrohr, Vanille, Toast, reifer Banane, kandierter Orange, Kakao, Tabak und ger\u00f6steter Kokosnuss, die am Gaumen sehr ausgewogen, weich, sanft und fast lieblich erscheinen. Der intensive Duft und Geschmack ist sehr pr\u00e4sent und bleibt langanhaltend im Nachhall.<\/p>\n<p>Dank einer ergiebigen Schatzsuche im Herzen der Karibik und Mittelamerikas bietet Plantation Ihnen gegenw\u00e4rtig verschiedenste Rumsorten an, die alle mit Genuss zu entdecken sind. Jede dieser Sorten zeichnet sich durch das volle Aroma ihres jeweiligen Anbaugebiets aus. Das Produktsortiment von Plantation wird so zu einer echten Entdeckungsreise dieser aus der Karibik stammenden Tradition.<br \/>\nPlantation Rum wird getreu lokaler Fabrikationstechniken und ohne industrielle Eingriffe hergestellt. Er wird in kleinen Brennereien produziert und anschlie\u00dfend im warmen Sonnenklima der Inseln in F\u00e4ssern zum Altern gelagert.<\/p>\n<p>Alkoholgehalt 40%vol.<br \/>\nRum<br \/>\nC. Ferrand, Chateau Bonbonnet, 16130 France<\/p>\n","protected":false},"featured_media":31247,"comment_status":"closed","ping_status":"closed","template":"","meta":{"_acf_changed":false},"product_brand":[],"product_cat":[1563,1565],"product_tag":[891],"class_list":{"0":"post-7233","1":"product","2":"type-product","3":"status-publish","4":"has-post-thumbnail","6":"product_cat-gin-rum-weitere-spirituosen-likoere","7":"product_cat-rum-cachaca","8":"product_tag-barbados-plantation-rum-alkohol-zuckerrohr-melasse-rolf-kaspar-essen-nrw-fachhaendler-fachhandel","10":"first","11":"outofstock","12":"taxable","13":"shipping-taxable","14":"purchasable","15":"product-type-simple"},"acf":[],"_links":{"self":[{"href":"https:\/\/www.kaspar-spirituosen.de\/shop\/wp-json\/wp\/v2\/product\/7233","targetHints":{"allow":["GET"]}}],"collection":[{"href":"https:\/\/www.kaspar-spirituosen.de\/shop\/wp-json\/wp\/v2\/product"}],"about":[{"href":"https:\/\/www.kaspar-spirituosen.de\/shop\/wp-json\/wp\/v2\/types\/product"}],"replies":[{"embeddable":true,"href":"https:\/\/www.kaspar-spirituosen.de\/shop\/wp-json\/wp\/v2\/comments?post=7233"}],"wp:featuredmedia":[{"embeddable":true,"href":"https:\/\/www.kaspar-spirituosen.de\/shop\/wp-json\/wp\/v2\/media\/31247"}],"wp:attachment":[{"href":"https:\/\/www.kaspar-spirituosen.de\/shop\/wp-json\/wp\/v2\/media?parent=7233"}],"wp:term":[{"taxonomy":"product_brand","embeddable":true,"href":"https:\/\/www.kaspar-spirituosen.de\/shop\/wp-json\/wp\/v2\/product_brand?post=7233"},{"taxonomy":"product_cat","embeddable":true,"href":"https:\/\/www.kaspar-spirituosen.de\/shop\/wp-json\/wp\/v2\/product_cat?post=7233"},{"taxonomy":"product_tag","embeddable":true,"href":"https:\/\/www.kaspar-spirituosen.de\/shop\/wp-json\/wp\/v2\/product_tag?post=7233"}],"curies":[{"name":"wp","href":"https:\/\/api.w.org\/{rel}","templated":true}]}}