{"id":7350,"date":"2025-05-05T16:50:14","date_gmt":"2025-05-05T14:50:14","guid":{"rendered":"https:\/\/www.kaspar-spirituosen.de\/shop\/produkt\/whisky-universe-planetarium-bochum-02-10-2025\/"},"modified":"2026-05-13T23:02:25","modified_gmt":"2026-05-13T21:02:25","slug":"whisky-universe-planetarium-bochum-02-10-2026","status":"publish","type":"product","link":"https:\/\/www.kaspar-spirituosen.de\/shop\/produkt\/whisky-universe-planetarium-bochum-02-10-2026\/","title":{"rendered":"&#8222;Whisky-Universe&#8220;, Planetarium Bochum, 02.10.2026"},"content":{"rendered":"","protected":false},"excerpt":{"rendered":"<p><strong>**** Siebtes gro\u00dfes Whisky-Event-Tasting im Planetarium Bochum ****\u00a0 \u00a0 <\/strong><\/p>\n<p>Donnerstag, 02. Oktober 2026, 19-23 Uhr, <a href=\"https:\/\/planetarium-bochum.de\/de_DE\/home\" data-link-type=\"external\" data-type=\"linkpicker\">Planetarium Bochum<\/a><\/p>\n<p>Wir laden Sie herzlich ein zur siebten Whiskyverkostung im Ambiente eines der modernsten Planetarien der Welt. Erleben Sie ab 20:30 Uhr eine faszinierende Sternenschau in der Planetariumskuppel (600 Quadratmetern Projektionsfl\u00e4che ) mit atemberaubenden Bildern und Live-Musik der Band \u201e<a href=\"http:\/\/www.boat-people-unplugged.de\/#xl_anchor_facts\" data-link-type=\"external\" data-type=\"linkpicker\">Boat People<\/a>\u201c.<\/p>\n<p style=\"margin-bottom: 0.5cm\">Freitag, 02. Oktober 2026\u00a0 (am n\u00e4chsten Tag, ist der Tag der Deutschen Einheit &#8211; Sie k\u00f6nnen also ausschlafen !)<br \/>\n<b>Einlass <\/b>ab 19:00, Ende 23:00 Uhr<br \/>\nPlanetarium Bochum<br \/>\nEintritt 75,00 Euro p.P.<\/p>\n<p>Veranstaltungsort :<br \/>\nZeiss Planetarium Bochum<br \/>\nCastroper Str. 67<br \/>\n44791 Bochum<\/p>\n<p>Im Eintrittspreis von <strong>75,00 \u20ac<\/strong> enthalten :<\/p>\n<p>Freie Verkostung von 9 verschiedenen Whiskys -die Sorten folgen !!<\/p>\n<p>&#8211; Glas &amp; Glashalter<\/p>\n<p>&#8211; eine faszinierende Sternenschau mit atemberaubenden Bildern rundet das Live-Konzert mit &#8222;<a href=\"http:\/\/www.boat-people-unplugged.de\/#xl_anchor_facts\" data-link-type=\"external\" data-type=\"linkpicker\">Boat People<\/a>\u201c ab.<\/p>\n<p>Kulinarisch verw\u00f6hnt (gegen Entgelt) werden Sie vor dem Geb\u00e4ude von Markus Zweverink\u00a0!<\/p>\n<p><span style=\"font-size: 18px\">Alkoholfreie Getr\u00e4nke und Bier werden (gegen Entgelt) im Planetarium angeboten. Das Mitbringen von eigenen Speisen und Getr\u00e4nken ist nicht gestattet.<\/span><\/p>\n<p>&#8211; Optional f\u00fcr G\u00e4ste aus Essen : Der optionale Bustransfer ab Hauptbahnhof Essen zum Planetarium Bochum\u00a0<strong>(nur im Zuge der Buchung)<\/strong>\u00a0!<\/p>\n<p>************<\/p>\n<p>Alle Produkte k\u00f6nnen vor Ort w\u00e4hrend der Veranstaltung zu Sonderpreisen erworben werden, solange der Vorrat reicht.<\/p>\n<p>************<br \/>\n<strong>Achtung:<\/strong><br \/>\nDer Bus\u00a0<strong>(JABO-Reisen)<\/strong>\u00a0f\u00e4hrt um 18:15 Uhr zur &#8222;Planetarium Bochum&#8220;, bitte kommen Sie rechtzeitig zur Haltestelle ! Die Haltestelle ist am Essen Hbf, am Reisebusbahnhof zwischen Hauptbahnhof und A40 an der Freiheit. Dies ist NICHT der Busbahnhof f\u00fcr die Linienbusse! Die R\u00fcckfahrt zum Hauptbahnhof Essen ist um 23:15 Uhr.<\/p>\n<p><strong>Tickets ?<\/strong><br \/>\n<strong>Karten gibt es ab 04.11.2025 November 2025 in unserem Ladenlokal in Essen oder online !<\/strong><\/p>\n<p><strong>Bitte geben Sie au\u00dferdem im Kommentarfeld unterhalb des Warenkorbes an, ob Sie den Bustransfer ab Essen Hauptbahnhof optional nutzen m\u00f6chten. Nur bei aktiver Anmeldung im Zuge der Buchung f\u00fcr den Bus-Shuttle k\u00f6nnen wir einen Platz garantieren !!<\/strong><br \/>\nWenn Sie im Bestellprozess als Versandmethode &#8222;Briefpost&#8220; ausw\u00e4hlen, senden wir Ihnen die Eintrittskarten\u00a0per Post zu. Bitte heben Sie die Eintrittskarten gut auf, da diese nicht ersetzt werden.<\/p>\n","protected":false},"featured_media":31285,"comment_status":"closed","ping_status":"closed","template":"","meta":{"_acf_changed":false},"product_brand":[],"product_cat":[1595,1596],"product_tag":[975],"class_list":{"0":"post-7350","1":"product","2":"type-product","3":"status-publish","4":"has-post-thumbnail","6":"product_cat-veranstaltungen-dies-das","7":"product_cat-veranstaltungen","8":"product_tag-whiskytasting-whisky-probe-verkostung-seminar-kaspar-spirituosen-essen-nrw-whisky-universe-planetarium-bochum-boat-people-event-komm-zu-potte","10":"first","11":"instock","12":"taxable","13":"shipping-taxable","14":"purchasable","15":"product-type-simple"},"acf":[],"_links":{"self":[{"href":"https:\/\/www.kaspar-spirituosen.de\/shop\/wp-json\/wp\/v2\/product\/7350","targetHints":{"allow":["GET"]}}],"collection":[{"href":"https:\/\/www.kaspar-spirituosen.de\/shop\/wp-json\/wp\/v2\/product"}],"about":[{"href":"https:\/\/www.kaspar-spirituosen.de\/shop\/wp-json\/wp\/v2\/types\/product"}],"replies":[{"embeddable":true,"href":"https:\/\/www.kaspar-spirituosen.de\/shop\/wp-json\/wp\/v2\/comments?post=7350"}],"wp:featuredmedia":[{"embeddable":true,"href":"https:\/\/www.kaspar-spirituosen.de\/shop\/wp-json\/wp\/v2\/media\/31285"}],"wp:attachment":[{"href":"https:\/\/www.kaspar-spirituosen.de\/shop\/wp-json\/wp\/v2\/media?parent=7350"}],"wp:term":[{"taxonomy":"product_brand","embeddable":true,"href":"https:\/\/www.kaspar-spirituosen.de\/shop\/wp-json\/wp\/v2\/product_brand?post=7350"},{"taxonomy":"product_cat","embeddable":true,"href":"https:\/\/www.kaspar-spirituosen.de\/shop\/wp-json\/wp\/v2\/product_cat?post=7350"},{"taxonomy":"product_tag","embeddable":true,"href":"https:\/\/www.kaspar-spirituosen.de\/shop\/wp-json\/wp\/v2\/product_tag?post=7350"}],"curies":[{"name":"wp","href":"https:\/\/api.w.org\/{rel}","templated":true}]}}