{"id":7370,"date":"2025-05-05T16:50:14","date_gmt":"2025-05-05T14:50:14","guid":{"rendered":"https:\/\/www.kaspar-spirituosen.de\/shop\/produkt\/rum-tasting-mit-lothar-kuntze-essen-14-11-2025\/"},"modified":"2026-03-26T10:33:24","modified_gmt":"2026-03-26T09:33:24","slug":"rum-tasting-mit-lothar-kuntze-essen-20-11-2026","status":"publish","type":"product","link":"https:\/\/www.kaspar-spirituosen.de\/shop\/produkt\/rum-tasting-mit-lothar-kuntze-essen-20-11-2026\/","title":{"rendered":"Rum-Tasting mit Lothar Kuntze, Essen, 20.11.2026"},"content":{"rendered":"<h4>Rum-Tasting mit Lothar Kuntze im Hotel Essener Hof !<\/h4>\n<p style=\"font-size: 18px\">Hallo liebe Rum-Feunde,<\/p>\n<p>am Freitag, den\u00a0<strong style=\"font-size: 18px\">20.11.2026<\/strong>\u00a0um\u00a0<strong style=\"font-size: 18px\">20:00 Uhr<\/strong>\u00a0findet wieder ein Rum-Tasting in Essen mit Lothar Kuntze statt. Es werden 6 au\u00dfergew\u00f6hnliche Rum-Sorten verkostet !<\/p>\n<p><span style=\"font-size: 18px\" data-reactid=\".5w.1:5:1:$comment1683101888575781_1686425121576791:0.0.$right.0.$left.0.0.1\">Die 6 Sorten folgen !<\/span><\/p>\n<p style=\"font-size: 18px\">Der Veranstaltungsort ist das Hotel\u00a0<a href=\"http:\/\/www.essener-hof.com\/\" target=\"_blank\" rel=\"noopener\">Essener Hof<\/a>, Am Handelshof 5, 45127 Essen.\u00a0In der Pause wird vom Service des Essener Hofs eine kleine, aber \u00e4u\u00dferst leckere St\u00e4rkung gereicht.<\/p>\n<p style=\"font-size: 18px\">Eintrittspreis:\u00a0<strong style=\"font-size: 18px\">69,- \u20ac<\/strong><\/p>\n<p style=\"font-size: 18px\"><strong style=\"font-size: 18px\">Wichtige Hinweise:<\/strong><\/p>\n<p style=\"font-size: 18px\">Bitte geben Sie Ihre Telefonnumer an, falls es kurzfristige \u00c4nderungen geben sollte.<\/p>\n<p style=\"font-size: 18px\">Wenn Sie im Bestellprozess als Versandmethode &#8222;Briefpost&#8220; ausw\u00e4hlen, senden wir Ihnen die Eintrittskarten\u00a0per Post zu.<\/p>\n<p style=\"font-size: 18px\">\n","protected":false},"excerpt":{"rendered":"<h4>Rum-Tasting mit Lothar Kuntze im Hotel Essener Hof !<\/h4>\n<p>Hallo liebe Rum-Feunde,<\/p>\n<p>am Freitag, den <strong>20.11.2026<\/strong> um <strong>20:00 Uhr<\/strong> findet wieder ein Rum-Tasting in Essen mit Lothar Kuntze statt. Es werden 6 au\u00dfergew\u00f6hnliche Rum-Sorten verkostet !<\/p>\n<p><span data-reactid=\".5w.1:5:1:$comment1683101888575781_1686425121576791:0.0.$right.0.$left.0.0.1\"><span data-ft=\"{&quot;tn&quot;:&quot;K&quot;}\" data-reactid=\".5w.1:5:1:$comment1683101888575781_1686425121576791:0.0.$right.0.$left.0.0.1.$comment-body\"><span class=\"UFICommentBody _1n4g\" data-reactid=\".5w.1:5:1:$comment1683101888575781_1686425121576791:0.0.$right.0.$left.0.0.1.$comment-body.0\"><span data-reactid=\".5w.1:5:1:$comment1683101888575781_1686425121576791:0.0.$right.0.$left.0.0.1.$comment-body.0.0\"><span data-reactid=\".5w.1:5:1:$comment1683101888575781_1686425121576791:0.0.$right.0.$left.0.0.1.$comment-body.0.0.$end:0:$text0:0\">Die 6 Sorten folgen !<\/span><\/span><\/span><\/span><\/span><\/p>\n<p>Der Veranstaltungsort ist das Hotel <a href=\"http:\/\/www.essener-hof.com\/\" target=\"_blank\" rel=\"noopener\">Essener Hof<\/a>, Am Handelshof 5, 45127 Essen.\u00a0In der Pause wird vom Service des Essener Hofs eine kleine, aber \u00e4u\u00dferst leckere St\u00e4rkung gereicht.<\/p>\n<p>Eintrittspreis: <strong>69,- \u20ac<\/strong><\/p>\n<p><strong>Wichtige Hinweise:<\/strong><\/p>\n<p>Bitte geben Sie Ihre Telefonnumer an, falls es kurzfristige \u00c4nderungen geben sollte.<\/p>\n<p>Wenn Sie im Bestellprozess als Versandmethode &#8222;Briefpost&#8220; ausw\u00e4hlen, senden wir Ihnen die Eintrittskarten\u00a0per Post zu.<\/p>\n<p>&nbsp;<\/p>\n","protected":false},"featured_media":31286,"comment_status":"closed","ping_status":"closed","template":"","meta":{"_acf_changed":false},"product_brand":[],"product_cat":[1595,1596],"product_tag":[977],"class_list":{"0":"post-7370","1":"product","2":"type-product","3":"status-publish","4":"has-post-thumbnail","6":"product_cat-veranstaltungen-dies-das","7":"product_cat-veranstaltungen","8":"product_tag-rumprobe-rum-rohn-rhon-ron-tasting-verkostung-seminar-kaspar-spirituosen-essen-nrw-lothar-kuntze-essener-hof-karibik-caribik","10":"first","11":"instock","12":"taxable","13":"shipping-taxable","14":"purchasable","15":"product-type-simple"},"acf":[],"_links":{"self":[{"href":"https:\/\/www.kaspar-spirituosen.de\/shop\/wp-json\/wp\/v2\/product\/7370","targetHints":{"allow":["GET"]}}],"collection":[{"href":"https:\/\/www.kaspar-spirituosen.de\/shop\/wp-json\/wp\/v2\/product"}],"about":[{"href":"https:\/\/www.kaspar-spirituosen.de\/shop\/wp-json\/wp\/v2\/types\/product"}],"replies":[{"embeddable":true,"href":"https:\/\/www.kaspar-spirituosen.de\/shop\/wp-json\/wp\/v2\/comments?post=7370"}],"wp:featuredmedia":[{"embeddable":true,"href":"https:\/\/www.kaspar-spirituosen.de\/shop\/wp-json\/wp\/v2\/media\/31286"}],"wp:attachment":[{"href":"https:\/\/www.kaspar-spirituosen.de\/shop\/wp-json\/wp\/v2\/media?parent=7370"}],"wp:term":[{"taxonomy":"product_brand","embeddable":true,"href":"https:\/\/www.kaspar-spirituosen.de\/shop\/wp-json\/wp\/v2\/product_brand?post=7370"},{"taxonomy":"product_cat","embeddable":true,"href":"https:\/\/www.kaspar-spirituosen.de\/shop\/wp-json\/wp\/v2\/product_cat?post=7370"},{"taxonomy":"product_tag","embeddable":true,"href":"https:\/\/www.kaspar-spirituosen.de\/shop\/wp-json\/wp\/v2\/product_tag?post=7370"}],"curies":[{"name":"wp","href":"https:\/\/api.w.org\/{rel}","templated":true}]}}