{"id":7446,"date":"2025-05-05T16:50:42","date_gmt":"2025-05-05T14:50:42","guid":{"rendered":"https:\/\/www.kaspar-spirituosen.de\/shop\/produkt\/aquavitae-tasting-26-10-k1-14-30-uhrpfau-obstbraende-und-whisky-aus-oesterreich\/"},"modified":"2025-10-24T16:16:45","modified_gmt":"2025-10-24T14:16:45","slug":"aquavitae-tasting-25-10-k1-14-30-uhrpfau-obstbraende-und-whisky-aus-oesterreich","status":"publish","type":"product","link":"https:\/\/www.kaspar-spirituosen.de\/shop\/produkt\/aquavitae-tasting-25-10-k1-14-30-uhrpfau-obstbraende-und-whisky-aus-oesterreich\/","title":{"rendered":"Aquavitae Tasting 25.10. S3  14.30 Uhr,&#8220;Pfau-Obstbr\u00e4nde und Whisky aus \u00d6sterreich&#8220;"},"content":{"rendered":"<p><strong>14:30 Uhr<\/strong> &#8222;<a href=\"https:\/\/www.obstler.de\/Pfau-Brand.html\" data-link-type=\"external\" data-type=\"linkpicker\">Pfau Obstbr\u00e4nde &amp; Whisky aus \u00d6sterreich<\/a>&#8220;<br \/>\nSeminarraum 3<br \/>\nPfau Apfel vom Fass 0,35l 43%<br \/>\nPfau Schwarze Ribisl-Johannisbeere 0,35l 43%<br \/>\nPfau Zirbe 0,35 Liter 43 % Vol.<br \/>\nPfau Malt Whisky 0,35l 43%<br \/>\nPfau Dinkel Whisky 0,35 Liter 43 %<br \/>\nReferent: Valentin Latschen<br \/>\nEintritt: 15,00 Euro<\/p>\n<p><strong>Die Pfau Brennerei stellt ausschlie\u00dflich 100% reine Br\u00e4nde<br \/>\nmit allen Ecken und Kanten einer Region und des jeweiligen Jahres<br \/>\nher. Die Qualit\u00e4t w\u00e4chst im Garten. Ohne jegliche Zus\u00e4tze wie<br \/>\nZucker oder Aroma.<\/strong><\/p>\n<p><b style=\"font-family: inherit\">Wichtige Hinweise:<\/b><\/p>\n<p><b>Die Teilnahme an Tastings\u00a0 ist nur f\u00fcr Besucher der Messe m\u00f6glich. Eintrittskarten an der Tageskasse, 14,-EUR p.P., im Vorverkauf\u00a013,-EUR p.P. ! Evtl. sind Restpl\u00e4tze an der Tageskasse erh\u00e4ltlich.<\/b><\/p>\n<p>Bitte w\u00e4hlen Sie im Bestellprozess als <strong>Versandmethode &#8222;Briefpost&#8220;<\/strong> aus. Wir senden Ihnen die Rechnung (es gibt <strong>keine Karten<\/strong> f\u00fcr die Tastings) per Post zu. Diese gilt als Buchungsbest\u00e4tigung, und bringen Sie diese als Buchungsbest\u00e4tigung bitte zum Seminar mit.<\/p>\n<p>Die Dauer der einzelnen Tastings betr\u00e4gt etwa 45-60 Minuten. Bitte finden Sie sich schon einige Minuten vor Beginn am jeweiligen Seminarraum ein, damit es p\u00fcnktlich losgehen kann.<\/p>\n<p>&nbsp;<\/p>\n","protected":false},"excerpt":{"rendered":"<p><strong>Die Teilnahme an Tastings der Aquavitae ist nur f\u00fcr Besucher der Messe m\u00f6glich: Eintrittskarten, 14,-EUR p.P., im Vorverkauf 13,-EUR p.P. !<\/strong><\/p>\n","protected":false},"featured_media":8867,"comment_status":"closed","ping_status":"closed","template":"","meta":{"_acf_changed":false},"product_brand":[],"product_cat":[1595,1598],"product_tag":[991],"class_list":{"0":"post-7446","1":"product","2":"type-product","3":"status-publish","4":"has-post-thumbnail","6":"product_cat-veranstaltungen-dies-das","7":"product_cat-aquavitae-eintrittskarten-tastings","8":"product_tag-whiskytasting-whisky-probe-verkostung-seminar-kaspar-spirituosen-essen-nrw-whiskyexperte-zeche-whiskymesse-spirituosenmesse-stadthalle-muelheim-an-der-ruhr-aquavitae-2023-obstbrandtasting-gin-rum-vodk","10":"first","11":"outofstock","12":"taxable","13":"shipping-taxable","14":"purchasable","15":"product-type-simple"},"acf":[],"_links":{"self":[{"href":"https:\/\/www.kaspar-spirituosen.de\/shop\/wp-json\/wp\/v2\/product\/7446","targetHints":{"allow":["GET"]}}],"collection":[{"href":"https:\/\/www.kaspar-spirituosen.de\/shop\/wp-json\/wp\/v2\/product"}],"about":[{"href":"https:\/\/www.kaspar-spirituosen.de\/shop\/wp-json\/wp\/v2\/types\/product"}],"replies":[{"embeddable":true,"href":"https:\/\/www.kaspar-spirituosen.de\/shop\/wp-json\/wp\/v2\/comments?post=7446"}],"wp:featuredmedia":[{"embeddable":true,"href":"https:\/\/www.kaspar-spirituosen.de\/shop\/wp-json\/wp\/v2\/media\/8867"}],"wp:attachment":[{"href":"https:\/\/www.kaspar-spirituosen.de\/shop\/wp-json\/wp\/v2\/media?parent=7446"}],"wp:term":[{"taxonomy":"product_brand","embeddable":true,"href":"https:\/\/www.kaspar-spirituosen.de\/shop\/wp-json\/wp\/v2\/product_brand?post=7446"},{"taxonomy":"product_cat","embeddable":true,"href":"https:\/\/www.kaspar-spirituosen.de\/shop\/wp-json\/wp\/v2\/product_cat?post=7446"},{"taxonomy":"product_tag","embeddable":true,"href":"https:\/\/www.kaspar-spirituosen.de\/shop\/wp-json\/wp\/v2\/product_tag?post=7446"}],"curies":[{"name":"wp","href":"https:\/\/api.w.org\/{rel}","templated":true}]}}