{"id":7683,"date":"2025-05-05T16:51:59","date_gmt":"2025-05-05T14:51:59","guid":{"rendered":"https:\/\/www.kaspar-spirituosen.de\/shop\/produkt\/2021-sancerre-domaine-thomas-labaille-lauthentique-075-lt\/"},"modified":"2025-10-24T16:15:39","modified_gmt":"2025-10-24T14:15:39","slug":"2021-sancerre-domaine-thomas-labaille-lauthentique-075-lt","status":"publish","type":"product","link":"https:\/\/www.kaspar-spirituosen.de\/shop\/produkt\/2021-sancerre-domaine-thomas-labaille-lauthentique-075-lt\/","title":{"rendered":"2021 Sancerre Domaine Thomas Labaille L\u00b4Authentique 0,75 lt"},"content":{"rendered":"<p><b>Loire<\/b><\/p>\n<p>Acht Hektar der Domaine Thomas-Labaille befinden sich auf steinigen Kalkb\u00f6den der Gemeinde Chavignol, zwei Hektar im Nachbardorf Surienvaux. Der Sancerre Authentique ist eine Assemblage aus verschiedenen Parzellen der Gemeinde Chavignol (Monts Damn\u00e9s, Grande Cote, Bois Fin, Chassaignes, Bouchons) und Surienvaux. Manuelle Lese in kleinen K\u00e4sten, spontane G\u00e4rung bei 18\u00b0C und Ausbau \u00fcber 8 Monate in Tanks auf der Feinhefe, 1 Abstich nach der alkoholischen G\u00e4rung, leichte Filtration, freier SO\u00b2 ca. 30 mg\/Liter, Produktion von 35.000 Flaschen<\/p>\n<p>Wein<br \/>\nAlkoholgehalt 13 %vol.<br \/>\nEnth\u00e4lt Sulfite<br \/>\nDomaine Thomas Labaille, Chavignol, 18300, Frankreich<\/p>\n","protected":false},"excerpt":{"rendered":"<p><b>Loire<\/b><\/p>\n<p>Acht Hektar der Domaine Thomas-Labaille befinden sich auf steinigen Kalkb\u00f6den der Gemeinde Chavignol, zwei Hektar im Nachbardorf Surienvaux. Der Sancerre Authentique ist eine Assemblage aus verschiedenen Parzellen der Gemeinde Chavignol (Monts Damn\u00e9s, Grande Cote, Bois Fin, Chassaignes, Bouchons) und Surienvaux. Manuelle Lese in kleinen K\u00e4sten, spontane G\u00e4rung bei 18\u00b0C und Ausbau \u00fcber 8 Monate in Tanks auf der Feinhefe, 1 Abstich nach der alkoholischen G\u00e4rung, leichte Filtration, freier SO\u00b2 ca. 30 mg\/Liter, Produktion von 35.000 Flaschen<\/p>\n<p>Wein<br \/>\nAlkoholgehalt 13 %vol.<br \/>\nEnth\u00e4lt Sulfite<br \/>\nDomaine Thomas Labaille, Chavignol, 18300, Frankreich<\/p>\n<p>&nbsp;<\/p>\n","protected":false},"featured_media":8985,"comment_status":"closed","ping_status":"closed","template":"","meta":{"_acf_changed":false},"product_brand":[],"product_cat":[1526,1534],"product_tag":[1109],"class_list":{"0":"post-7683","1":"product","2":"type-product","3":"status-publish","4":"has-post-thumbnail","6":"product_cat-weissweine","7":"product_cat-frankreich-02-2","8":"product_tag-sancerre-domaine-thomas-labaille-weisswein-weisswein-rolf-kaspar-nrw-essen-fachhandel-wein-weinbau-weine-weinprobe-loire","10":"first","11":"instock","12":"taxable","13":"shipping-taxable","14":"purchasable","15":"product-type-simple"},"acf":[],"_links":{"self":[{"href":"https:\/\/www.kaspar-spirituosen.de\/shop\/wp-json\/wp\/v2\/product\/7683","targetHints":{"allow":["GET"]}}],"collection":[{"href":"https:\/\/www.kaspar-spirituosen.de\/shop\/wp-json\/wp\/v2\/product"}],"about":[{"href":"https:\/\/www.kaspar-spirituosen.de\/shop\/wp-json\/wp\/v2\/types\/product"}],"replies":[{"embeddable":true,"href":"https:\/\/www.kaspar-spirituosen.de\/shop\/wp-json\/wp\/v2\/comments?post=7683"}],"wp:featuredmedia":[{"embeddable":true,"href":"https:\/\/www.kaspar-spirituosen.de\/shop\/wp-json\/wp\/v2\/media\/8985"}],"wp:attachment":[{"href":"https:\/\/www.kaspar-spirituosen.de\/shop\/wp-json\/wp\/v2\/media?parent=7683"}],"wp:term":[{"taxonomy":"product_brand","embeddable":true,"href":"https:\/\/www.kaspar-spirituosen.de\/shop\/wp-json\/wp\/v2\/product_brand?post=7683"},{"taxonomy":"product_cat","embeddable":true,"href":"https:\/\/www.kaspar-spirituosen.de\/shop\/wp-json\/wp\/v2\/product_cat?post=7683"},{"taxonomy":"product_tag","embeddable":true,"href":"https:\/\/www.kaspar-spirituosen.de\/shop\/wp-json\/wp\/v2\/product_tag?post=7683"}],"curies":[{"name":"wp","href":"https:\/\/api.w.org\/{rel}","templated":true}]}}