{"id":7712,"date":"2025-05-05T16:52:12","date_gmt":"2025-05-05T14:52:12","guid":{"rendered":"https:\/\/www.kaspar-spirituosen.de\/shop\/produkt\/2020-graves-dardonneau-tradition-rouge-075-lt\/"},"modified":"2025-10-24T16:15:33","modified_gmt":"2025-10-24T14:15:33","slug":"2020-graves-dardonneau-tradition-rouge-075-lt","status":"publish","type":"product","link":"https:\/\/www.kaspar-spirituosen.de\/shop\/produkt\/2020-graves-dardonneau-tradition-rouge-075-lt\/","title":{"rendered":"2020 Graves d&#8217;Ardonneau &#8222;Tradition&#8220; Rouge 0,75 lt."},"content":{"rendered":"<p><strong>Graves, Frankreich<\/strong><\/p>\n<p>Seit 1763 kultiviert die Familie Rex in der Gemeinde St. Mariens ihre Liebe zum Weinbau und nat\u00fcrlich zum Wein. 1960 \u00fcbernahm Simon Rex Leitung des Weingutes, und seit 1973 f\u00fcllte man die eigenen Weine unter dem Namen &#8222;Domaine des Graves d\u2019Ardonneau&#8220; ab.<\/p>\n<p>Der <strong>&#8222;Tradition&#8220; Rouge<\/strong>, 18 Monate im Stahltank ausgebaut, besteht aus 90% Merlot und jeweils 5% Cabernet Franc sowie Cot. Herrlich fruchtig, samtig-weicher Charakter &#8211; pures Trinkvergn\u00fcgen!<\/p>\n<p>Wein<br \/>\nAlkoholgehalt 13,5%vol.<br \/>\nEnth\u00e4lt Sulfite<br \/>\nSimon REY et Fils Proprietaires a Saint Mariens, 33620, France<\/p>\n","protected":false},"excerpt":{"rendered":"<p><strong>Graves, Frankreich<\/strong><\/p>\n<p>Seit 1763 kultiviert die Familie Rex in der Gemeinde St. Mariens ihre Liebe zum Weinbau und nat\u00fcrlich zum Wein. 1960 \u00fcbernahm Simon Rex Leitung des Weingutes, und seit 1973 f\u00fcllte man die eigenen Weine unter dem Namen &#8222;Domaine des Graves d\u2019Ardonneau&#8220; ab.<\/p>\n<p>Der <strong>&#8222;Tradition&#8220;<\/strong> <strong>Rouge<\/strong>, 18 Monate im Stahltank ausgebaut, besteht aus 90% Merlot und jeweils 5% Cabernet Franc sowie Cot. Herrlich fruchtig, samtig-weicher Charakter &#8211; pures Trinkvergn\u00fcgen!<\/p>\n<p>Wein<br \/>\nAlkoholgehalt 13,5%vol.<br \/>\nEnth\u00e4lt Sulfite<br \/>\nSimon REY et Fils Proprietaires a Saint Mariens, 33620, France<\/p>\n","protected":false},"featured_media":31362,"comment_status":"closed","ping_status":"closed","template":"","meta":{"_acf_changed":false},"product_brand":[],"product_cat":[1505,1514,1515],"product_tag":[1127],"class_list":{"0":"post-7712","1":"product","2":"type-product","3":"status-publish","4":"has-post-thumbnail","6":"product_cat-rotweine","7":"product_cat-frankreich","8":"product_cat-bordeaux-und-bergerac","9":"product_tag-frankreich-franzoesisch-bordeaux-rotwein-rot-wein-domaine-rolf-kaspar-essen-wein-weine-weinprobe","11":"first","12":"instock","13":"taxable","14":"shipping-taxable","15":"purchasable","16":"product-type-simple"},"acf":[],"_links":{"self":[{"href":"https:\/\/www.kaspar-spirituosen.de\/shop\/wp-json\/wp\/v2\/product\/7712","targetHints":{"allow":["GET"]}}],"collection":[{"href":"https:\/\/www.kaspar-spirituosen.de\/shop\/wp-json\/wp\/v2\/product"}],"about":[{"href":"https:\/\/www.kaspar-spirituosen.de\/shop\/wp-json\/wp\/v2\/types\/product"}],"replies":[{"embeddable":true,"href":"https:\/\/www.kaspar-spirituosen.de\/shop\/wp-json\/wp\/v2\/comments?post=7712"}],"wp:featuredmedia":[{"embeddable":true,"href":"https:\/\/www.kaspar-spirituosen.de\/shop\/wp-json\/wp\/v2\/media\/31362"}],"wp:attachment":[{"href":"https:\/\/www.kaspar-spirituosen.de\/shop\/wp-json\/wp\/v2\/media?parent=7712"}],"wp:term":[{"taxonomy":"product_brand","embeddable":true,"href":"https:\/\/www.kaspar-spirituosen.de\/shop\/wp-json\/wp\/v2\/product_brand?post=7712"},{"taxonomy":"product_cat","embeddable":true,"href":"https:\/\/www.kaspar-spirituosen.de\/shop\/wp-json\/wp\/v2\/product_cat?post=7712"},{"taxonomy":"product_tag","embeddable":true,"href":"https:\/\/www.kaspar-spirituosen.de\/shop\/wp-json\/wp\/v2\/product_tag?post=7712"}],"curies":[{"name":"wp","href":"https:\/\/api.w.org\/{rel}","templated":true}]}}