{"id":7714,"date":"2025-05-05T16:52:12","date_gmt":"2025-05-05T14:52:12","guid":{"rendered":"https:\/\/www.kaspar-spirituosen.de\/shop\/produkt\/2021-graves-dardonneau-cuvee-prestige-rouge-075-lt\/"},"modified":"2025-10-24T16:15:34","modified_gmt":"2025-10-24T14:15:34","slug":"2021-graves-dardonneau-cuvee-prestige-rouge-075-lt","status":"publish","type":"product","link":"https:\/\/www.kaspar-spirituosen.de\/shop\/produkt\/2021-graves-dardonneau-cuvee-prestige-rouge-075-lt\/","title":{"rendered":"2021 Graves d&#8217;Ardonneau Cuv\u00e9e Prestige Rouge 0,75 lt"},"content":{"rendered":"<p><strong>Graves, Frankreich<\/strong><\/p>\n<p>Seit 1763 kultiviert die Familie Rey in der Gemeinde St. Mariens ihre Liebe zum Weinbau und nat\u00fcrlich zum Wein. 1960 \u00fcbernahm Simon Rex Leitung des Weingutes, und seit 1973 f\u00fcllte man die eigenen Weine unter dem Namen &#8222;Domaine des Graves d\u2019Ardonneau&#8220; ab.<\/p>\n<p>Der <strong>Cuv\u00e9e Prestige Rouge<\/strong>, 18 Monate zu einem Drittel im gro\u00dfen Holzfass, zu zwei Dritteln in gebrauchten Barriques ausgebaut, besteht aus 75% Merlot und 25% Cabernet-Sauvignon. Ein hocharomatischer, vollmundiger Bordeaux, reich an Noten von feinen Gew\u00fcrzen, roten Fr\u00fcchten und dezentem Holz, zu einem unglaublich guten Preis-Leistungsverh\u00e4ltnis!<\/p>\n<p>Wein<br \/>\nAlkoholgehalt 14%vol.<br \/>\nEnth\u00e4lt Sulfite<br \/>\nSimon REY et Fils Proprietaires a Saint Mariens, 33620, France<\/p>\n","protected":false},"excerpt":{"rendered":"<p><strong>Graves, Frankreich<\/strong><\/p>\n<p>Seit 1763 kultiviert die Familie Rey in der Gemeinde St. Mariens ihre Liebe zum Weinbau und nat\u00fcrlich zum Wein. 1960 \u00fcbernahm Simon Rex Leitung des Weingutes, und seit 1973 f\u00fcllte man die eigenen Weine unter dem Namen &#8222;Domaine des Graves d\u2019Ardonneau&#8220; ab.<\/p>\n<p>Der <strong>Cuv\u00e9e Prestige Rouge<\/strong>, 18 Monate zu einem Drittel im gro\u00dfen Holzfass, zu zwei Dritteln in gebrauchten Barriques ausgebaut, besteht aus 75% Merlot und 25% Cabernet-Sauvignon. Ein hocharomatischer, vollmundiger Bordeaux, reich an Noten von feinen Gew\u00fcrzen, roten Fr\u00fcchten und dezentem Holz, zu einem unglaublich guten Preis-Leistungsverh\u00e4ltnis!<\/p>\n<p>Wein<br \/>\nAlkoholgehalt 14%vol.<br \/>\nEnth\u00e4lt Sulfite<br \/>\nSimon REY et Fils Proprietaires a Saint Mariens, 33620, France<\/p>\n","protected":false},"featured_media":31363,"comment_status":"closed","ping_status":"closed","template":"","meta":{"_acf_changed":false},"product_brand":[],"product_cat":[1505,1514,1515],"product_tag":[1127],"class_list":{"0":"post-7714","1":"product","2":"type-product","3":"status-publish","4":"has-post-thumbnail","6":"product_cat-rotweine","7":"product_cat-frankreich","8":"product_cat-bordeaux-und-bergerac","9":"product_tag-frankreich-franzoesisch-bordeaux-rotwein-rot-wein-domaine-rolf-kaspar-essen-wein-weine-weinprobe","11":"first","12":"instock","13":"taxable","14":"shipping-taxable","15":"purchasable","16":"product-type-simple"},"acf":[],"_links":{"self":[{"href":"https:\/\/www.kaspar-spirituosen.de\/shop\/wp-json\/wp\/v2\/product\/7714","targetHints":{"allow":["GET"]}}],"collection":[{"href":"https:\/\/www.kaspar-spirituosen.de\/shop\/wp-json\/wp\/v2\/product"}],"about":[{"href":"https:\/\/www.kaspar-spirituosen.de\/shop\/wp-json\/wp\/v2\/types\/product"}],"replies":[{"embeddable":true,"href":"https:\/\/www.kaspar-spirituosen.de\/shop\/wp-json\/wp\/v2\/comments?post=7714"}],"wp:featuredmedia":[{"embeddable":true,"href":"https:\/\/www.kaspar-spirituosen.de\/shop\/wp-json\/wp\/v2\/media\/31363"}],"wp:attachment":[{"href":"https:\/\/www.kaspar-spirituosen.de\/shop\/wp-json\/wp\/v2\/media?parent=7714"}],"wp:term":[{"taxonomy":"product_brand","embeddable":true,"href":"https:\/\/www.kaspar-spirituosen.de\/shop\/wp-json\/wp\/v2\/product_brand?post=7714"},{"taxonomy":"product_cat","embeddable":true,"href":"https:\/\/www.kaspar-spirituosen.de\/shop\/wp-json\/wp\/v2\/product_cat?post=7714"},{"taxonomy":"product_tag","embeddable":true,"href":"https:\/\/www.kaspar-spirituosen.de\/shop\/wp-json\/wp\/v2\/product_tag?post=7714"}],"curies":[{"name":"wp","href":"https:\/\/api.w.org\/{rel}","templated":true}]}}