{"id":7756,"date":"2025-05-05T16:52:24","date_gmt":"2025-05-05T14:52:24","guid":{"rendered":"https:\/\/www.kaspar-spirituosen.de\/shop\/produkt\/2020-garetto-barbera-dasti-075-lt\/"},"modified":"2025-10-24T16:15:27","modified_gmt":"2025-10-24T14:15:27","slug":"2020-garetto-barbera-dasti-075-lt","status":"publish","type":"product","link":"https:\/\/www.kaspar-spirituosen.de\/shop\/produkt\/2020-garetto-barbera-dasti-075-lt\/","title":{"rendered":"2020 Garetto Barbera d&#8217;Asti 0,75 lt."},"content":{"rendered":"<p><strong>Piemont<\/strong><\/p>\n<p>Ein Barbera, wie ein Barbera nur sein kann. In der Nase ein warmes Gef\u00fchl von W\u00fcrze, dunklem Obst und leicht nach Wald und Erde duftend. Im Mund kommt eine sauber herausgearbeitete Frucht zum Vorschein. Im Verlauf elegant und begleitet von reifen Tanninen. Hier gibt es sehr viel noblen Barbera-Spa\u00df!<\/p>\n<p><span style=\"font-family: Arial, Verdana, Helvetica; font-size: 18px;\">Der Grundstein f\u00fcr qualitativ hochwertigen Weinbau wurde in den sp\u00e4ten f\u00fcnfziger Jahren gelegt als begonnen wurde, die Weine selbst abzuf\u00fcllen. Die Weine werden aus bis zu 70 Jahre alten Reben vinifiziert.\u00a0<\/span><\/p>\n<p>Wein<br \/>\nAlkoholgehalt 13%vol.<br \/>\nEnth\u00e4lt Sulfite<br \/>\nTenuta Garetto di Garetto Alessandro, SanSan Asti-Mare 30, Agliano Terme (AT) 14041 &#8211; Italien<\/p>\n","protected":false},"excerpt":{"rendered":"<p><span style=\"font-family: Arial, Verdana, Helvetica; font-size: 18px;\">Ein Barbera, wie ein Barbera nur sein kann. In der Nase ein warmes Gef\u00fchl von W\u00fcrze, dunklem Obst und leicht nach Wald und Erde duftend. Im Mund kommt eine sauber herausgearbeitete Frucht zum Vorschein. Im Verlauf elegant und begleitet von reifen Tanninen. Hier gibt es sehr viel noblen Barbera-Spa\u00df!<\/span><\/p>\n<p>Der Grundstein f\u00fcr qualitativ hochwertigen Weinbau wurde in den sp\u00e4ten f\u00fcnfziger Jahren gelegt als begonnen wurde, die Weine selbst abzuf\u00fcllen. Die Weine werden aus bis zu 70 Jahre alten Reben vinifiziert.<\/p>\n<p>Wein<br \/>\nAlkoholgehalt 13%vol.<br \/>\nEnth\u00e4lt Sulfite<br \/>\nTenuta Garetto di Garetto Alessandro, SanSan Asti-Mare 30, Agliano Terme (AT) 14041 &#8211; Italien<\/p>\n","protected":false},"featured_media":31376,"comment_status":"closed","ping_status":"closed","template":"","meta":{"_acf_changed":false},"product_brand":[],"product_cat":[1505,1511,1512],"product_tag":[1168],"class_list":{"0":"post-7756","1":"product","2":"type-product","3":"status-publish","4":"has-post-thumbnail","6":"product_cat-rotweine","7":"product_cat-italien-zypern","8":"product_cat-der-norden-vom-trentino-bis-zur-toskana","9":"product_tag-tra-neuit-di-barbera-asti-tenuta-garetto-essen-rolf-kaspar-piemont-italien-italienisch-wein-weine","11":"first","12":"instock","13":"taxable","14":"shipping-taxable","15":"purchasable","16":"product-type-simple"},"acf":[],"_links":{"self":[{"href":"https:\/\/www.kaspar-spirituosen.de\/shop\/wp-json\/wp\/v2\/product\/7756","targetHints":{"allow":["GET"]}}],"collection":[{"href":"https:\/\/www.kaspar-spirituosen.de\/shop\/wp-json\/wp\/v2\/product"}],"about":[{"href":"https:\/\/www.kaspar-spirituosen.de\/shop\/wp-json\/wp\/v2\/types\/product"}],"replies":[{"embeddable":true,"href":"https:\/\/www.kaspar-spirituosen.de\/shop\/wp-json\/wp\/v2\/comments?post=7756"}],"wp:featuredmedia":[{"embeddable":true,"href":"https:\/\/www.kaspar-spirituosen.de\/shop\/wp-json\/wp\/v2\/media\/31376"}],"wp:attachment":[{"href":"https:\/\/www.kaspar-spirituosen.de\/shop\/wp-json\/wp\/v2\/media?parent=7756"}],"wp:term":[{"taxonomy":"product_brand","embeddable":true,"href":"https:\/\/www.kaspar-spirituosen.de\/shop\/wp-json\/wp\/v2\/product_brand?post=7756"},{"taxonomy":"product_cat","embeddable":true,"href":"https:\/\/www.kaspar-spirituosen.de\/shop\/wp-json\/wp\/v2\/product_cat?post=7756"},{"taxonomy":"product_tag","embeddable":true,"href":"https:\/\/www.kaspar-spirituosen.de\/shop\/wp-json\/wp\/v2\/product_tag?post=7756"}],"curies":[{"name":"wp","href":"https:\/\/api.w.org\/{rel}","templated":true}]}}