{"id":7818,"date":"2025-05-05T16:52:50","date_gmt":"2025-05-05T14:52:50","guid":{"rendered":"https:\/\/www.kaspar-spirituosen.de\/shop\/produkt\/2023-capcanes-mas-donis-rosat-075-lt\/"},"modified":"2026-05-02T10:02:21","modified_gmt":"2026-05-02T08:02:21","slug":"2023-capcanes-mas-donis-rosat-075-lt","status":"publish","type":"product","link":"https:\/\/www.kaspar-spirituosen.de\/shop\/produkt\/2023-capcanes-mas-donis-rosat-075-lt\/","title":{"rendered":"2023 Cap\u00e7anes Mas Donis Rosat 0,75 lt."},"content":{"rendered":"","protected":false},"excerpt":{"rendered":"<p><strong>Montsant, Spanien<\/strong><\/p>\n<p>Nach der vibrierenden Frucht, reife Him- und Erdbeeren im \u00dcberfluss, folgt die duftende Mineralit\u00e4t. Der Rosat begeistert durch seinen komplexen, durchtrainierten K\u00f6rper und seine rassige Art. Kein Wunder, stammt dieser Weine doch aus dem Montsant, einem Anbaugebiet unweit von Barcelona im Hinterland Tarragonas. Heute eher f\u00fcr ihre Petrolchemie bekannt, war die Stadt bereits zu Zeiten der R\u00f6mer einer der wichtigsten Umschlagpl\u00e4tze f\u00fcr Wein im gesamten Mittelmeerraum.\u00a0 Und eben dieses Montsant ist eine Region, die Sie im Sommer ob der Hitze bestimmt meiden w\u00fcrden. Steine, Felsen, Schiefer und Granit wohin das Auge reicht.<\/p>\n<pre id=\"tw-target-text\" class=\"tw-data-text vk_txt tw-ta tw-text-small\" dir=\"ltr\" style=\"text-align: left; height: 480px;\" data-fulltext=\"\" data-placeholder=\"\u00dcbersetzung\"><span lang=\"de\">Enth\u00e4lt Sulfite, 13 % vol., 0,75 L<\/span>\r\n\r\nCeller de Capcanes\r\nC\/ Llaberia 4.\r\n43776 Cap\u00e7anes - Tarragona (Spain)\r\nTel. (+34) 977 178 319\r\nES-ECO-019-CT<\/pre>\n","protected":false},"featured_media":31398,"comment_status":"closed","ping_status":"closed","template":"","meta":{"_acf_changed":false},"product_brand":[],"product_cat":[1537],"product_tag":[1213],"class_list":{"0":"post-7818","1":"product","2":"type-product","3":"status-publish","4":"has-post-thumbnail","6":"product_cat-roseweine","7":"product_tag-mas-spanien-donis-rosat-celler-de-capcanes-rolf-kaspar-essen-nrw-montsant-rose-rose-wein-fachhandel-weine-weinprobe-weinversand","9":"first","10":"instock","11":"taxable","12":"shipping-taxable","13":"purchasable","14":"product-type-simple"},"acf":[],"_links":{"self":[{"href":"https:\/\/www.kaspar-spirituosen.de\/shop\/wp-json\/wp\/v2\/product\/7818","targetHints":{"allow":["GET"]}}],"collection":[{"href":"https:\/\/www.kaspar-spirituosen.de\/shop\/wp-json\/wp\/v2\/product"}],"about":[{"href":"https:\/\/www.kaspar-spirituosen.de\/shop\/wp-json\/wp\/v2\/types\/product"}],"replies":[{"embeddable":true,"href":"https:\/\/www.kaspar-spirituosen.de\/shop\/wp-json\/wp\/v2\/comments?post=7818"}],"wp:featuredmedia":[{"embeddable":true,"href":"https:\/\/www.kaspar-spirituosen.de\/shop\/wp-json\/wp\/v2\/media\/31398"}],"wp:attachment":[{"href":"https:\/\/www.kaspar-spirituosen.de\/shop\/wp-json\/wp\/v2\/media?parent=7818"}],"wp:term":[{"taxonomy":"product_brand","embeddable":true,"href":"https:\/\/www.kaspar-spirituosen.de\/shop\/wp-json\/wp\/v2\/product_brand?post=7818"},{"taxonomy":"product_cat","embeddable":true,"href":"https:\/\/www.kaspar-spirituosen.de\/shop\/wp-json\/wp\/v2\/product_cat?post=7818"},{"taxonomy":"product_tag","embeddable":true,"href":"https:\/\/www.kaspar-spirituosen.de\/shop\/wp-json\/wp\/v2\/product_tag?post=7818"}],"curies":[{"name":"wp","href":"https:\/\/api.w.org\/{rel}","templated":true}]}}