{"id":7824,"date":"2025-05-05T16:52:50","date_gmt":"2025-05-05T14:52:50","guid":{"rendered":"https:\/\/www.kaspar-spirituosen.de\/shop\/produkt\/2020-capcanes-mas-collet-075-lt\/"},"modified":"2026-03-14T10:49:41","modified_gmt":"2026-03-14T09:49:41","slug":"2020-capcanes-mas-collet-075-lt","status":"publish","type":"product","link":"https:\/\/www.kaspar-spirituosen.de\/shop\/produkt\/2020-capcanes-mas-collet-075-lt\/","title":{"rendered":"2023 Cap\u00e7anes Mas Collet 0,75 lt."},"content":{"rendered":"","protected":false},"excerpt":{"rendered":"<p>Das Bukett dieses gro\u00dfartigen Weines l\u00e4sst schon erahnen, dass hier ein erwachsener Wein im Glas liegt. Holzw\u00fcrze, r\u00f6stiger Duft nach reifen, getrockneten roten Beeren. Zwetschgen, Unterholz und feuchte Erde dominieren die Nase. Im Mund kompakt und doch dicht. Saftige Holzw\u00fcrze mit feinporigem Tannin. Schokolade und R\u00f6staromen im Hintergrund. Mittelkr\u00e4ftiger Ausklang und pr\u00e4senter Nachhall.<\/p>\n<p>Ein Wein, der seine Heimat unverkennbar dokumentiert und verstehen l\u00e4sst, weshalb das Montsant und das Priorato solch einen \u00fcberw\u00e4ltigenden Erfolg feiern.<\/p>\n<pre id=\"tw-target-text\" class=\"tw-data-text vk_txt tw-ta tw-text-small\" dir=\"ltr\" style=\"text-align: left;height: 480px\" data-fulltext=\"\" data-placeholder=\"\u00dcbersetzung\"><span lang=\"de\">Enth\u00e4lt Sulfite, 14,5 % vol., 0,75 L<\/span>C\r\n\r\nCeller de Capcanes\r\nC\/ Llaberia 4.\r\n43776 Cap\u00e7anes - Tarragona (Spain)\r\nTel. (+34) 977 178 319\r\nES-ECO-019-CT<\/pre>\n<pre id=\"tw-target-text\" class=\"tw-data-text vk_txt tw-ta tw-text-small\" dir=\"ltr\" style=\"text-align: left;height: 480px\" data-fulltext=\"\" data-placeholder=\"\u00dcbersetzung\"><\/pre>\n<pre class=\"tw-data-text vk_txt tw-ta tw-text-small\" dir=\"ltr\" style=\"text-align: left;height: 480px\" data-fulltext=\"\" data-placeholder=\"\u00dcbersetzung\"><span lang=\"de\">Celler de Capcanes\r\nC\/ Llaberia 4.\r\n43776 Cap\u00e7anes - Tarragona (Spain)\r\nTel. (+34) 977 178 319<\/span><\/pre>\n","protected":false},"featured_media":31400,"comment_status":"closed","ping_status":"closed","template":"","meta":{"_acf_changed":false},"product_brand":[],"product_cat":[1505,1518,1520],"product_tag":[1216],"class_list":{"0":"post-7824","1":"product","2":"type-product","3":"status-publish","4":"has-post-thumbnail","6":"product_cat-rotweine","7":"product_cat-spanien-2","8":"product_cat-montsant-priorat","9":"product_tag-mas-collet-celler-de-capcanes-rolf-kaspar-montsant-rotweine-wein-weinbau-weine-spanien-spanischer-spanisch","11":"first","12":"instock","13":"taxable","14":"shipping-taxable","15":"purchasable","16":"product-type-simple"},"acf":[],"_links":{"self":[{"href":"https:\/\/www.kaspar-spirituosen.de\/shop\/wp-json\/wp\/v2\/product\/7824","targetHints":{"allow":["GET"]}}],"collection":[{"href":"https:\/\/www.kaspar-spirituosen.de\/shop\/wp-json\/wp\/v2\/product"}],"about":[{"href":"https:\/\/www.kaspar-spirituosen.de\/shop\/wp-json\/wp\/v2\/types\/product"}],"replies":[{"embeddable":true,"href":"https:\/\/www.kaspar-spirituosen.de\/shop\/wp-json\/wp\/v2\/comments?post=7824"}],"wp:featuredmedia":[{"embeddable":true,"href":"https:\/\/www.kaspar-spirituosen.de\/shop\/wp-json\/wp\/v2\/media\/31400"}],"wp:attachment":[{"href":"https:\/\/www.kaspar-spirituosen.de\/shop\/wp-json\/wp\/v2\/media?parent=7824"}],"wp:term":[{"taxonomy":"product_brand","embeddable":true,"href":"https:\/\/www.kaspar-spirituosen.de\/shop\/wp-json\/wp\/v2\/product_brand?post=7824"},{"taxonomy":"product_cat","embeddable":true,"href":"https:\/\/www.kaspar-spirituosen.de\/shop\/wp-json\/wp\/v2\/product_cat?post=7824"},{"taxonomy":"product_tag","embeddable":true,"href":"https:\/\/www.kaspar-spirituosen.de\/shop\/wp-json\/wp\/v2\/product_tag?post=7824"}],"curies":[{"name":"wp","href":"https:\/\/api.w.org\/{rel}","templated":true}]}}