{"id":7838,"date":"2025-05-05T16:52:50","date_gmt":"2025-05-05T14:52:50","guid":{"rendered":"https:\/\/www.kaspar-spirituosen.de\/shop\/produkt\/2019-capcanes-mas-torto-075-lt\/"},"modified":"2025-12-05T16:19:57","modified_gmt":"2025-12-05T15:19:57","slug":"2019-capcanes-mas-torto-075-lt","status":"publish","type":"product","link":"https:\/\/www.kaspar-spirituosen.de\/shop\/produkt\/2019-capcanes-mas-torto-075-lt\/","title":{"rendered":"2019 Cap\u00e7anes Mas Tort\u00f3 0,75 lt."},"content":{"rendered":"","protected":false},"excerpt":{"rendered":"<p>Diesen Wein m\u00fcssen Sie unbedingt erleben: Gigantisch !!<\/p>\n<p>Eine Cuv\u00e9e aus Samso (Tempranillo), Cabernet Sauvignon und Syrah<\/p>\n<p>14 Monate im Barrique ausgebaut<\/p>\n<p>Die 80 Mitglieder dieser 220 ha gro\u00dfen Winzergenossenschaft geh\u00f6ren zu Spaniens Elite. Vom namenlosen Traubenlieferant, dessen Weine namhafte Erzeuger als St\u00fctze ihrer schwachen Weine verwendeten, entwickelte sich dieser Winzerzusammenschluss zum Abf\u00fcller wahrlich gro\u00dfer Weine. Ansto\u00df f\u00fcr diesen Prozess gab die j\u00fcdische Gemeinde Barcelonas. Gemeinsam mit dem Rabbiner wird bis heute unter extrem erschwerten Bedingungen der &#8222;Flor de Primavera&#8220;, ein koscherer Wein produziert. Auf den H\u00fcgeln und steilen H\u00e4ngen des Montsant leben die jungen Rebst\u00f6ckchen und die uralten knorrigen Garnachas und Cari\u00f1enas. St\u00f6cke verschiedener Rebsorten, aus denen die Verantwortlichen ein umfangreiches Sortiment absoluter Spitzenweine f\u00fcr jeden Anlass und aus jedem Preissegment erarbeiten.<\/p>\n<pre id=\"tw-target-text\" class=\"tw-data-text vk_txt tw-ta tw-text-small\" dir=\"ltr\" style=\"text-align: left;height: 480px\" data-fulltext=\"\" data-placeholder=\"\u00dcbersetzung\"><span lang=\"de\">Enth\u00e4lt Sulfite, 15 % vol., 0,75 L<\/span>\r\n\r\nCeller de Capcanes\r\nC\/ Llaberia 4.\r\n43776 Cap\u00e7anes - Tarragona (Spain)\r\nTel. (+34) 977 178 319\r\n<\/pre>\n","protected":false},"featured_media":9068,"comment_status":"closed","ping_status":"closed","template":"","meta":{"_acf_changed":false},"product_brand":[],"product_cat":[1505,1518,1520],"product_tag":[1224],"class_list":{"0":"post-7838","1":"product","2":"type-product","3":"status-publish","4":"has-post-thumbnail","6":"product_cat-rotweine","7":"product_cat-spanien-2","8":"product_cat-montsant-priorat","9":"product_tag-mas-torto-celler-de-capcanes-rolf-kaspar-essen-nrw-montsant-rotweine-wein-weine-spanien-spanischer-spanisch","11":"first","12":"outofstock","13":"taxable","14":"shipping-taxable","15":"purchasable","16":"product-type-simple"},"acf":[],"_links":{"self":[{"href":"https:\/\/www.kaspar-spirituosen.de\/shop\/wp-json\/wp\/v2\/product\/7838","targetHints":{"allow":["GET"]}}],"collection":[{"href":"https:\/\/www.kaspar-spirituosen.de\/shop\/wp-json\/wp\/v2\/product"}],"about":[{"href":"https:\/\/www.kaspar-spirituosen.de\/shop\/wp-json\/wp\/v2\/types\/product"}],"replies":[{"embeddable":true,"href":"https:\/\/www.kaspar-spirituosen.de\/shop\/wp-json\/wp\/v2\/comments?post=7838"}],"wp:featuredmedia":[{"embeddable":true,"href":"https:\/\/www.kaspar-spirituosen.de\/shop\/wp-json\/wp\/v2\/media\/9068"}],"wp:attachment":[{"href":"https:\/\/www.kaspar-spirituosen.de\/shop\/wp-json\/wp\/v2\/media?parent=7838"}],"wp:term":[{"taxonomy":"product_brand","embeddable":true,"href":"https:\/\/www.kaspar-spirituosen.de\/shop\/wp-json\/wp\/v2\/product_brand?post=7838"},{"taxonomy":"product_cat","embeddable":true,"href":"https:\/\/www.kaspar-spirituosen.de\/shop\/wp-json\/wp\/v2\/product_cat?post=7838"},{"taxonomy":"product_tag","embeddable":true,"href":"https:\/\/www.kaspar-spirituosen.de\/shop\/wp-json\/wp\/v2\/product_tag?post=7838"}],"curies":[{"name":"wp","href":"https:\/\/api.w.org\/{rel}","templated":true}]}}