{"id":7839,"date":"2025-05-05T16:52:50","date_gmt":"2025-05-05T14:52:50","guid":{"rendered":"https:\/\/www.kaspar-spirituosen.de\/shop\/produkt\/2021-capcanes-peraj-haabib-flor-de-primavera-075-lt\/"},"modified":"2025-10-24T16:14:23","modified_gmt":"2025-10-24T14:14:23","slug":"2021-capcanes-peraj-haabib-flor-de-primavera-075-lt","status":"publish","type":"product","link":"https:\/\/www.kaspar-spirituosen.de\/shop\/produkt\/2021-capcanes-peraj-haabib-flor-de-primavera-075-lt\/","title":{"rendered":"2021 Cap\u00e7anes Peraj Ha&#8217;abib Flor de Primavera 0,75 lt."},"content":{"rendered":"","protected":false},"excerpt":{"rendered":"<p>Dieser Wein war f\u00fcr die Winzergenossen der Ausl\u00f6ser ihre Weine selbst zu vermarkten. Denn bis dato verkauften sie ihre Trauben komplett weiter, ohne je als Erzeuger wahrgenommen zu werden. Eines Tages kam dann der Rabbiner David Liebersohn und lie\u00df mit dem &#8222;Peraj Ha&#8217;abib&#8220; nicht nur einen absoluten Traumwein keltern, er sorgte auch daf\u00fcr, dass die Genossen eine neue Identit\u00e4t erhielten.<\/p>\n<p>Das ist Stoff aus dem Tr\u00e4ume gemacht sind: Saftig, opulent, durchtrainiert, fleischig, fulminant dunkel &#8230;aufgrund der religi\u00f6sen Hintergr\u00fcnde w\u00e4hrend seiner Entstehung, ben\u00f6tigt dieser Wein nicht nur lange Zeit im Glas, um sich von seiner guten Seite zu zeigen.<\/p>\n<pre id=\"tw-target-text\" class=\"tw-data-text vk_txt tw-ta tw-text-small\" dir=\"ltr\" style=\"text-align: left; height: 480px;\" data-fulltext=\"\" data-placeholder=\"\u00dcbersetzung\"><span lang=\"de\">Enth\u00e4lt Sulfite, 14,5 % vol., 0,75 L\r\n\r\nCeller de Capcanes\r\nC\/ Llaberia 4.\r\n43776 Cap\u00e7anes - Tarragona (Spain)\r\nTel. (+34) 977 178 319<\/span><\/pre>\n","protected":false},"featured_media":31406,"comment_status":"closed","ping_status":"closed","template":"","meta":{"_acf_changed":false},"product_brand":[],"product_cat":[1505,1518,1519],"product_tag":[1225],"class_list":{"0":"post-7839","1":"product","2":"type-product","3":"status-publish","4":"has-post-thumbnail","6":"product_cat-rotweine","7":"product_cat-spanien-2","8":"product_cat-rioja-navarra-carinena-catalayud","9":"product_tag-flor-de-primavera-peraj-haabib-lo-mebusha-celler-de-capcanes-rolf-kaspar-essen-nrw-montsant-spanien-spanischer-spanisch","11":"first","12":"outofstock","13":"taxable","14":"shipping-taxable","15":"purchasable","16":"product-type-simple"},"acf":[],"_links":{"self":[{"href":"https:\/\/www.kaspar-spirituosen.de\/shop\/wp-json\/wp\/v2\/product\/7839","targetHints":{"allow":["GET"]}}],"collection":[{"href":"https:\/\/www.kaspar-spirituosen.de\/shop\/wp-json\/wp\/v2\/product"}],"about":[{"href":"https:\/\/www.kaspar-spirituosen.de\/shop\/wp-json\/wp\/v2\/types\/product"}],"replies":[{"embeddable":true,"href":"https:\/\/www.kaspar-spirituosen.de\/shop\/wp-json\/wp\/v2\/comments?post=7839"}],"wp:featuredmedia":[{"embeddable":true,"href":"https:\/\/www.kaspar-spirituosen.de\/shop\/wp-json\/wp\/v2\/media\/31406"}],"wp:attachment":[{"href":"https:\/\/www.kaspar-spirituosen.de\/shop\/wp-json\/wp\/v2\/media?parent=7839"}],"wp:term":[{"taxonomy":"product_brand","embeddable":true,"href":"https:\/\/www.kaspar-spirituosen.de\/shop\/wp-json\/wp\/v2\/product_brand?post=7839"},{"taxonomy":"product_cat","embeddable":true,"href":"https:\/\/www.kaspar-spirituosen.de\/shop\/wp-json\/wp\/v2\/product_cat?post=7839"},{"taxonomy":"product_tag","embeddable":true,"href":"https:\/\/www.kaspar-spirituosen.de\/shop\/wp-json\/wp\/v2\/product_tag?post=7839"}],"curies":[{"name":"wp","href":"https:\/\/api.w.org\/{rel}","templated":true}]}}