{"id":7931,"date":"2025-05-05T16:53:28","date_gmt":"2025-05-05T14:53:28","guid":{"rendered":"https:\/\/www.kaspar-spirituosen.de\/shop\/produkt\/2021-unger-gruener-veltliner-furth-075-lt\/"},"modified":"2025-10-24T16:14:08","modified_gmt":"2025-10-24T14:14:08","slug":"2021-unger-gruener-veltliner-furth-075-lt","status":"publish","type":"product","link":"https:\/\/www.kaspar-spirituosen.de\/shop\/produkt\/2021-unger-gruener-veltliner-furth-075-lt\/","title":{"rendered":"2021 Unger Gr\u00fcner Veltliner Furth 0,75 lt."},"content":{"rendered":"","protected":false},"excerpt":{"rendered":"<p><b>Kremstal, \u00d6sterreich<\/b><\/p>\n<h1>GR\u00dcNER VELTLINER Furth, Kremstal DAC<\/h1>\n<p>100% Edelstahltank<\/p>\n<p><b>Zieselrain:<\/b><br \/>\ns\u00fcdlich der Donau, auf einem Hochplateau am Fu\u00dfe des G\u00f6ttweiger Berges gelegen, umfasst diese Lage Weing\u00e4rten der Rieden Oberfeld, Gottschelle, Katzengraben, Hintere und Obere Point.<\/p>\n<p><b>Boden:<\/b><br \/>\ntiefgr\u00fcndiger L\u00f6ss, teilweise auch eiszeitliche Schotterkonglomerate darunter.<\/p>\n<p><b>Beschreibung:<\/b><br \/>\nLeuchtendes, helles Strohgelb. Intensiver Duft nach gelben \u00c4pfeln, saftigen Birnen, Mandarinen, sowie frisch gemahlenem wei\u00dfen Pfeffer. Die feinen Aromen werden am Gaumen von einem eleganten K\u00f6rper und einer fruchtigen S\u00e4ure getragen. Veltliner-typischer Nachhall!<\/p>\n<p><b>Speisenempfehlung:<\/b><br \/>\nS\u00fc\u00dfwasserfische pochiert, zarte Weichk\u00e4se, Pastagerichte, Vorspeisen, Hausmannskost<\/p>\n<p><b>Serviertemperatur: <\/b><br \/>\n10\u00b0C, Chardonnayglas<\/p>\n<p><i>Speisenempfehlung: <\/i>S\u00fc\u00dfwasserfische pochiert, zarter Weichk\u00e4se, Pastagerichte, Vorspeisen, Hausmannskost<\/p>\n<p>Enth\u00e4lt Sulfite, 0,75 L, 12,5 % vol.<\/p>\n<p>Weingut Petra Unger<br \/>\nZELLERGRABEN 245, 3511 FURTH, AUSTRIA<br \/>\nTEL. +43 676-848 622 822, FAX 02732-76801<br \/>\nE-MAIL: office@ungerwein.at<\/p>\n","protected":false},"featured_media":31425,"comment_status":"closed","ping_status":"closed","template":"","meta":{"_acf_changed":false},"product_brand":[],"product_cat":[1526,1532],"product_tag":[1280],"class_list":{"0":"post-7931","1":"product","2":"type-product","3":"status-publish","4":"has-post-thumbnail","6":"product_cat-weissweine","7":"product_cat-oesterreich-02-2","8":"product_tag-gruener-petra-furth-niederoesterreich-oesterreich-oesterreich-weingut-rolf-kaspar-essen-nrw","10":"first","11":"outofstock","12":"taxable","13":"shipping-taxable","14":"purchasable","15":"product-type-simple"},"acf":[],"_links":{"self":[{"href":"https:\/\/www.kaspar-spirituosen.de\/shop\/wp-json\/wp\/v2\/product\/7931","targetHints":{"allow":["GET"]}}],"collection":[{"href":"https:\/\/www.kaspar-spirituosen.de\/shop\/wp-json\/wp\/v2\/product"}],"about":[{"href":"https:\/\/www.kaspar-spirituosen.de\/shop\/wp-json\/wp\/v2\/types\/product"}],"replies":[{"embeddable":true,"href":"https:\/\/www.kaspar-spirituosen.de\/shop\/wp-json\/wp\/v2\/comments?post=7931"}],"wp:featuredmedia":[{"embeddable":true,"href":"https:\/\/www.kaspar-spirituosen.de\/shop\/wp-json\/wp\/v2\/media\/31425"}],"wp:attachment":[{"href":"https:\/\/www.kaspar-spirituosen.de\/shop\/wp-json\/wp\/v2\/media?parent=7931"}],"wp:term":[{"taxonomy":"product_brand","embeddable":true,"href":"https:\/\/www.kaspar-spirituosen.de\/shop\/wp-json\/wp\/v2\/product_brand?post=7931"},{"taxonomy":"product_cat","embeddable":true,"href":"https:\/\/www.kaspar-spirituosen.de\/shop\/wp-json\/wp\/v2\/product_cat?post=7931"},{"taxonomy":"product_tag","embeddable":true,"href":"https:\/\/www.kaspar-spirituosen.de\/shop\/wp-json\/wp\/v2\/product_tag?post=7931"}],"curies":[{"name":"wp","href":"https:\/\/api.w.org\/{rel}","templated":true}]}}