{"id":7954,"date":"2025-05-05T16:53:28","date_gmt":"2025-05-05T14:53:28","guid":{"rendered":"https:\/\/www.kaspar-spirituosen.de\/shop\/produkt\/2017-kings-sauvignon-blanc-075-lt\/"},"modified":"2025-10-24T16:14:11","modified_gmt":"2025-10-24T14:14:11","slug":"2017-kings-sauvignon-blanc-075-lt","status":"publish","type":"product","link":"https:\/\/www.kaspar-spirituosen.de\/shop\/produkt\/2017-kings-sauvignon-blanc-075-lt\/","title":{"rendered":"2017 King&#8217;s Sauvignon Blanc 0,75 lt."},"content":{"rendered":"<p><strong>The King&#8217;s Favour Sauvignon Blanc<\/strong><\/p>\n<p>Dieser Wein ist eine pr\u00e4zise und lebendige Auspr\u00e4gung des <strong>NZ Sauvignon Blanc <\/strong>mit Aromen von wilder Minze, Paprika und reifer Limette gepaart mit einer herzhaften Note. Diese komplexe Mischung von Aromen wird mit der f\u00fcr das Waihopai Valley typischen S\u00e4ure geliefert, von der der Wein seine Kraft und L\u00e4nge erh\u00e4lt.<\/p>\n<p>Ein k\u00f6stliches Gegenst\u00fcck zu den meisten Meeresfr\u00fcchten. Probieren Sie unseren <strong>King\u2019s Favour Sauvignon Blanc <\/strong>mit einem Salat aus mariniertem Baby Oktopus, Rucola, Petersilie und Kapern.<\/p>\n<p>Wein, enth\u00e4lt Sulfite, 0,75 L, 13%vol.<br \/>\nMarisco Vineyards Limited, Guernsey Rd, Marlborough, New Zealand<\/p>\n","protected":false},"excerpt":{"rendered":"<p><span style=\"font-size: 16px;\">\u00a0lebendige Auspr\u00e4gung des Sauvignon Blanc mit Aromen von wilder Minze, Paprika und reifer Limette\u00a0<\/span><\/p>\n","protected":false},"featured_media":31434,"comment_status":"closed","ping_status":"closed","template":"","meta":{"_acf_changed":false},"product_brand":[],"product_cat":[1526,1536],"product_tag":[1294],"class_list":{"0":"post-7954","1":"product","2":"type-product","3":"status-publish","4":"has-post-thumbnail","6":"product_cat-weissweine","7":"product_cat-uebersee","8":"product_tag-neuseeland-sauvignon-blanc-marisco-vineyards-marlborough-rolf-kaspar-nrw-essen-wein-weine-neuseelaendisch-weisswein-fernlands-the-ned-the-kings-craft-series","10":"first","11":"instock","12":"taxable","13":"shipping-taxable","14":"purchasable","15":"product-type-simple"},"acf":[],"_links":{"self":[{"href":"https:\/\/www.kaspar-spirituosen.de\/shop\/wp-json\/wp\/v2\/product\/7954","targetHints":{"allow":["GET"]}}],"collection":[{"href":"https:\/\/www.kaspar-spirituosen.de\/shop\/wp-json\/wp\/v2\/product"}],"about":[{"href":"https:\/\/www.kaspar-spirituosen.de\/shop\/wp-json\/wp\/v2\/types\/product"}],"replies":[{"embeddable":true,"href":"https:\/\/www.kaspar-spirituosen.de\/shop\/wp-json\/wp\/v2\/comments?post=7954"}],"wp:featuredmedia":[{"embeddable":true,"href":"https:\/\/www.kaspar-spirituosen.de\/shop\/wp-json\/wp\/v2\/media\/31434"}],"wp:attachment":[{"href":"https:\/\/www.kaspar-spirituosen.de\/shop\/wp-json\/wp\/v2\/media?parent=7954"}],"wp:term":[{"taxonomy":"product_brand","embeddable":true,"href":"https:\/\/www.kaspar-spirituosen.de\/shop\/wp-json\/wp\/v2\/product_brand?post=7954"},{"taxonomy":"product_cat","embeddable":true,"href":"https:\/\/www.kaspar-spirituosen.de\/shop\/wp-json\/wp\/v2\/product_cat?post=7954"},{"taxonomy":"product_tag","embeddable":true,"href":"https:\/\/www.kaspar-spirituosen.de\/shop\/wp-json\/wp\/v2\/product_tag?post=7954"}],"curies":[{"name":"wp","href":"https:\/\/api.w.org\/{rel}","templated":true}]}}