{"id":8051,"date":"2025-05-05T16:54:04","date_gmt":"2025-05-05T14:54:04","guid":{"rendered":"https:\/\/www.kaspar-spirituosen.de\/shop\/produkt\/louis-roederer-brut-premier-075-lt\/"},"modified":"2025-10-24T16:13:48","modified_gmt":"2025-10-24T14:13:48","slug":"louis-roederer-brut-premier-075-lt","status":"publish","type":"product","link":"https:\/\/www.kaspar-spirituosen.de\/shop\/produkt\/louis-roederer-brut-premier-075-lt\/","title":{"rendered":"Louis Roederer Brut Premier 0,75 lt"},"content":{"rendered":"<p>Jahrgangsloser Spitzenchampagner aus ca. 65% Pinot Noir, ca. 5% Pinot Meunier und ca. 30% Chardonnay. Die Assemblage enth\u00e4lt bis zu 20% alte Reserveweine. Dieser Champagner lagert bis zu vier Jahre auf der Hefe und zeichnet sich (dank der reichhaltig vertretenen Pinot-Noir-Reben) als besonders fruchtig und k\u00f6rperreich aus. Zus\u00e4tzlich gewinnt er durch den Verschnitt mit \u00e4lteren, in Eichenf\u00e4ssern gelagerten Reserveweinen angenehme Vanille-Nuancen.<\/p>\n<p>Das Haus Louis Roederer genie\u00dft seit jeher den Ruf gleich bleibend hoher Qualit\u00e4t. Es gilt zudem als eines der gr\u00f6\u00dften und finanziell st\u00e4rksten Champagner-H\u00e4user. Louis Roederer befindet sich im Privatbesitz und verf\u00fcgt \u00fcber ca. 180 ha Weinberge in besten Lagen.<br \/>\nMit dieser bemerkenswerten Grundlage eigener Reben kann das Haus Roederer den Bedarf f\u00fcr \u00fcber 2 Mio. Flaschen pro Jahr zu 70 bis 80% selbst decken.<\/p>\n<p>Den Champagnern ohne Jahrgang kommen gro\u00dfz\u00fcgige drei bis vier Jahre Lagerung in den Flaschen zugute. Jahrgangs-Champagner genie\u00dfen mindestens f\u00fcnf bis sechs Jahre Lagerung. Zus\u00e4tzlich kommen bei Roederer-Champagnern ca. sechs Monate &#8218;Flaschenruhe&#8216; nach dem Degorgieren hinzu. Durchschnittlich ruhen ca. 6 Mio. Flaschen Champagner gem\u00e4chlich auf der Hefe in den k\u00fchlen Kellern des Hauses. Dies tr\u00e4gt zu einer Reihe au\u00dferordentlich guter Champagner bei &#8211; vom jahrgangslosen Brut Premier bis hin zum ber\u00fchmten Prestige Cuv\u00e9e Cristal.<\/p>\n<p><em>Champagner<br \/>\nAlkoholgehalt 12%vol.<br \/>\nEnth\u00e4lt Sulfite<br \/>\nLouis Roederer, Reims, France NM-291-001<\/em><\/p>\n","protected":false},"excerpt":{"rendered":"<p>Jahrgangsloser Spitzenchampagner aus ca. 65% Pinot Noir, ca. 5% Pinot Meunier und ca. 30% Chardonnay. Die Assemblage enth\u00e4lt bis zu 20% alte Reserveweine. Dieser Champagner lagert bis zu vier Jahre auf der Hefe und zeichnet sich (dank der reichhaltig vertretenen Pinot-Noir-Reben) als besonders fruchtig und k\u00f6rperreich aus. Zus\u00e4tzlich gewinnt er durch den Verschnitt mit \u00e4lteren, in Eichenf\u00e4ssern gelagerten Reserveweinen angenehme Vanille-Nuancen.<\/p>\n<p>Das Haus Louis Roederer genie\u00dft seit jeher den Ruf gleich bleibend hoher Qualit\u00e4t. Es gilt zudem als eines der gr\u00f6\u00dften und finanziell st\u00e4rksten Champagner-H\u00e4user. Louis Roederer befindet sich im Privatbesitz und verf\u00fcgt \u00fcber ca. 180 ha Weinberge in besten Lagen.<br \/>\nMit dieser bemerkenswerten Grundlage eigener Reben kann das Haus Roederer den Bedarf f\u00fcr \u00fcber 2 Mio. Flaschen pro Jahr zu 70 bis 80% selbst decken.<\/p>\n<p>Den Champagnern ohne Jahrgang kommen gro\u00dfz\u00fcgige drei bis vier Jahre Lagerung in den Flaschen zugute. Jahrgangs-Champagner genie\u00dfen mindestens f\u00fcnf bis sechs Jahre Lagerung. Zus\u00e4tzlich kommen bei Roederer-Champagnern ca. sechs Monate &#8218;Flaschenruhe&#8216; nach dem Degorgieren hinzu. Durchschnittlich ruhen ca. 6 Mio. Flaschen Champagner gem\u00e4chlich auf der Hefe in den k\u00fchlen Kellern des Hauses. Dies tr\u00e4gt zu einer Reihe au\u00dferordentlich guter Champagner bei &#8211; vom jahrgangslosen Brut Premier bis hin zum ber\u00fchmten Prestige Cuv\u00e9e Cristal.<\/p>\n<p><em>Champagner<br \/>\nAlkoholgehalt 12%vol.<br \/>\nEnth\u00e4lt Sulfite<br \/>\nLouis Roederer, Reims, France NM-291-001<\/em><\/p>\n","protected":false},"featured_media":31470,"comment_status":"closed","ping_status":"closed","template":"","meta":{"_acf_changed":false},"product_brand":[],"product_cat":[1539,1542],"product_tag":[1351],"class_list":{"0":"post-8051","1":"product","2":"type-product","3":"status-publish","4":"has-post-thumbnail","6":"product_cat-sekt-champagner-prosecco-co","7":"product_cat-frankreich-2","8":"product_tag-champagne-schaumwein-reims-epernay-epernay-methode-methode-traditionnelle-ruetteln-handgeruettelt-degorgieren-degorgieren-dosage-mousseux-chardonnay-pinot-noir-meunier-rolf-kaspar-nrw-essen","10":"first","11":"outofstock","12":"taxable","13":"shipping-taxable","14":"purchasable","15":"product-type-simple"},"acf":[],"_links":{"self":[{"href":"https:\/\/www.kaspar-spirituosen.de\/shop\/wp-json\/wp\/v2\/product\/8051","targetHints":{"allow":["GET"]}}],"collection":[{"href":"https:\/\/www.kaspar-spirituosen.de\/shop\/wp-json\/wp\/v2\/product"}],"about":[{"href":"https:\/\/www.kaspar-spirituosen.de\/shop\/wp-json\/wp\/v2\/types\/product"}],"replies":[{"embeddable":true,"href":"https:\/\/www.kaspar-spirituosen.de\/shop\/wp-json\/wp\/v2\/comments?post=8051"}],"wp:featuredmedia":[{"embeddable":true,"href":"https:\/\/www.kaspar-spirituosen.de\/shop\/wp-json\/wp\/v2\/media\/31470"}],"wp:attachment":[{"href":"https:\/\/www.kaspar-spirituosen.de\/shop\/wp-json\/wp\/v2\/media?parent=8051"}],"wp:term":[{"taxonomy":"product_brand","embeddable":true,"href":"https:\/\/www.kaspar-spirituosen.de\/shop\/wp-json\/wp\/v2\/product_brand?post=8051"},{"taxonomy":"product_cat","embeddable":true,"href":"https:\/\/www.kaspar-spirituosen.de\/shop\/wp-json\/wp\/v2\/product_cat?post=8051"},{"taxonomy":"product_tag","embeddable":true,"href":"https:\/\/www.kaspar-spirituosen.de\/shop\/wp-json\/wp\/v2\/product_tag?post=8051"}],"curies":[{"name":"wp","href":"https:\/\/api.w.org\/{rel}","templated":true}]}}