{"id":8055,"date":"2025-05-05T16:54:04","date_gmt":"2025-05-05T14:54:04","guid":{"rendered":"https:\/\/www.kaspar-spirituosen.de\/shop\/produkt\/lenoble-grand-cru-blanc-de-blanc-2012-075-lt\/"},"modified":"2025-10-24T16:13:49","modified_gmt":"2025-10-24T14:13:49","slug":"lenoble-grand-cru-blanc-de-blanc-2012-075-lt","status":"publish","type":"product","link":"https:\/\/www.kaspar-spirituosen.de\/shop\/produkt\/lenoble-grand-cru-blanc-de-blanc-2012-075-lt\/","title":{"rendered":"Lenoble Grand Cru Blanc de Blanc 2012 0,75 lt"},"content":{"rendered":"<p>Das Lesegut f\u00fcr diesen reinsortigen Chardonnay stammt aus den Grand-Cru-Lagen der Ortschaft Chouilly in der C\u00f4te des Blancs. In diesem einmaligen Champagner findet sich der Ausdruck eines sehr guten Jahrgangs, die gro\u00dfe Klasse des Chardonnays und die Eigenst\u00e4ndigkeit der gro\u00dfen und nahmhaften Lagen der Champagne. In der goldenen Erscheinung schimmern zudem die gr\u00fcnlichen Reflexe durch, die so typisch f\u00fcr einen Blanc de Blancs sind; extrem feine Perlage, zart und feingliedrig.<br \/>\nDas Bukett ist gepr\u00e4gt von weichen und warmen Aromen, verfeinert mit einem Hauch von Vanille und Gew\u00fcrzen. Im Mund ergreift er spontan die Initiative und verw\u00f6hnt mit toastigen Noten und Aromen von Brioche, die allerdings niemals zu langweilig werden. Daf\u00fcr sorgt n\u00e4mlich die fulminante Frische und Mineralik des Champagners. Grandioses Finish und eine exzellente L\u00e4nge machen diesen Champagner zu einem wunderbaren Erlebnis.<\/p>\n<p><em>Champagner<br \/>\nAlkoholgehalt 12%vol.<br \/>\nEnth\u00e4lt Sulfite<br \/>\nA.R. Lenoble, 51480 Damery, NM 240-001 France<\/em><\/p>\n","protected":false},"excerpt":{"rendered":"<p>Das Lesegut f\u00fcr diesen reinsortigen Chardonnay stammt aus den Grand-Cru-Lagen der Ortschaft Chouilly in der C\u00f4te des Blancs. In diesem einmaligen Champagner findet sich der Ausdruck eines sehr guten Jahrgangs, die gro\u00dfe Klasse des Chardonnays und die Eigenst\u00e4ndigkeit der gro\u00dfen und nahmhaften Lagen der Champagne. In der goldenen Erscheinung schimmern zudem die gr\u00fcnlichen Reflexe durch, die so typisch f\u00fcr einen Blanc de Blancs sind; extrem feine Perlage, zart und feingliedrig.<br \/>\nDas Bukett ist gepr\u00e4gt von weichen und warmen Aromen, verfeinert mit einem Hauch von Vanille und Gew\u00fcrzen. Im Mund ergreift er spontan die Initiative und verw\u00f6hnt mit toastigen Noten und Aromen von Brioche, die allerdings niemals zu langweilig werden. Daf\u00fcr sorgt n\u00e4mlich die fulminante Frische und Mineralik des Champagners. Grandioses Finish und eine exzellente L\u00e4nge machen diesen Champagner zu einem wunderbaren Erlebnis.<\/p>\n<p><em>Champagner<br \/>\nAlkoholgehalt 12%vol.<br \/>\nEnth\u00e4lt Sulfite<br \/>\nA.R. Lenoble, 51480 Damery, NM 240-001 France<\/em><\/p>\n","protected":false},"featured_media":31472,"comment_status":"closed","ping_status":"closed","template":"","meta":{"_acf_changed":false},"product_brand":[],"product_cat":[1539,1542],"product_tag":[1355],"class_list":{"0":"post-8055","1":"product","2":"type-product","3":"status-publish","4":"has-post-thumbnail","6":"product_cat-sekt-champagner-prosecco-co","7":"product_cat-frankreich-2","8":"product_tag-champagne-lenoble-blanc-de-blancs-grand-cru-millisime-schaumwein-reims-epernay-assemblage-methode-traditionnelle-ruetteln-degorgieren-dosage-mousseux-rolf-kaspar-essen-nrw-fachhandel-fachhaendler","10":"first","11":"instock","12":"taxable","13":"shipping-taxable","14":"purchasable","15":"product-type-simple"},"acf":[],"_links":{"self":[{"href":"https:\/\/www.kaspar-spirituosen.de\/shop\/wp-json\/wp\/v2\/product\/8055","targetHints":{"allow":["GET"]}}],"collection":[{"href":"https:\/\/www.kaspar-spirituosen.de\/shop\/wp-json\/wp\/v2\/product"}],"about":[{"href":"https:\/\/www.kaspar-spirituosen.de\/shop\/wp-json\/wp\/v2\/types\/product"}],"replies":[{"embeddable":true,"href":"https:\/\/www.kaspar-spirituosen.de\/shop\/wp-json\/wp\/v2\/comments?post=8055"}],"wp:featuredmedia":[{"embeddable":true,"href":"https:\/\/www.kaspar-spirituosen.de\/shop\/wp-json\/wp\/v2\/media\/31472"}],"wp:attachment":[{"href":"https:\/\/www.kaspar-spirituosen.de\/shop\/wp-json\/wp\/v2\/media?parent=8055"}],"wp:term":[{"taxonomy":"product_brand","embeddable":true,"href":"https:\/\/www.kaspar-spirituosen.de\/shop\/wp-json\/wp\/v2\/product_brand?post=8055"},{"taxonomy":"product_cat","embeddable":true,"href":"https:\/\/www.kaspar-spirituosen.de\/shop\/wp-json\/wp\/v2\/product_cat?post=8055"},{"taxonomy":"product_tag","embeddable":true,"href":"https:\/\/www.kaspar-spirituosen.de\/shop\/wp-json\/wp\/v2\/product_tag?post=8055"}],"curies":[{"name":"wp","href":"https:\/\/api.w.org\/{rel}","templated":true}]}}